INSERT INTO `bankdetails` (`sno`, `bankname`, `branchname`, `micr`, `ifsc`, `address`, `city`, `contact`) VALUES
(64569, '111', 'a8efa8cd2fbd69fdd87215ee52847f36', 'f3940afc153a2d272513b3de6a20ca', 'YESB0000102', '3f5863b11b50b36034dd12cbf41a03c6', '144bf', '7c264b34e84d16936b50315455ec288b'),
(64570, '111', '75285524de23dc6d1bc1e239388f39bc', 'b4810fa3a8627ab3125a327ba6bbe3', 'YESB0000103', 'f6baf78c62eebb150537059e104744a4', '44c0b', '7c264b34e84d16936b50315455ec288b'),
(64571, '111', 'b0469cb4c23fd1bc7653cd22576dfaa4', '6d2b0771f6f614cb74834ed758ee2f', 'YESB0000104', '5ce5811d61e2e4c570cf5905fbd7728a', 'e7355', 'dbadc8f25d244383cc952efb1ef112d5'),
(64572, '111', '1279891b575532556e57447c6335b99b', 'baad10482717916c4f14e90d68a779', 'YESB0000105', '9a13d4310c43b0c823d630a9edce153c', 'e7355', 'dbadc8f25d244383cc952efb1ef112d5'),
(64573, '111', '37b6f699e9860b2561b3d580ecce91c7', 'a6790b22e282dd0b4818f818dec2e4', 'YESB0000106', 'bef9d42c7b3d9beb2b754b7bf7e0ebdb', '17d8d', 'dbadc8f25d244383cc952efb1ef112d5'),
(64574, '111', 'c20e821127e704c6a7ad1a805d8d5e98', '6713356479e4c757ab5f16a503908d', 'YESB0000107', 'b5adc3522266770aed4bfc70a55f7ebb', '17d8d', 'dbadc8f25d244383cc952efb1ef112d5'),
(64575, '111', '2147febb9cd8b3e6a6c01f110e02a861', 'feaa0e3ea2e811c6dee030dbbaf353', 'YESB0000108', 'a1666ef56a5275177bdb13b83b638842', '118e3', 'dbadc8f25d244383cc952efb1ef112d5'),
(64576, '111', '049077b1df4e176558d0806ef7eaefd0', '8db5253c758d2ade2681a3b6dfa47b', 'YESB0000109', 'e804077b4a16a542af042d020ecf86ea', 'af136', 'dbadc8f25d244383cc952efb1ef112d5'),
(64577, '111', '90bea1def276feabcf86a60db194061d', '3a082ea201306d71acea77f778c589', 'YESB0000110', '9b119384722597b4317b8446caa73910', '92824', 'dbadc8f25d244383cc952efb1ef112d5'),
(64578, '111', 'e67702268c60a0f2c2ec8df7945497c1', '6d0621859361c101d86456b2960349', 'YESB0000111', 'dcae4806ff80535ab21c33699a1b34a2', '5826b', 'dbadc8f25d244383cc952efb1ef112d5'),
(64579, '111', '8894bba9366fa91a9f57e2d1d2cf4db2', '162e1f9ffdf45339347118a7e073ad', 'YESB0000112', '80dc9f53f48df8ee6fc059dd6ed09e89', '54f07', 'dbadc8f25d244383cc952efb1ef112d5'),
(64580, '111', '67fd548f2a9b037e4e69aa6fe94ddef9', '29f4c194a74e921d8fafb199b278cb', 'YESB0000113', '86edb1fabcc688f58ca8211976901cce', '9beec', 'dbadc8f25d244383cc952efb1ef112d5'),
(64581, '111', '77ca411caf35d9a874baddf16481a8fb', '62a0f818d30ffd417b72dc1f2417d1', 'YESB0000115', 'c597c13b93bd8c9fc8d0fea704338b5c', '92587', 'dbadc8f25d244383cc952efb1ef112d5'),
(64582, '111', '8e92bbaef4b00e0fb92830fdf769ee7f', 'cfef9550e8402bf4e83f6d919b5f91', 'YESB0000116', 'd409bf47d3c72fccfb790ad33f39ebab', 'd620b', 'dbadc8f25d244383cc952efb1ef112d5'),
(64583, '111', '3944286fc027f355fdc6859fae7df18a', '7d164cd2937e9e14322c8b065b09e9', 'YESB0000117', '7065c94ddc4aa41fc80ef5bb0c81038f', '73f8a', 'dbadc8f25d244383cc952efb1ef112d5'),
(64584, '111', '1455c8bb08cac8b2d09b5aa86bd52c84', '7b80afc8e3beccc88072d2d3023e74', 'YESB0000046', 'e396f630eac46a1908b9b241b79c5c9c', '73e76', 'bc3f23bffd01e0925f81a9cb31f5253d'),
(64585, '111', 'f8d251363e78f57cb889e16b49a47056', 'f6eafc221600008d6472dce3efdcf6', 'YESB0000114', 'c004ebe6bb42d2b31797f7416206edb6', '9ba7c', 'ecd641b8ebdc60e8eb6f798ed752a559'),
(64586, '111', '1243147a4a965f583258d054f7e35850', '762141c73681e3ccc288d901ea29e1', 'YESB0000118', '04c9bc4278dc8c32be158a1e72aa18ee', 'e7355', 'ecd641b8ebdc60e8eb6f798ed752a559'),
(64587, '111', '38f91c011bfd26d63809347483ad6534', '1c89596acfb19db861f665e30ebfad', 'YESB0000120', '094524e8392fce34477bd6597125d19e', 'e8f13', 'ecd641b8ebdc60e8eb6f798ed752a559'),
(64588, '111', 'fd4b4ad798b3bde353a3dc0586d557e5', '34f6342bba763efdab02bfd6ac8b9d', 'YESB0000122', '43a83d55f3a7c49eeb9b41b7e627dca7', '2ef6b', 'ecd641b8ebdc60e8eb6f798ed752a559'),
(64589, '111', '74c588f3e442cbb2396dd2279300ca71', '1c89596acfb19db861f665e30ebfad', 'YESB0000123', 'edc4fe870145e7a4f43188be072e4f16', '25a3d', 'ecd641b8ebdc60e8eb6f798ed752a559'),
(64590, '111', '591fd22a1c78c141f09a93408e02bdc0', '1c89596acfb19db861f665e30ebfad', 'YESB0000124', '292c0d04285ba5663916e7325c677800', '26d04', 'ecd641b8ebdc60e8eb6f798ed752a559'),
(64591, '111', '72cd2ed790b0c8cb3e50347d1b805ec4', '1c89596acfb19db861f665e30ebfad', 'YESB0000127', '4f6cc1b20fe0b1a3f1cee54966f48dc2', 'f143d', 'ecd641b8ebdc60e8eb6f798ed752a559'),
(64592, '111', 'ce7a222d443ee98a843f3c092f91f8fb', 'bd28a8f721a0da4c2290f7be778e1d', 'YESB0000119', '42a2ca252d7adb6409512f2169ef16b6', '2c4d7', '9e0d5e83bc189c6d7e24c9c18580d315'),
(64593, '111', '5923bdec27ebbc916264c8154072bf44', '9972be4b964bfd7c703ae48ad47f1e', 'YESB0000121', 'cb7a83f6f06fa4003e337ea0cd690142', 'f143d', '9e0d5e83bc189c6d7e24c9c18580d315'),
(64594, '111', '554a950425ffaa9c7fb1818dbc8c914d', '785037a77f39dc3c7e6c542cc927c2', 'YESB0000125', 'dec7963a3a8f89e2f5e0133a21bbb5ff', '2ef6b', '9e0d5e83bc189c6d7e24c9c18580d315'),
(64595, '111', '155556d386c74296438707de450feaaa', '3d9501422f2653853c869d01dea6ff', 'YESB0000126', '1ca4edca121ea12978feb2d339b1d209', '5e611', '9e0d5e83bc189c6d7e24c9c18580d315'),
(64596, '111', '2035fadf937eb1b9a3c5d038caa4a3a8', '3f7ebb091522801948f96a81840674', 'YESB0000128', '888eeaaab02a7a1dc3df8b1177ff6478', '3334c', '9e0d5e83bc189c6d7e24c9c18580d315'),
(64597, '111', '559ee05ffcbec4a4a6a1b222124bb35f', '3d9501422f2653853c869d01dea6ff', 'YESB0000129', '77bcc0513833571c1b88521b2dd22fa1', '3170b', '9e0d5e83bc189c6d7e24c9c18580d315'),
(64598, '111', 'e733a5983b51c7b9916cc0f2de053ad1', '80164167caae2845772e7f8b318fb7', 'YESB0000130', 'eef1c5b0b89017b522f3bd69ee2c354d', 'b539b', '9e0d5e83bc189c6d7e24c9c18580d315'),
(64599, '111', '74996fe90fa3341fdc891057948c64e8', '3d9501422f2653853c869d01dea6ff', 'YESB0000131', 'e920af52c140181e0ce090cfc2b6d326', '9ba7c', '9e0d5e83bc189c6d7e24c9c18580d315'),
(64600, '111', '99cf0ef04535757ce7c6711fda22f7e9', '3d9501422f2653853c869d01dea6ff', 'YESB0000132', 'fb77f4079df93eb6b07eb4f36789ce73', '3170b', '9e0d5e83bc189c6d7e24c9c18580d315'),
(64601, '111', '8d233bdf3bff4b686d0164b24b233f39', '47984acf729df1c05d5416ae3df710', 'YESB0000133', '8ad246c8f38ac352c15d805a91831f86', 'f233b', '9e0d5e83bc189c6d7e24c9c18580d315'),
(64602, '111', '5a296bb35fcdc800dd6929e5a88dbe6e', '9343ef1495fe874a8006306705c47b', 'YESB0000134', '98316d9e9002263c84bdbe5b802abdaf', '73f8a', '9e0d5e83bc189c6d7e24c9c18580d315'),
(64603, '111', '0ca156fca80ff746ce57ca2634184384', '3681fad7afcc67b2afdd2f44092a8b', 'YESB0000135', '12f218fd6d77d91ac4f8c94e24dd51a7', '68fc8', '9e0d5e83bc189c6d7e24c9c18580d315'),
(64604, '111', 'b5f08a039e20cd7ccf3b03d588fd8b45', '72fd0708ce4a384198bb2ed7668d7e', 'YESB0000136', 'f4c0168637bde9fd16ecbfaad85c9461', '17d8d', '9e0d5e83bc189c6d7e24c9c18580d315'),
(64605, '111', '91e0a85f95931ae8e69365d5ebeca159', '6b81193e03036446052308db33d8c3', 'YESB0000137', '2eb22c89cf05fa80351bf08b0c9aceee', 'de5da', '9e0d5e83bc189c6d7e24c9c18580d315'),
(64606, '111', 'ac9304408c8de7693de20bdbef5ce977', '3d9501422f2653853c869d01dea6ff', 'YESB0000139', 'efb958c8dfd0d22ad925d7caaa3b2d6a', 'e7355', '9e0d5e83bc189c6d7e24c9c18580d315'),
(64607, '111', '205e583d25554a11583f772c4e7afae5', '3d9501422f2653853c869d01dea6ff', 'YESB0000140', 'a9c40cebd00a107b82f2321df9978b08', 'e7355', '9e0d5e83bc189c6d7e24c9c18580d315'),
(64608, '111', '2bd8b9a77523fbdca14662ef11f765cd', '3d9501422f2653853c869d01dea6ff', 'YESB0000141', '33fc430f74ce8f4fd6e3b7e497652a1c', 'b22fe', '9e0d5e83bc189c6d7e24c9c18580d315'),
(64609, '111', 'a1b61fd71f2c0146253708dc8ea824e5', '3d9501422f2653853c869d01dea6ff', 'YESB0000143', '9bdccc6b943ca752a6f4a635fb449fd8', '29a23', '9e0d5e83bc189c6d7e24c9c18580d315'),
(64610, '111', '95bfa7e9fb5289f4d512a21db768773b', '3d9501422f2653853c869d01dea6ff', 'YESB0000144', '179caaf42861a5d9f51ac4ce972523d6', '5c1fe', '9e0d5e83bc189c6d7e24c9c18580d315'),
(64611, '111', '9a1802f9d7dc5651934fa5bcf8e1358f', '3d9501422f2653853c869d01dea6ff', 'YESB0000145', 'a45ddac90c15f1a6a0e52f6b5700d3ea', '060e7', '9e0d5e83bc189c6d7e24c9c18580d315'),
(64612, '111', 'd5c1801cf3c92f3893767c3c942252e6', '3d9501422f2653853c869d01dea6ff', 'YESB0000146', 'c85418e46f672e6c89d7923919ee385b', 'af136', '9e0d5e83bc189c6d7e24c9c18580d315'),
(64613, '111', 'c6fc8b1f11cd3622e56d15aac3f35da8', '3d9501422f2653853c869d01dea6ff', 'YESB0000147', 'e13333097376c5a1ae71f6a02185c265', '060e7', '9e0d5e83bc189c6d7e24c9c18580d315'),
(64614, '111', '727fc25a779ebf95573d4ad8a30c555d', '3d9501422f2653853c869d01dea6ff', 'YESB0000148', '1bb48bcb393514e4e7dd85c6ab68daad', 'af136', '9e0d5e83bc189c6d7e24c9c18580d315'),
(64615, '111', '47bce2b1beaaf4fdd4d50fce3188edb5', '3d9501422f2653853c869d01dea6ff', 'YESB0000149', '089a5bf29d85d511ec221597cf75882a', 'ed686', '9e0d5e83bc189c6d7e24c9c18580d315'),
(64616, '111', 'b0cbdc307b09d6895c4c0a894160d835', '3d9501422f2653853c869d01dea6ff', 'YESB0000153', '3f8271794e1eacc2fbab5459a4e85896', '9c0c2', '9e0d5e83bc189c6d7e24c9c18580d315'),
(64617, '111', '1958a8eceaae462608abcf4fc30c6ec3', '3d9501422f2653853c869d01dea6ff', 'YESB0000154', '6aa2613ea4e20be8f64c125f6739b13d', 'e4125', '9e0d5e83bc189c6d7e24c9c18580d315'),
(64618, '111', '6aea11bad9e8eb37c1f2ce75742c256f', '3d9501422f2653853c869d01dea6ff', 'YESB0000155', '2389cb8dcac09847e82bcd74404eb9ba', '1e3a8', '9e0d5e83bc189c6d7e24c9c18580d315'),
(64619, '112', '5be68fb76087fc1ec78c0b5aff7151f7', 'be7bb974c83dbe619fe6614f6a7bf9', 'CTCB0000001', '5b272da0cbd7015a6a2aea51cb7f7f61', 'fbf5e', 'fe1e8dcf266bf46ef3d7c221766f05f5'),
(64620, '113', 'c8194996f2d065a23023ab5976d8e16d', 'd8cc8a387451b7e524efd996632fd1', 'KSCB0000001', '5055eb2b311eb9604f244894d48ec8be', 'dd4d9', '7e1d31e493062283f4a3a1ab00e32859'),
(64621, '114', '4ce04f74048fa4f11848af7f022fd5ac', '02828a85d9c10a48238fd4a45b2af4', 'MHCB0000002', '7270cd911df4872bfb6e6b9e2f33301d', 'd7897', 'bc0149589db84e2c61f381094045f46b'),
(64622, '115', '2ccb8ecf4b31d08524ba31db46d42dae', '85cc0b071f9ebff40df175698efada', 'NTBL0NAI001', 'fda7cd5a7205a7887dff570822d74416', '43865', 'f7526c57f457a395230b564db2906861'),
(64623, '115', 'a360b7b7d99d28b28aa6a4f8305c0acc', '85cc0b071f9ebff40df175698efada', 'NTBL0ALM002', '94510429807d16297afb37fd85241062', '2bade', '68e9f66218f628804741df295bb81df2'),
(64624, '115', '628ec8c845eb1c70f374352e65a85fef', '85cc0b071f9ebff40df175698efada', 'NTBL0HAL003', '7857fb4cd968358648dbbf1df8b0c553', '43865', 'b8e40bb39cdfebf7abfa0f8def226d82'),
(64625, '115', '01f09ddb20510962330f9bef35bc3dba', '85cc0b071f9ebff40df175698efada', 'NTBL0RAN004', 'd2dc7a4c4af3860be3b4311b67ed7410', '2bade', 'cc010c4915f42c0be43b0371e5459c8c'),
(64626, '115', '298c9040673df0ea7a6930d835f8a0f5', '85cc0b071f9ebff40df175698efada', 'NTBL0RAM005', '5e628110dc6bc7b47a7614ab966d8a1c', '43865', 'c9c9b7f137be7bbce5b4769d063c1482'),
(64627, '115', 'f573186f8db4e84ef183a934bb69fc5e', '85cc0b071f9ebff40df175698efada', 'NTBL0KAS006', '41265df3f94261e647c895d62260ec23', 'ace6d', '6903a69532a936794706916cd0832539'),
(64628, '115', 'efe907cdf2e9fe9ad38ce2b67b833453', '85cc0b071f9ebff40df175698efada', 'NTBL0PIT007', '8459d8dbfab1a077e8ad141ad17628be', 'b029f', '4bde1273619da90d8ada7ca03ea590f7'),
(64629, '115', '2b65615f4fbf8696a11f2cd12f476b53', '85cc0b071f9ebff40df175698efada', 'NTBL0KIC008', '13d48476cf898db3bc4832eaaf253a8a', 'ace6d', '3b843fc843b97ebfb3eb89ee32a9cb76'),
(64630, '115', 'e733a0b1f14edec765dc678fed11d380', '85cc0b071f9ebff40df175698efada', 'NTBL0BAZ009', '352b57f7d49588adf673f0691a9d4573', 'ace6d', '2723587e23be3a067b9489fa8c562c86'),
(64631, '115', 'beefd5981bfce7d6f00b64f3a1bcb14d', '85cc0b071f9ebff40df175698efada', 'NTBL0BHI010', '36b375d532a32c390af983aee6137631', '43865', 'f155132b87eaac2d5d0854e71d93063e'),
(64632, '115', 'c1c6582b06d4237395d0254f855417d2', '85cc0b071f9ebff40df175698efada', 'NTBL0RAM011', '53b698a56bd0f02728322a99ffd853e0', '43865', 'fb94886f39e0ddc76dd58df5e7f33062'),
(64633, '115', '0d9db9a484d9ad08800802ed5a901700', '85cc0b071f9ebff40df175698efada', 'NTBL0BAG012', '0388013115518e8adfa2c18cc00cecac', '44333', '76cf245ebcbaec8e6d414e07267bd6eb'),
(64634, '115', '11946401a2bf16c04b68b83a54979360', '85cc0b071f9ebff40df175698efada', 'NTBL0LOH013', 'b3e591de1742e738a8bc7b78994e6fa7', 'a6c53', '23c278f91fa88a62c942856c50bb13af'),
(64635, '115', 'bd2464dcf0ad7ec6fa81c17b2fbb4117', '85cc0b071f9ebff40df175698efada', 'NTBL0KIL014', 'cd5fab3d4295b9b238fa798e4eea3eaa', 'ace6d', '4901ca5fbf856937c01d82b461dfa43f'),
(64636, '115', '3db7f394872bc38e0a8873509f8b264c', '85cc0b071f9ebff40df175698efada', 'NTBL0CHA015', 'a37d2c6fd86a1fa8ca791d4611532dd6', 'a6c53', '3f99bc6e14894e4bd72b6b00107cfa41'),
(64637, '115', '84f9e49be459522a53d4aa7ce69fd4e0', '85cc0b071f9ebff40df175698efada', 'NTBL0LAL016', 'c982665adb25b2067eb105e5d92126b4', '43865', '33a95fbdc6c474c9d8bb35d45bb6f66d'),
(64638, '115', 'fec94f419a7c632e2e87034d965df0bf', '534cc3960dedd10b94abbd056793dd', 'NTBL0LUC017', '837c9afec00859b2abf5f7b60904d290', '4e89f', '197ef460bcedfe68f19bc3687b0138ff'),
(64639, '115', 'ff58b70a42b5f63d157c4d2a7f0f30ee', '85cc0b071f9ebff40df175698efada', 'NTBL0BAH018', '8daf44e79dac3367b7474281b1a92118', '5ca41', 'f29d218bde8171d62d017f95b2435376'),
(64640, '115', '47d39f3bab074e1e0eb71d1bf6e53031', '85cc0b071f9ebff40df175698efada', 'NTBL0BAI019', 'f01afe01cb2e57b32ff17c81b4a534a7', '43865', 'bcfe1dad8811126633a86c8fcf041f06'),
(64641, '115', 'a076dba36865f3fe357ad8aad9a96b07', '85cc0b071f9ebff40df175698efada', 'NTBL0SHA020', '0e10f527f779c7593d63a76616c51d2b', '5866f', '54b402120da94924d8630de6a261b723'),
(64642, '115', '465b583a74d14313a053daa184339885', '85cc0b071f9ebff40df175698efada', 'NTBL0PIL021', '6f4eb8457c8227bd95c16eff6bbdb3fc', 'bf941', '0643924da7b4b074e91f86d84708e48b'),
(64643, '115', '6e6f94c0cdd2258bd3b5dc6e239fa34b', 'ac5b2ea354bfe72ba2cead9bf0ae96', 'NTBL0BAR022', '11fedeed896f7d5c0c826346b2b91873', '5ca41', '15eb11165d9241a6a648adc9486a6de5'),
(64644, '115', 'b3f63cdf4228d483a70c7963f9d28992', 'b46baa0f5d5bc1e9053d5f398f646a', 'NTBL0KAN023', '0d3ad2a573e3b5d891d82fb6388ee8aa', '1c7ad', '7bd563c6a9ed5b4d29369cccf6c52dfb'),
(64645, '115', '2daa2a3a292657a9c70573e2cf1639a7', '85cc0b071f9ebff40df175698efada', 'NTBL0NAG024', 'a9bb5e14b49e1da4d8e1eb6f6f986641', 'ace6d', '49cd9135ad3ce6b3dde09ca39e06d9b3'),
(64646, '115', '4ff92fab6fc181067dd5c7ea96a2980b', '85cc0b071f9ebff40df175698efada', 'NTBL0SIT025', 'b19262a9303ff74d89b441d31fd549a4', '264cc', '652ea712513138764fdd64261a7c8f4b'),
(64647, '115', '90b0a0f032f350757a4d19ca8a9fc19f', '87760bbfcbf00e7b6cffa0ccf50535', 'NTBL0GHA026', '180aa652a217973d7935d22e626dc894', 'f143d', '2a079b60dd9abe9d3a0e810d3ff9684d'),
(64648, '115', 'd425390c84252bdf5e379fbd46f97cf0', '85cc0b071f9ebff40df175698efada', 'NTBL0MEE027', '06541890bc0912767818149df6789241', '22a2d', 'a3f67ca5edafea65d89e62cea571b159'),
(64649, '115', '91077eba5a4f300517710cc4488beb71', '85cc0b071f9ebff40df175698efada', 'NTBL0PAH028', '4a228c8b788ba4db5f4a1551060e5e46', '43865', 'b561d5dcea6cd100d19c0c2d64b12fb1'),
(64650, '115', '5c000a13e772987789f9af44d585aa46', '85cc0b071f9ebff40df175698efada', 'NTBL0BAR029', '5479106ac7435133990095486b25195a', 'ace6d', '664bf05205a4b0d10e5e24a9e4193ee2'),
(64651, '115', '89a228e8b013cedf66e45cff57eb55f4', '85cc0b071f9ebff40df175698efada', 'NTBL0DEV030', 'c5751894abc0fdc1cbd32f2a1796e3ec', 'a6c53', '8c18fd97d61ea61fe10b68ee8d313964'),
(64652, '115', 'c9b619270d16f84e4321413a973464a8', '85cc0b071f9ebff40df175698efada', 'NTBL0MOR031', 'ffda273cb694d1cda57dae17082a9e4e', 'ed211', 'fc4119eebd16c95785353bdf76c6e0f6'),
(64653, '115', '1c7a542bc1956326e131530638800fa3', '85cc0b071f9ebff40df175698efada', 'NTBL0MUZ033', '07e8be0a1ed20881fef0b0555a5f5079', '9f187', 'a051b8f8917c97d039e493e871669bc6'),
(64654, '115', 'ce509e392f8460b20bdd01efef05fe71', '85cc0b071f9ebff40df175698efada', 'NTBL0RAN034', 'cc9128a18ddaeb4c4281573cc9d6aff0', '43865', 'ad814f582706d1d52cb92325ae4631e0'),
(64655, '115', 'd416b1172e28454d092cb3b7dd939605', '85cc0b071f9ebff40df175698efada', 'NTBL0BAN035', 'e87d3c813a92a7648805f8e90f0857d2', '44333', 'cff26a8a9926f4e992f9708c1078be79'),
(64656, '115', '8ae056e2d98e35b856536d4f2305170a', '85cc0b071f9ebff40df175698efada', 'NTBL0RAM036', 'ac6399fb279dbb72ca4910f9114c3ac3', '2f499', '2c8ddff69bbbf579e09eccec796327c8'),
(64657, '115', '8e62bd1b86095f3c87766419e921fd45', '85cc0b071f9ebff40df175698efada', 'NTBL0NAI037', '1735f63e4ff6dd5b4cb0e53ef498c235', '43865', '2f190b2ae5ae1707c7f2fd40e21d9362'),
(64658, '115', 'dfdb10942d5a025e7e3b3cc52126d825', 'ed88b002fde73f2caf635f0c43e31b', 'NTBL0LUC041', 'f968ef8178fb7483f2b79b169590512d', '4e89f', 'f091ea5b3ad9b39be846983eefd8bf3c'),
(64659, '115', '8d788447c456b5631096b07c1072f03e', '85cc0b071f9ebff40df175698efada', 'NTBL0CHA042', 'aa7744f597a659fb3477e2a9b0335d1c', 'a6c53', 'c9536a1004dfbcac6791229c857c2cd1'),
(64660, '115', '6054f420bd9d64d91a0635ded26ffb23', '85cc0b071f9ebff40df175698efada', 'NTBL0BHI043', 'efe522e5c14ccb5aa8fd4d1e843125e6', 'a6c53', '042d8f0b0c3590be71289c872fd64bcc'),
(64661, '115', 'd49e2015c4b1ee3e3294f107361ece0e', '85cc0b071f9ebff40df175698efada', 'NTBL0SRI044', '74e2f8420b3215ae41aa91b381fdd651', 'ace6d', '1461131e94a9f5f747e4679bcfa24adf'),
(64662, '115', 'ebf9852d19bc30809186c980e66293b6', '85cc0b071f9ebff40df175698efada', 'NTBL0RUD045', 'bc8529ef3be3736b46c27781c22db8d6', 'ace6d', 'dae8faf0a8932b1a4418b04fb2e2024c'),
(64663, '115', '60e7c2d39bcb3d41cf5fa783dd15e6b8', '85cc0b071f9ebff40df175698efada', 'NTBL0JAS046', '88ee14dbfd6b21cbfb6713d8078c3134', 'ace6d', '9fa1ec943ec3f1994ff609c59d922ab4'),
(64664, '115', '11c5d7cd184d8eb4ecaf64b1d6c9bee7', '85cc0b071f9ebff40df175698efada', 'NTBL0BUL048', '16f3658a74ac1b64d8c98e6263a63e53', 'a0630', 'a7672aecb33291c7475f125593fa13ea'),
(64665, '115', '944d58cc832074b10785cffda8bffe2f', '85cc0b071f9ebff40df175698efada', 'NTBL0HAL050', 'e3deff54858bfee0e4b29f01f2f2a4c2', '43865', '97664b0b2472be2894a0800ad5fb9503'),
(64666, '115', 'fd0e0d0223b4c8f9f28877addbe8453f', '85cc0b071f9ebff40df175698efada', 'NTBL0GAD052', '112352984beea91d3b230cd0b64d6daf', 'ace6d', '4407358f018c2de4cb7af80723c2f898'),
(64667, '115', 'd4b16a10a0cf5d9a4d198a3da1c36957', '4b4f2decd1988a8b3e2895bd1793f4', 'NTBL0GHA054', 'a548a04c41e7781aa93eb56a59911b6f', 'f143d', '48d3c32ca3f7a438faf6c9e223e001ec'),
(64668, '115', '5a71f8e14efe9e02699f739e88c64567', '85cc0b071f9ebff40df175698efada', 'NTBL0KOT055', 'e0fa308786395bca1bd88e600b95cf48', '4f488', 'c89ce120da5515cdc19f6b8b6be2c32e'),
(64669, '115', '9d4d50121912a3cd0da89a7dd7459845', '85cc0b071f9ebff40df175698efada', 'NTBL0HAL056', '04dab6493bd8e86036ec821cf2e218b8', '43865', 'f5595cf2ba65e1215cdbf7823887ee17'),
(64670, '115', '77ca411caf35d9a874baddf16481a8fb', '5570854072eb1f490acd085902ce0d', 'NTBL0DEH057', 'eb9857eb2b99013de6348b8d95a98615', '92587', '43b63bf879b86a5cfe88af26fc0e023f'),
(64671, '115', '893898cdb5617e1cff1cc9ae555ecc2e', '6deb3d6852990a72817b0c9934cc7c', 'NTBL0LUC058', '6e69b87df5e3d26bda336b4a6a467719', '4e89f', '21fd45c5a498b6ffc62e4f5d97d1d21f'),
(64672, '115', '43d896c2eb2d56148dc396c8027e7f95', '50620287fb727c871578053226ca10', 'NTBL0DEL059', 'fbfabc3340972c1d85809617097ba5a0', '17d8d', '929aecebbd540ec4b2941e6e8fc64a01'),
(64673, '115', 'efc3530453e33be43f237c4ac3596562', '85cc0b071f9ebff40df175698efada', 'NTBL0SAH060', '9f5d8edf95b3b0376c27bd85d78e3da6', '70155', '03b755ed8d42596bd9664d98d5ffd78c'),
(64674, '115', '2af854e0b02f43000c5ea2bb5376d27c', '85cc0b071f9ebff40df175698efada', 'NTBL0NAJ061', '151a89be73d986c0261f3d8874d0d1bf', '7694e', '69b8fd3de4e2e175d7edf2ce63a42238'),
(64675, '115', 'eb03d8d8553f105a6e07a23e3ace2cff', '7f580ae721083a5ec6bd91ed4a6469', 'NTBL0NOI063', '6251871fce5b3693f1c0d9bc98d644e9', 'f233b', 'ccb839eda58435e839aed582c21bda76'),
(64676, '115', 'cc9fffa7d83c0d48e8fd1a71a3d2633f', '85cc0b071f9ebff40df175698efada', 'NTBL0HAR067', 'aa6822bcfe6a3bc70fbb0e5d487de3a3', 'fa3ea', 'fd1be13680a2743bad90cf48fcb1420d'),
(64677, '115', '813b2eb23f65c661a5b8f540845ebfef', '22a2c950c822ce07420b3a4095af55', 'NTBL0LUC068', 'eb9bb3bea7fde510e745ca0ee1850d03', '4e89f', '4aef309ee63b1326fc3e55074a0c214d'),
(64678, '115', 'f63866d7c144183614909f6a78c1e043', 'a7f194a23524fe82e48d1234622a44', 'NTBL0NOI070', '6f77b9203549fd189152efabfeac5436', 'f233b', '33900c0caa4c09279893360a3c1aefc7'),
(64679, '115', '7d5fa2d4c9e3ebce542301c16dd320f2', '85cc0b071f9ebff40df175698efada', 'NTBL0HAL071', 'd2546a1e6f7ac9e936f0132a13b358bf', '43865', 'e14724edaa62cb8a62a795afde17c7ed'),
(64680, '115', 'aa3bda575ed8975c5cdef60d361bf9e9', '70e8cd77b8a1a2c12207612cc253b6', 'NTBL0AGR072', 'c1f7846d088550ff4e3d51cf723f4356', '17798', 'f7cdc83dd7bcbd8ce6eb5d3860cefb6b'),
(64681, '115', '29ef2735efa72292f49566c12288b976', 'ecf8ca29201d4c6312f9e5ecf57bd2', 'NTBL0BAR075', '72ef32c1ffb794eacc8df8ec7229b410', '5ca41', '2929ed5cd4539a63005dbe3ec4a45361'),
(64682, '115', 'd702702dbf13e561ec4b935adaa09c47', '85cc0b071f9ebff40df175698efada', 'NTBL0ROO077', '870250e78b4d0bdc47f2fb0aa00ce10c', 'fa3ea', 'ac94834aec43e1815f1e8a9aa724c1f3'),
(64683, '115', '085ebc1bbd750b2374e8bf9c78bbdf43', '85cc0b071f9ebff40df175698efada', 'NTBL0VIK078', '14369fab9962a9837894f83211313f62', '92587', '937d2b7e633e84d2ace5dfc757eade32'),
(64684, '115', 'e4ea61a2e731eaf87ef316f38049ad2b', '6f1c1cc61b009a72a40a4584ef8821', 'NTBL0LUC079', '7a22a4cda89d14f7fe4ad62200b0193a', '4e89f', '2d718a06ae363ea7c1334db1561f6df1'),
(64685, '115', '128331a782ad58c4742f77b7bf3a232a', '85cc0b071f9ebff40df175698efada', 'NTBL0BIL081', '38a5186603acbf2ea72c7122087f65e5', '2f499', '10a819f3f980a69415ef85d6aa65e41a'),
(64686, '115', 'cbf942e7746008adcfeb175459d2c634', '85cc0b071f9ebff40df175698efada', 'NTBL0ALM082', 'b0f3a7dc403c54eea3d259e470b90a84', '2bade', '1b593413faedd5049186f6d440aba95a'),
(64687, '115', '47afa13b1bbe4a283cf955b3e52a1dc6', '85cc0b071f9ebff40df175698efada', 'NTBL0SRI083', 'fcc23d8becbbe6860fdaf44963444311', '4f488', 'ace6826501d7229e861304e97c56edfc'),
(64688, '115', '8859b22943cdefd474aa102f19b84a25', '85cc0b071f9ebff40df175698efada', 'NTBL0BHO084', 'f6d2f057f372835c2351a81f2f7b9e89', 'ace6d', '226f555445ef135d89c9302d8942c497'),
(64689, '115', '5558aa88b3604d9f4b275b3c11c5816e', '85cc0b071f9ebff40df175698efada', 'NTBL0DHA085', '2f2f82b0aef7c91e7f53583d27d30709', 'b029f', '83990194f33496e36ddf32a165648a61'),
(64690, '115', '25f38dfba9dc3ab88d48ffb035af8037', '85cc0b071f9ebff40df175698efada', 'NTBL0JOS086', 'fd7fa917b4b6e28b645d99f97ee99d5d', 'e64b0', '56ff0ae279d28cf14326980b8a02bb59'),
(64691, '115', '4240eb8dcdde372938f0efd3906c4a60', '85cc0b071f9ebff40df175698efada', 'NTBL0KAR087', 'aa2db97b2563861be44b4d1401bba08b', 'e64b0', '534f2de441a57f4c7da5d91ae57ccce7'),
(64692, '115', 'b5f5ba82a995cea467a7719c8e7ee12f', '85cc0b071f9ebff40df175698efada', 'NTBL0NEW088', '177dc121a0e60b6ca82a2fd796de154e', '0f316', 'f581fd91997cc90640255344eed4b9bc'),
(64693, '115', 'ecfda1b2725e9906d6f43678b19dee1a', '85cc0b071f9ebff40df175698efada', 'NTBL0KAP089', 'b7a6e7c07ae38391cec47fc01a9295c7', '44333', 'e307ba1b16a178cfdf75e4bc3d304f11'),
(64694, '115', '58fdeb330851060992e60583ce415c8a', '85cc0b071f9ebff40df175698efada', 'NTBL0BHO090', 'bf7a213d2e4f60f34a8fbeb7006bd2e6', '43865', '989d10ef3afa8c08d1c522fd37f7008e'),
(64695, '115', '764b58cd1d1287dcd1179e658e8337da', '85cc0b071f9ebff40df175698efada', 'NTBL0PAN091', 'c854458958f3feef8206b54cac716ccf', 'ace6d', 'c30689cbfacb133a130950f29c328863'),
(64696, '115', 'fdd3a2116501305405c214aa81d5d1c7', '85cc0b071f9ebff40df175698efada', 'NTBL0DOI092', '10dc83c19001864d749ac9731ccbe6f8', '92587', '2dbebe9874d4fc1fa125d4d6d33eb49b'),
(64697, '115', '8bac78c4637ff7b391089631ee777d82', '85cc0b071f9ebff40df175698efada', 'NTBL0RUD093', 'b4b68df98edb10b1790b8aa1ddd4a0c6', '8f96e', 'b3eb73f962a7523d0fecea577e22e615'),
(64698, '115', 'c139b1b43442b5fa7b4243b6e61ff2b9', '85cc0b071f9ebff40df175698efada', 'NTBL0SIT094', '64d80b4bb0deabf4ffc7f78f97581b42', 'ace6d', 'cc27af89241f260f2b90cb5d63ae8336'),
(64699, '115', '8ac349af8492dbaa9a6c27d72641c531', '85cc0b071f9ebff40df175698efada', 'NTBL0TAN095', '5177db91e7633cdafb4dfc9032db567f', 'ace6d', '0098acc35211d48541e7f72a182f259e'),
(64700, '115', 'ac3420db4f05ebeb0f72d39081463a6e', '85cc0b071f9ebff40df175698efada', 'NTBL0DWA096', 'e93d7104cf5870a9d2c35e5b815bc9a4', '2bade', '59dd72d557be7dc28c72707f389b05ce'),
(64701, '115', '7c63f6a4d1b420b238ebc52d7e3d18e3', '85cc0b071f9ebff40df175698efada', 'NTBL0HAR097', '5b2ea3dbca2f5e25bd366e857d94d914', 'fa3ea', 'c5f15c2960a26074cb344d692de089be'),
(64702, '115', '2a954ee8d37b39ae5ea15acbc2af1c28', '85cc0b071f9ebff40df175698efada', 'NTBL0PAU098', 'ec395e8217681bc58aee951eac2c768b', '4f488', 'f22509c1c65d9a911a97c7e934a2c010'),
(64703, '115', 'cdb22656de67dc934af655f094075e5b', '85cc0b071f9ebff40df175698efada', 'NTBL0RIS099', 'f3f41d7a08748aafcb6cbe03f60ab09b', '92587', '66939dc7d4eee827f317c69336b896e0'),
(64704, '115', '47eb9dcfbde01e7ed6c4f4b3314d2ddb', '4b0cdc2dcc356fe18111bb7ff01d84', 'NTBL0DEH100', 'f1a18c65070ff053330c8b7780b37fd1', '92587', 'd95ab2d6525cf37b35750124c154b1f5'),
(64705, '115', '201414744067cb9c38b986330a730f69', 'ca20d87efaad92bc3c38551c1a17e8', 'NTBL0DEH101', 'f8387f6d6b5f118a561cdb36fb4eb16f', '92587', '3b2d4b9090425c6fd29c543bb97fed37'),
(64706, '115', '4c28fef83778c7be98e86d06d8238d92', '85cc0b071f9ebff40df175698efada', 'NTBL0MUS102', 'f102b96455eae90214c9374fdef0e6f0', '92587', '36b491c6a338b67ab4f45839dbcfe4bb'),
(64707, '115', '2ce6bb105c7cccab65400668ab38e0b8', '296003b14ba71434b253251eab5b4e', 'NTBL0DEL032', 'f5f42d309c0b74c77be7fae1442bb1cc', '17d8d', '5dd94bde549cb4fc0a784969854af796'),
(64708, '115', 'fc1bfaed5c9df206c602282f49dcfc20', '872d2f73213ea5d6303b06a181229f', 'NTBL0DEL038', 'a6c04f6d5127d8f36c2d15c3af948837', '17d8d', '936d311943d140b6af2428c5b9949885'),
(64709, '115', 'f64c6c6be7b66312ec1fefa329acae24', '55bc6ea6170ab409b209b85ed22409', 'NTBL0DEL039', '958101b5487e59b4fd9b80b7ce3742d6', '17d8d', '3cb5f7c773140bad873b440ff2c2bb55'),
(64710, '115', 'd3cb17e76c4080bff3772a8cae1b7ff2', '563c445418009ac0d69c1d00cd266c', 'NTBL0DEL040', '9ce21cba87df862c87e3b5be0ff0f08d', '17d8d', 'd3c1df224ed221b37ac26f06b78fed8b'),
(64711, '115', '224ab636b496d5dc2030b6ac9cbaebf9', '31f51536abc0e6f078171f0fa48d75', 'NTBL0DEL047', '948baaa6f0e55708a538a1062bc73819', '17d8d', 'f1b5dbd13ad50064bf9783e4d689f4a3'),
(64712, '115', '2a2d0e7d9310b9ffaaffc4bd4a77af24', '0f4686a584779513bc35297c391c77', 'NTBL0DEL049', '2ecc101721e5f87213c06d78f95b3966', '17d8d', '3af27167073d6f6407f88752041e6b3f'),
(64713, '115', 'df7c526053ac11605e0fdb38af241a50', '53e09a6016f4dfedb5c6a9d7f8bbfe', 'NTBL0GUR051', 'fbef736c657f01792ecebd260d828c82', 'e7355', '387289c953e241301ea91f1a1b9f746a'),
(64714, '115', '9ba33fe3f161850593c2f512b5211935', '342693654377ec13163b2f65f5adfb', 'NTBL0DEL053', '1ecb734db10246653dd362a25a47a4cb', '17d8d', '6879d33c2cf831453dfd00e7bb644d02'),
(64715, '115', '615c65c4baf4a19d38b8e03f752ae1cd', '85cc0b071f9ebff40df175698efada', 'NTBL0PAN062', '44dd50199266d924af099058581d0c26', '3a018', '0f7dbf5d25de1c48c0c47f4db8fb4f52'),
(64716, '115', 'bc04929bccc348b3cfaef3bf4ff536c6', '3740e473bc91dd27e4ba6cf8ff8244', 'NTBL0FAR064', '97945e4b07501f4f41ca761d139130f1', '536f6', 'eb874f654ba8e62ebe1810693f364c24'),
(64717, '115', 'dd03dcb2e8ea64cbbb46a3c09bb5aef5', '8d963801df6662004913c07e7decbe', 'NTBL0DEL065', '01bdefea20dc32f5dbc50c470206f019', '17d8d', 'c471750ee739e936c71422b401a90af3'),
(64718, '115', 'b9a93e899147540886b5a89c0586e1e8', 'd580c69239e38607525022ae8085c8', 'NTBL0DEL066', 'd584540fabc1b1c69dfa365c7a3cc156', '17d8d', '028b0543a1faad438639c8484ce6eda6'),
(64719, '115', '7f25c3db6a0933c48e49d7452d482abe', '85cc0b071f9ebff40df175698efada', 'NTBL0JAI069', 'fdb109d182b44dc83e9b20a9c30bc219', '0dab2', 'd2f8824f31c94d81e8b1a704fd9c2dd8'),
(64720, '115', '1af5cd04502dd067787d91c56b381058', '17954e0ea9769a18392c6c8f8babc1', 'NTBL0DEL073', 'c8921d1a7b3137eae7cbdfe0236b7b83', '17d8d', '0b0ef99f68556efecd2c834e1392c365'),
(64721, '115', '37ea99939155b0275822af26cd580a8e', '40f0f57396c4605dbbc001d35ab1de', 'NTBL0DEL076', 'a5c62483198aa754fcfaddcb9b215c6a', '17d8d', '742bd4783dc499ea3ada2dd8c41b2237'),
(64722, '115', '66c9e59f76e9e7912b38e308ef27c22e', 'f00d1beab1eb3bf6beb0e0de1d07c7', 'NTBL0DEL080', '50fcd4a4080f55aa78fe401962765bcb', '17d8d', 'f150d3104df3599f73203c85e940b142'),
(64723, '116', 'c9b619270d16f84e4321413a973464a8', '85cc0b071f9ebff40df175698efada', 'ABNA0100334', 'ca731fc10a35eb90e696847e79be0b3e', 'ed211', '867814f3d4f8f9b838cc69d51059e59f'),
(64724, '116', 'e7f3b139d0a5673c4e8bff47680b5334', '447ec87046f693f1572dd580235658', 'ABNA0100312', '757c34544bb18a0969fe1ad2e4b04619', 'fbf5e', '735179ecfc4ba121807c90de219a1df2'),
(64725, '116', 'cb3703aeb04dcaa474b3105380e43939', '3fc1da077813ed9f84294bfc300a46', 'ABNA0100336', '8cd587a43c05eecab70365483255dce6', '327af', 'fe5f6f22d28e9eb4271d853d4398bf5e'),
(64726, '116', 'df7c526053ac11605e0fdb38af241a50', '5a7e55463238e2d3891b0c04c54fb0', 'ABNA0100330', '64ed55d9147700a833f354592a450c00', 'e7355', 'ce2b52192db7885ba2eefefae62d7862'),
(64727, '116', '1fcdb44e85d4a3c143f72c653cea2608', '35a0061c5b1ab364a2f6e4317a16f0', 'ABNA0100327', '684494ea0c5b838be31c1cdc6d2f3c52', 'fbf5e', '037a08d198fc683f8b9d6593e43dddfb'),
(64728, '116', 'e32ed470b1af99d03633618ca1de66ff', '5ea6790aa175b18648b93aa8173c25', 'ABNA0100328', 'f4f6f9441f524b660f2d2c2dac7ad8c8', 'fbf5e', 'bda7f3f1fb754b0cfda9ec0540f82721'),
(64729, '116', '1d48b0aa37b5144ecb099542c223e194', 'd53aeacdb5863c17a76d58f5b4776c', 'ABNA0100329', '4b87e885590738e6f398cab0c624cd16', 'fbf5e', 'e5a61db8c0ccbcc9c1751858cae90b7f'),
(64730, '116', '615c65c4baf4a19d38b8e03f752ae1cd', 'e7f4cf90c81d18f973a798ae76ee43', 'ABNA0100320', 'a5db40128bebd06c4975254c8baf5a2c', '3a018', '3113e5369cdcabafea82c51548836c63'),
(64731, '116', 'fec94f419a7c632e2e87034d965df0bf', '4fbbcf42136f1b9357fe75ed6b5609', 'ABNA0100322', '3549e0f48f7fe858f39165db35e1dfd0', '4e89f', '0941e07eb31065531b7461b1f716660d'),
(64732, '116', 'bedfd2f19047368788c4653a8ebc9fd7', '6a7ed9b947ec0d5fc4c9e15e726304', 'ABNA0100337', 'a72c330a7c12d6d9197924f8551a47d9', '604da', '3967944c577e6a71a7b5ea9894013045'),
(64733, '116', '0804a94bb945d4cb671e9fcfa77d5bc2', '31656a3eeb8caaab9c5ed524886382', 'ABNA0100323', '0020a4b86847c0add2672adedc5acec7', 'd7a26', 'be5b2c0856a73271409d1e093ae7c1e8'),
(64734, '116', 'b2c4f791adffb69265088d59b5f307f2', '3a21e8b1700422ed48be1ed3cc88bd', 'ABNA0100316', 'b794634f0fa9587b1f3f3f45681b8a15', '8a821', '1efed0036c0186c64ddeff58fbddd848'),
(64735, '116', 'c10ea6b34bccd20606b904fc8877e6a9', '51df87684ee5577b25f08327469281', 'ABNA0100319', 'c1dc7ca8113812a0e660aa2ed88605a3', 'ff8e3', 'e4a25d3ca282329d75172935030abbb0'),
(64736, '116', '3e129dc5c8fea6a3b0e328aba9cc0fef', '3a57fc59e6eb94c949525be92773c4', 'ABNA0100310', '40609e328c1d693abe6ea9cae5b1cc8d', '73f8a', '9ae442f579d63ec661d5d5edad94b0f4'),
(64737, '116', 'afab653e640366d7d4a3e210af60387b', 'c0a9ed910043d3e35d57ab5eb4a71a', 'ABNA0200001', '59284afc1dd8da00843750e29812e4f9', '73f8a', 'ad2fcbfe82bad4a18573671057f576cb'),
(64738, '116', 'b83aedff73eb081fe337711b510cc003', '7a31e2fbb2113f2a0a9d29c36229fa', 'ABNA0100335', '96c63c3302eb08623f8d83aad49968b0', '73f8a', '18f30394a398a3260cb262b679adc6c3'),
(64739, '116', '1f96c99ebaf2a0aefddef8005c481f76', '2865e03371310f99be31558b1df765', 'ABNA0100314', 'd8f4f0ef5d5573dad4a3cf362ce24b35', '68fc8', '4ea80b281950a68ea6010d521fa8e99f'),
(64740, '116', 'bf09449bcc99d1e417ea4dc158cf4eed', 'e1711d9579020700b69b5daeccbe21', 'ABNA0100331', 'e3cb75010245b710b7cf0ef38d41796e', 'cb4d6', '48fdf22f4704c4c3d2e4b734516d1c7b'),
(64741, '116', '8bfaf61c6313c770a25d985618b8e325', 'b02706cb6020ec3c773629697ec2bb', 'ABNA0100324', 'a6ce13683e5877f0f91ba1fd5f7697bd', 'edfaf', 'f23140c54820938756dffe7dbacfd23f'),
(64742, '116', 'b86b90d58b4d7c845617433eb3501cdf', 'a69d9cb3b0356c2fc09673d2e05aed', 'ABNA0100317', '6220a1d6e3fa712bddbb52268a753513', 'f7dfa', 'e1acc69a3f16039418dec26a6c3bc596'),
(64743, '116', '50795e319af69b7bd80801ddeda37821', '55a7246b4b1a7d969dc23d168c8237', 'ABNA0100318', '3bfbeef2fdab1dd2df3e53ffb7055afa', 'dd4d9', '5a633d16b495298ab52b6dee481e0fa9'),
(64744, '116', '678109d555701f67f5be230b2c5f784c', '807762e8f14acd7da108d12c5f6b5b', 'ABNA0100326', '72271f5a4a41fa97c2f13c5c62512792', '280f5', 'bb4b1952f6a54874e521a2618ed7d883'),
(64745, '116', '0f90283c98bc75381de2a26d8c87c6b3', 'e22bc3e0e0bec84f2d9511231c6152', 'ABNA0100313', '60af28d4da5bf3093cb7d0f5f05c2671', '44c0b', '9aa188ebf0c2e592b59e02c15cf0380f'),
(64746, '116', 'be73a9dadbf2149375deb8b2984d819a', '8859d29d9180b2b5c00942f9fdba21', 'ABNA0100325', '9f35372142f45ebb4a3a10ce81544424', '0292c', 'f460fa49e6df30147ca86d59ac3ab066'),
(64747, '116', 'b817ceb7cde384735ff29fb26aac2b29', '1ad6386f36bba55a6931c6c5a6d5de', 'ABNA0100340', 'ff1235bcb2a79ce2bad0ef7fca8071c5', 'ed686', '49f01dffd2efd13cab962bb21a232f60'),
(64748, '116', 'fcb5cbea05281a75f9ede22ed71dcf8b', 'c52fdd4b9009f26257c6eff74339c2', 'ABNA0100339', '979416a3e0cc3a81399c6026677b502e', '64219', '90b6c58ec644097dd2d33f5f38a0be32'),
(64749, '116', 'aa3bda575ed8975c5cdef60d361bf9e9', 'cb7dc6e222edaf0c91cd23f3823058', 'ABNA0100338', '18d857edc08668fd54abd49948359e52', '17798', '99b31666d770b09388ca8f75c5079caf'),
(64750, '116', '1c4327ec3487fdc23d190c5231d34bf4', '0c697810235fb894d300f413bfd267', 'ABNA0100321', '1560c0b290df9aeeb178590999de3df1', '44c0b', '435d5641b812033bd79696eb65322cbd'),
(64751, '116', '820853e534aa6b4a84d85f869b876693', '5ece5ee5cca0fa13820f26ad4868e8', 'ABNA0100332', 'a7e4f169f107d11ba2a89aaf4a8c93d6', '141db', '26c912dd1fe31ec5fc841293d36bca73'),
(64752, '116', 'a540082cb8252d1e290fa05219a07c71', 'd1c21349b3d31800f836f61df169a2', 'ABNA0100311', '9e15d1f2a6d2ad21da5c668747dce86d', '141db', '611d8952dc61a2bdaa5cedf8f9b5740c'),
(64753, '116', '09ded467755431b8a91864e42dd3148b', 'ee8a2ee1cdb95584e3c80752bbd5ce', 'ABNA0100333', '6ec755c96447d02a7e53be38b12cfb8b', '141db', '622ecf5bc6bb59261182b9b53bd598be'),
(64754, '117', '1a26d93699dbfd9bfda11e38f37e3c0c', '85cc0b071f9ebff40df175698efada', 'DICG0000002', 'd0ea84b72dbbe0b1dee30748f0af9f7a', '73f8a', 'acf7ef943fdeb3cbfed8dd0d8f584731'),
(64755, '118', '39742688fc7ef7441207b9da11b71744', 'cd7d435eb3abbab46a38c45225f0de', 'CRLY0000002', 'f200e3310d329b85733bc61577787c6c', '17d8d', '4ae560c9b6d2b20ce514e9372361decd'),
(64756, '118', '0804a94bb945d4cb671e9fcfa77d5bc2', 'c3fe468384f2b7c8beb2743b133d15', 'CRLY0000003', '1889d7c09d53bc3a0ab896fdf7968ed9', 'b539b', 'ff590da827d57a846ea41662efa24abb'),
(64757, '118', '0f90283c98bc75381de2a26d8c87c6b3', '9bab150a868cbf5549acec79f51c76', 'CRLY0000004', '32f4d04e29d095c4b7e096537ff9c288', '44c0b', 'a2173116fa97c5521aa957a036147eb9'),
(64758, '118', '50795e319af69b7bd80801ddeda37821', '43ca6f94312d39b9fd16d2ccb6ecbe', 'CRLY0000005', 'd25a663cf3bca6b3722b21bb84487459', 'dd4d9', '471a2cfe4a2fdcaf197e62a0cdbcec8d'),
(64759, '118', '1f96c99ebaf2a0aefddef8005c481f76', '52c3e646b0e47b066788514bfea8c2', 'CRLY0000006', '9e32ef8f38904f1d904e223956bf5179', '68fc8', 'efd54ff5dedf48ff4ed31d259386c90c'),
(64760, '118', '1a26d93699dbfd9bfda11e38f37e3c0c', '2d9ae77e0e2588d4f29917ea1d5772', 'CRLY0000010', '71190571a0c1aa14de095f5d00edf739', '73f8a', '06c76096b643777c3e6a10006636d822'),
(64761, '119', 'f557bc4f752332c45ef4d2d9cb1ae6c6', 'e69633c04dc28f4829b061cfd5cf99', 'MSNU0000001', '1c9e051d0a965921a9e9663f370eb3f9', 'feddf', 'cb607096f91a539c3d32380c9cc73080'),
(64762, '119', 'dfd83bee21d7fa62c74a4f594cc9610e', '4c902cee97ab8ccc3f9e6a7a400f03', 'MSNU0000002', '4cc1b50ad4a4b15d8a60cc3a7f23e0a8', 'feddf', '24ae067979aa511cc87f33d3dbd4d3f2'),
(64763, '119', '989e3c4db6e7e611b8e23493fc723ec5', '6115606d97c7452a8109e5b50660fc', 'MSNU0000003', '61706d8cfe67347d7e43c4144984955b', '03c8a', 'b4c255c4a9d35af1be84c2156eb5c0d2'),
(64764, '119', '18943642807b925f6165611b9f9d53d0', 'c7faa80f67def04ba1741cab68144c', 'MSNU0000004', '0bf90ee9bf02c087cc0e07c71d5be3ed', 'feddf', 'b9447d8804b9b938491d0865d5b501a5'),
(64765, '119', 'db33d5c6b752d3ed35a170edb3dae66a', '37a49d407d5e2f27b56ac3bc5a6fac', 'MSNU0000005', '46683c8bbe74c96cd200c23b65193ac7', 'b539b', '016b5f300f74caeba650048634c08c71'),
(64766, '119', '5361e09800599b4d0448e83e0e17322e', 'af4e94c84b6116890ee785939052ab', 'MSNU0000006', '0df25fec666feca2a3a64bcb7a8c2374', 'feddf', 'a20a43fb875458c5812f251372463391'),
(64767, '119', 'a61f16a5065f26468639cd4143d15ac7', 'd80123fdc1cc506d571a002311e97b', 'MSNU0000007', '37c7340d5a6af668eda7b6d2c4afe4b3', '03c8a', '7a80290d692e7702b158fbde463ddaaf'),
(64768, '119', '3cad42ca27ad973826b2e33fc5355de5', 'ffe972a6e2dc67b421cbcefcd2fa40', 'MSNU0000008', '1f33fc6258f84e45dd94d1bd19358250', '03c8a', 'ffb27b8b8a0079a702e0a85dc8e3241c'),
(64769, '119', '3b1fdbde82157f7c9da0dac3e73c46c7', '7414a9faba235ed8d73f686b3a68c5', 'MSNU0000009', '577d29f71714b336d483f7bdcd357eb0', 'feddf', '2b305cbd87adfbbf496f32d35cb0cb2a'),
(64770, '119', 'be896e940aeff88861837a97b0420a1e', '1d20f01846e97fa364b6ef3da71da7', 'MSNU0000010', '3b8c84f4bc267e6c69a42bb3ab89c1ef', 'feddf', '591f1b44858d0f19fe7184b9f2632f8d'),
(64771, '119', '4c32422880d85580b1d5b8ca736cb304', 'e7c97df6642bc3dc807cba81d59f5c', 'MSNU0000011', '29b1c104346f0eed9194cd540594b13a', 'ac4a3', '060765b81fd80828219c5caf5947291a'),
(64772, '119', 'b778eacd4dfbcd3d3bdb131598cfc94e', '3e8e90aaef5d870b56825e52c13849', 'MSNU0000012', '9a148419a7b1b56df23e9df6f5c786a2', 'ac4a3', '96780e53b0beeab3d547fb5b63c280c0'),
(64773, '119', 'b29cabd3f74ae443916f5d8f473df91e', '49ca2ce139086f11b28ea85542bef2', 'MSNU0000013', 'ae7a227507f312de1c10cf0ee58fd0fe', '1e6ed', 'ee3e2ad5d1cdd9339a2b283a35f855a0'),
(64774, '119', '3bd784ac81f6d519149914899d37c54b', 'aeb29bbaaaa7d7a89c01d8de089bb4', 'MSNU0000014', 'b927f26e9f93ec2b47156221f05d7a65', '3b2c9', '80311d79c7de98a7d73011973f954b7e'),
(64775, '119', '1af7c0929b09145e6b713100fbb3af49', 'a9cd1ee0dcd42f1e81db3e92d9f1bc', 'MSNU0000015', 'de8d53955209fc98af8c964150b8f187', 'feddf', '5ffe73f819bd807800dd763f420a3ac0'),
(64776, '119', '84bfb092d5d0d31f6aacfbd0f6cb2e70', 'e468f2b8705c0ca067be5a4919056f', 'MSNU0000016', 'fba0238537e447b98cb9a59b5db56475', 'feddf', 'a802ab11509e4fa4e142d5f0b8968285'),
(64777, '119', '544d17394ffbbacafc61ce37d3945502', '06f54c56c950e3e4678550c08659f9', 'MSNU0000017', 'b0960566fa48b0772c41533b21d639fa', '3b2c9', 'c171cf5f8c7860d0b23ff0263bb241ef'),
(64778, '119', '3d76409b94a66ef92bd618a862fce9c8', '7a876ea590a48e50ffdc676934764f', 'MSNU0000018', '7ff425a1f9a25bb023a49c49213af144', '1e6ed', 'fd89809a242e60018e1a86940f886a3b'),
(64779, '119', '71d69ffc2f5fbe3b9ebf0842ac4f9bed', 'f18c9a1d89cf4e309db4639935b5f7', 'MSNU0000019', 'eb92fa53e44c835d3775527e6e523996', 'b539b', 'dd3e7586893cb2bff37822d6cc448150'),
(64780, '119', 'a228875c138ce6ab8d538e5b35ec5ecf', '24e537be9b69704932e441ea3650db', 'MSNU0000020', '5e15907b49dd6f72a853cf778fa79f0f', '8a821', 'a3f88d15d59e6135f31637ccb67a571f'),
(64781, '119', 'c10ea6b34bccd20606b904fc8877e6a9', 'bf1b3698de5697727732e0679de3ec', 'MSNU0000021', '4be074a08288498fcd80dce1ab8f8789', 'ff8e3', '4e6cc37df8069cdb057f5644bebdff0f'),
(64782, '119', '5e96a3ae42faa7dd48eb7a1df96c359a', 'cb6d5d313d27eb127a01241b208b92', 'MSNU0000022', '65951edc2e199e77f459c5f169c144c8', 'b539b', 'b19c79e5ec213f04994eee872cea899a'),
(64783, '119', '0d9a214ca32b38801e5162144adaee6e', '83384af466d086d272efccc78e82ec', 'MSNU0000023', '2a258cad5cf76ee74cc0f5dcd6b56c6a', '03c8a', 'decfdb650759853201c7b9f486c56989'),
(64784, '119', '1ee5b73253369694c4cb396c93fb913f', 'c7d8c4217ccc83b042ea8c49db6751', 'MSNU0000024', '594ce3a99116b63e232340a13c52bc68', '45f5c', '1f703e0fbc8d7fa92af509963f202aac'),
(64785, '119', 'eb5222cb024b22554f5c26b6e0a524eb', 'c715e96e23b8a80d5746cc69ce9f47', 'MSNU0000025', '25d3a5ee65c78de0b6f1440b9af4665b', 'b539b', '4ef278966e641d9173c657ed14efbea2'),
(64786, '120', 'a8c5addf648edeb3acdddaa54b2f0a5b', 'a59f42affcb9e9c63b042164f3c6e8', 'DLXB0000001', '930ce3c9864b31d148d9e33942d70d45', '20e45', '34fc8a2d86b0579eb5084e3518141b37'),
(64787, '120', 'eff9eb2bba1e40223e2375e69dcfcfb4', '2ff21b976598ea589aba2fd14e1b77', 'DLXB0000002', '5930f16ae67d2330e69f65b1da963375', '3723d', '3fbe18ca6aded9bb09b216e578f1bb67'),
(64788, '120', 'f4a7dd3f8e889a01b8cdb2db64fc269e', '6ee96e22e6b29cb4322ef59c40c867', 'DLXB0000003', '55ca685a5abc733334208f43838f190c', '38c29', 'd5e315c9fb95a10291405ed8d1238417'),
(64789, '120', '856974b68ed66de7e6d257d5a61ecae0', '0cab74dc00862ecdc9d6dca876aafd', 'DLXB0000004', '3590af45ecdc814ed3850211ea56499d', '20e45', 'd116a8aa6adc90056e29f8f1a9ed3879'),
(64790, '120', 'c80cb23c432602e933e8a65b1c94605b', '566cb5c2092832f2c4b975648a9136', 'DLXB0000005', '1e934585b9ef8ba881e81f8d1c6f179b', '20e45', 'ce81d5a308be11f8e7db9959cd90737a'),
(64791, '120', '80440ae81a117b9d1fbb82f637634d54', '4c8fdd520a792cb429292ca89880de', 'DLXB0000006', 'a004b2d36d75641ceba9583839c92cb2', '20e45', '9346b825c454a9b9a4b4c11d5049d7d5'),
(64792, '120', '683f8aefe2329434b564d3dade17f995', '6ee96e22e6b29cb4322ef59c40c867', 'DLXB0000007', '188afc03ce3b0f13d3e2dae962f05d5c', '20e45', '0d075f170a851cbc4b6a73eb7e0a4664'),
(64793, '120', 'ff007ff66740dff8e7735d4c38349725', 'b90528e82600baefc179310a90b30e', 'DLXB0000008', '9b99d113c080f51f1469cad3b2e30a83', '20e45', 'a551f042452ca047ad72ebed2e6794f9'),
(64794, '120', 'e569b5d9ee7262fae3eb11bce7c54c1e', '5c07cd77cab1188cc0e2131ae7266a', 'DLXB0000009', '3fc0ca1b1ccb72f5770e43e005200352', '20e45', 'aa0c5022b333bf5fd42e8421afbd6e04'),
(64795, '120', '626073523eab38671f747cace4f9175a', 'bbfb2699b4c7fb81eff3e24cdcbba2', 'DLXB0000010', 'be52fc05fd5b84bb6f2fb4cd8543609f', '20e45', 'bc843a4652e55a71fb19300510a1d001'),
(64796, '120', 'a2bdc038b5c014c570c736d26db70238', '6ee96e22e6b29cb4322ef59c40c867', 'DLXB0000011', 'ef60bf2c8aca04a8a70c6c60ff0fd418', '20e45', '602e6004b8b9aa645461b953f89bbd9b'),
(64797, '120', '50836ee34c35dd6bb383a45e1989f4fd', 'd0d7821098c1961b609884214d5cdc', 'DLXB0000012', '2688bb900ce4875cdcbca9938cce62cb', '20e45', 'e70d0663af082de513869dc146719849'),
(64798, '120', '32ea3f4f73b241522d4cf3b37fffba29', '6ee96e22e6b29cb4322ef59c40c867', 'DLXB0000013', 'd072eac3f91bb69b73bdc5366e7229ab', 'd806a', '235c7a05fdbb4b1a2486b30243958eac'),
(64799, '120', '8ffdcb0388edcad687782d2ff0428b9e', '6ee96e22e6b29cb4322ef59c40c867', 'DLXB0000014', 'e14f03936c46fe1567890036ad018cde', 'd806a', '8325c13384d948b82c1467bb0cd6703e'),
(64800, '120', '4d1f84103a51252a3ab719fcf5981f3e', '21dbe136e97f31c0689f5276c669ee', 'DLXB0000015', 'c7cb28c9966a01a06cbd5db4cd089990', '20e45', '99750a1aea49f7cb08af2eb38143591d'),
(64801, '120', '80bf876a5a904e24c858d8349e3af04f', '6ee96e22e6b29cb4322ef59c40c867', 'DLXB0000016', '117b41f2086e8ac5cad6ccdd81e0b6ea', '38c29', 'f5498e10dcd9ded9da2347647325163e'),
(64802, '120', '45be246916152ba3dbc1ad7d34e931d5', 'ad975617392873c99d4f0e284a383e', 'DLXB0000017', '2defbf83bb7014011f7fefd5971f1f9f', '3723d', '33e1ae49c7ec5c3e66bb28df3482f723'),
(64803, '120', 'a1dba2756e6970ab6152527ab876ef59', '9666f97902b13c6ba706bb8f3241cf', 'DLXB0000018', '6167890868954212e803221059da352e', '3723d', '76adb926cda9611af8f8cfa12d7317ed'),
(64804, '120', 'a04e9b73790525a651e508746be5971e', '6ee96e22e6b29cb4322ef59c40c867', 'DLXB0000019', '718f7f8a287ab34848f5941657bc9dac', '38c29', '3a7f2a44b08cb398bc1745e53693dfa1'),
(64805, '120', '2f4621340b422984d091064e2beaeca0', '6ee96e22e6b29cb4322ef59c40c867', 'DLXB0000020', 'e49a40c6653986725a3903eb5b7323a9', '72eec', 'f103612dda9c828459e5442257a01958'),
(64806, '120', '012c11edfd073d4c099c8d7fcc268e52', '6ee96e22e6b29cb4322ef59c40c867', 'DLXB0000021', '67d76377723e623946dac6f4b933904f', '20e45', 'c65b68d4e2effeaecf72b21cf1281c68'),
(64807, '120', 'ce91d1e5bcf9a04bdf8648097f266406', '6ee96e22e6b29cb4322ef59c40c867', 'DLXB0000022', '6d0766c8aef63a03908380b4ae4c6139', '38c29', '0c587f7f391b4bd540a6a838b3f293d8'),
(64808, '120', 'e7ba01ff63a664fd822f170f6bbf1148', '6ee96e22e6b29cb4322ef59c40c867', 'DLXB0000023', 'b9cb92ba1d8658162b14f76022106f37', '20e45', '5b72597c98b1f8540fc90c6b9c4a712b'),
(64809, '120', 'af947a21cb4a70b400ab630fc903ccb5', '1f795380c9e0219b275cd6b1a5fbcd', 'DLXB0000024', '287d4b1020ea6b7cef443b3dac312c33', '3723d', 'a5159b51b0401d4c267e57c757910651'),
(64810, '120', '42ffed78c5332915c5004f455bfe8426', '6ee96e22e6b29cb4322ef59c40c867', 'DLXB0000025', 'cbaaf0646b0226feabdd6421acc6d5f6', 'd806a', 'e97493038b5b1e9fb4a234893009f894'),
(64811, '120', '77d21ee71ef3ff4fd2c9e809da0873a9', '6ee96e22e6b29cb4322ef59c40c867', 'DLXB0000026', '21b69c1fc6ce0d743d454f1f92a368b8', '38c29', 'd1cbd8ee5c3a76cb7877c9a354853803'),
(64812, '120', '9a880905577892a659eb0a5f5ababf3e', '6ee96e22e6b29cb4322ef59c40c867', 'DLXB0000027', 'e5432c1d5c9ad1e963e99a262d4ce1d0', '38c29', 'b8ec15cdd652f931843216e5c7920935'),
(64813, '120', 'b661fa284d7c12bb06c901661502a0b4', '95ec48ea68a1205972dcaa5a8c69ce', 'DLXB0000028', '554609144f12e8bc7a3542d56766d29f', '20e45', '7024016b7b3568e5a16a9a9d73830e09'),
(64814, '120', 'cd98a9d0fe858c400708883782b70ebb', '6ee96e22e6b29cb4322ef59c40c867', 'DLXB0000029', '6920d21e6e2c355b6bce60ac2aa74fac', '38c29', '6240beadfbc94f03d311e24d651d8798'),
(64815, '120', '21c438562f3b438115d6c397b6746411', '6ee96e22e6b29cb4322ef59c40c867', 'DLXB0000030', 'aaf3d4174c425d8105e149d8556b677e', '20e45', 'e366dd88f0caa1c56cd4326335e5340c'),
(64816, '120', 'fa0917fa4b98be3e0ef16bbbbec71716', 'dbf612e62c1577a601c7ec102d9a4e', 'DLXB0000031', 'f3e98cf4541e32866547a3d71adbe79c', '3723d', '36bdc39240aafb64ec22e5607e8d7c16'),
(64817, '120', '9c9230fe08bf2d29228dcc1b44b8c326', '6ee96e22e6b29cb4322ef59c40c867', 'DLXB0000032', '6b75f553cc17235dcc2d77eb4f3a8351', 'aa0e7', '306c3832c21a69be3498fa06b8cd656d'),
(64818, '120', '90e721c9cedea1a36418c285a20e515e', '6ee96e22e6b29cb4322ef59c40c867', 'DLXB0000033', 'a78f616dd7cd26f172fa5a318da6045f', '38c29', 'dcd079bbc549dfed515c329c81897773'),
(64819, '120', '61590753a91f82f5f53ecaab5fad9ece', '6ee96e22e6b29cb4322ef59c40c867', 'DLXB0000034', 'c5bfcb0c743f9b87e3ccb76d18c06260', '20e45', 'efbb4d409b0aef409736effe77a691cf'),
(64820, '120', '9f0bfeaf06827f022858a6ce015e9fa8', '6ee96e22e6b29cb4322ef59c40c867', 'DLXB0000035', 'e5e1ccba7dd3fad2e5722abebedc35c9', 'd806a', 'c93c6d31f5a849adcf5d7d2d10fd8656'),
(64821, '120', 'ea6f3643cd2cd28a17e6336eb547b4d2', '6ee96e22e6b29cb4322ef59c40c867', 'DLXB0000036', '1202f59bb84dd3469c40d5ff7d69ae16', 'd806a', '4f71bbe81fe43171fba8cb819209797f'),
(64822, '120', 'b25ef791a4047ea9f752b26e8a6698b2', 'd1c7c8df5c2a959ef100eefdaa87c2', 'DLXB0000037', '0847f895a42df3e38dd2ec44c06fd066', '05fed', '5a17c6241e147f85188cf04f0eb5423d'),
(64823, '120', '2432396d9e680f085df29965d7df1d13', '32d03b81592c1530c83f70e7aebe9b', 'DLXB0000038', '40ecba52f380fa95b43ccab9455ace18', '3723d', 'df7e3dcfca4a2b205655271ceb1059c9'),
(64824, '120', 'bee0ae6044eb486bf0b0db88147b10ce', 'b776e613f3fdc84a9e65922fd4a7d0', 'DLXB0000040', '0a75e620bb5d498da854f0b3909cc1c0', '05fed', '69af50e98622ede18d25e09139daa066'),
(64825, '120', '7be5ea237e0bc5a9cb590c2de685e4cb', '1d525650a1f4e145ea3cc5c64d818c', 'DLXB0000041', 'b1e00e47b85376fbe1d22371ae7d78af', '66508', '146c5e1ab1dffc24174e4bb6e02808b5'),
(64826, '120', 'ac275b8c984f98923b008d93defbe825', '3e7f27d68724157334b5f5ffa35666', 'DLXB0000042', '87d5ec9bcf657d9c84a0980078693d8e', '20e45', '1ba63da62fe1c919cebab287dd367844'),
(64827, '120', '11f56aaa7f79649691bc6d73a17eb0c2', 'db40cb801e2c2fb80a898cda228423', 'DLXB0000044', '84f9c6fda5a38a69c14bc31a9dc24944', '20e45', '8bd7b20ed46910bb3817a6c9698d13d7'),
(64828, '120', 'da05d2788abe6d46eb9adf1ce0994f50', '6ee96e22e6b29cb4322ef59c40c867', 'DLXB0000045', '76abb26089566fcd379fc86588496bec', '05fed', '7665300a64ee5e9e24d785f34434a934'),
(64829, '120', '1d1e190b973021c6cab35a917302ebd3', '6ee96e22e6b29cb4322ef59c40c867', 'DLXB0000046', 'e9793e96be78fa840d7c6c216bf2ad68', '20e45', 'fa114962e7fbc145faee0dd521bf5bef'),
(64830, '120', '5714b63e2d49c9df2f6cae54e19e73cc', '6ee96e22e6b29cb4322ef59c40c867', 'DLXB0000047', '89fb104f97e9811d9b5705bdc4ef0326', 'f063b', 'bb32b140a9ff91b0ab54a0a9b4c7748a'),
(64831, '120', 'f1950c783249bdad653bbc13a9192eb2', '6ee96e22e6b29cb4322ef59c40c867', 'DLXB0000048', '9a1032aa13e3e6ce6e5d011d265da1ed', 'f063b', '87378b30ba4f8931dbbc99d25522a84b'),
(64832, '120', '2a672a615bb510dd305649b0f88e9c77', '9bb1fc6a409d2e4ce0f8aab13f8cbf', 'DLXB0000049', '2b1835d44e552aa13361df0d0e0fede1', '20e45', 'd388472a6ad14120d15a5b8281293783'),
(64833, '120', '26deaf44daa124dae06eec47b017997c', '6ee96e22e6b29cb4322ef59c40c867', 'DLXB0000050', '868405c597ccaa7021a1f859f11f3d4a', '38c29', '39b9d983b7ca05102b30a276a3d3b992'),
(64834, '120', 'cb77c36e7ca777229293efac4d40e3a4', '6ee96e22e6b29cb4322ef59c40c867', 'DLXB0000051', '5b4c9050f731627c7e486173ce066aad', 'f063b', '9b1ecbf088cf6665e4527ee486b401d6'),
(64835, '120', '46cba179ebd175b053a2ba5d28461bfc', '6ee96e22e6b29cb4322ef59c40c867', 'DLXB0000052', 'ce6c50d30ad3dd8a15ad94c4337fc6fe', 'd806a', '12e223489d6ffd17813794a5e70ddd0e'),
(64836, '120', '47046207d078bec03da669aa3d67c4fb', '6ee96e22e6b29cb4322ef59c40c867', 'DLXB0000053', 'e8aa4f027554af870732b7134939be29', '20e45', '6e6d56c140cbe844c1a17046de5e36ce'),
(64837, '120', '106e907d47d79bedf9d2978a713083f6', 'c52510d05a9ebb5093a5ed7421b5d7', 'DLXB0000054', '8622f29a4bdc9cde4f1fccce72b4f636', '44c0b', '8875db6dd20815ed26fa6869b1233187'),
(64838, '120', '146447d0e8a560583bfc359c3e8e7631', '15d9f3e6a403c6549307a617913315', 'DLXB0000055', '9da9d4bd7ee1c1ba93a355e5d050437f', '3723d', 'b7cead66d401ae0fd077b19aa144fec4'),
(64839, '120', 'a4840c5bd33187e2633a7a4358ac8c57', '6ee96e22e6b29cb4322ef59c40c867', 'DLXB0000056', 'b799f6da15270f5e0c445d9857043d34', '38c29', '480a37aef730e2d2481bb08512f2c0b6'),
(64840, '120', 'f29b1a8ffe624107c8251d085f9d10a8', '24a19df93d5d7047a26cd1debde5e8', 'DLXB0000057', '60593a048925a7d3016897c0e2e20618', '05fed', '6f01f3f39ad270315bc19eacb022bddc'),
(64841, '120', '10fac4d21c4a0808f18c9d793f1ec910', '6ee96e22e6b29cb4322ef59c40c867', 'DLXB0000058', '8d5e9a423c659b0f9ed407a715bedc4a', 'd806a', '9f131a7ab066a3b16cc6688246f5fd80'),
(64842, '120', '4933124c8aef2f5b907fb764b9039752', '6ee96e22e6b29cb4322ef59c40c867', 'DLXB0000059', '1102c5510c1422b8d938424cbae045a8', 'aa0e7', '81af030117b27807b4e867060c1a17a8'),
(64843, '120', 'cb0cf316a84da2970a3e4becca6c63f9', 'ee304f5b42ca8cb9d58147c74e30fe', 'DLXB0000060', '74ae1b54a02cbf8bd5196360cd0b05ef', '20e45', 'eab572a637314942412f5ebca809530f'),
(64844, '120', '64069a0fac5c1bc72e90c181465f13fa', '6ee96e22e6b29cb4322ef59c40c867', 'DLXB0000061', 'b899e2fd805744a250b7b7234acac54b', '38c29', '2c06cc729c3f52a4922894ca2bfb8997'),
(64845, '120', 'fd21b5ddd61ad89809adb9ecf61f6bf6', 'f3831f956f5d8c3221cffc3035f11d', 'DLXB0000062', '090ef78ae936408f9306d8e4e8f6b2cd', '844a1', '67879def7675a03202f359d588e89768');
INSERT INTO `bankdetails` (`sno`, `bankname`, `branchname`, `micr`, `ifsc`, `address`, `city`, `contact`) VALUES
(64846, '120', 'fce70da2d6c450b4b9df2d18866dbea5', '6ee96e22e6b29cb4322ef59c40c867', 'DLXB0000063', '5cb388fcc3e1f190774042e0984ee758', '844a1', '49fdd619bcac50e5b9b9e8a62773e8fe'),
(64847, '120', 'c05db14ffb831c7fca2f34bd097e7645', '6ee96e22e6b29cb4322ef59c40c867', 'DLXB0000064', '409f701d6c247921053477ebfaec6485', '20e45', 'ca80cdef0ed7510912cb85128c556014'),
(64848, '120', '0ba04b95539baea7ed453d43c8fc93e8', '6ee96e22e6b29cb4322ef59c40c867', 'DLXB0000065', 'aa319ee5c335eb0b36b2cf48d11a7cbb', '3723d', 'bc8123b4a5fb06aef2552a53489e2968'),
(64849, '120', '32d66ec8b4f775ab238f043de2ed0c8f', '6ee96e22e6b29cb4322ef59c40c867', 'DLXB0000066', '913733781bd42ae9392ea1072bebda05', '7cd57', '85768d93e7f0d3d65fd84ded8b894a0b'),
(64850, '120', 'a3dc86bc08bc2e47897f95c87e47f030', '6ee96e22e6b29cb4322ef59c40c867', 'DLXB0000067', '0d2b0e9c78e5e146c549c671610e48cd', '7ca99', '110a10d46851eef6b733bef60631aefb'),
(64851, '120', 'd411d65aa135c1e5d13fa97f1e3d6139', '7f157aeaaed88e9aa0e1d47172e800', 'DLXB0000068', 'baa16ae1dfc47a42f0b9dc2c1faa681a', '44c0b', '68e45ea9de32c6fac824dd2933497fe2'),
(64852, '120', 'fa524537c9ff30eba7d2fca941e05194', '944c1e38a296f8b2e8b4190cb2cc76', 'DLXB0000069', '446b6ee5c28c507b40e7b3e329130806', 'dd4d9', '85453b15db0e726f4b7976f9298e8c13'),
(64853, '120', '678109d555701f67f5be230b2c5f784c', '549ddea41fa242b2e6aa3842ec3841', 'DLXB0000070', 'f43eac2ca87ed17f9921acd5d1875a18', '280f5', '0a8f3e155844c15b455c74a22e54606f'),
(64854, '120', '8615dd1d42bce10cfce2ec28045510be', '988e97ea2f62a0a40ade88064086fb', 'DLXB0000071', '358bf6e600671526c6424f878e72d7c9', '20e45', '2d6e028b0960dd414f1b2be0fdff879f'),
(64855, '120', '087d27a3de8a29fa2ec9317709bfe495', 'a13332d09d11dc815f1cb7c2e1662c', 'DLXB0000072', '21a2a1fe42ed345b052b28ef86dc31fe', '3723d', '2c71df9189d1be031bf759d9f689728b'),
(64856, '120', 'bb28f5dc77d016dbc81cd0d9cd8f9015', '6ee96e22e6b29cb4322ef59c40c867', 'DLXB0000073', 'eec0cf3f7fc064dd70a4d961bedbfcbb', '3723d', 'd104fd2eb2b30630e910e34d25b80d9d'),
(64857, '120', 'c806c55bee2235cc69f45eb37b6f7546', '6ee96e22e6b29cb4322ef59c40c867', 'DLXB0000074', '6c41e9a06bc416cd363a21e219734785', '38c29', '7180d794b82b090297d35cc6ea3671d4'),
(64858, '120', '388025c158e181dbcd1c8918abf8015e', '6ee96e22e6b29cb4322ef59c40c867', 'DLXB0000075', 'be800767b74c07271e60cf017d1f951e', '38c29', '6b9ef4ef5866b485f876aa7851a66fd7'),
(64859, '120', '8ee2e3cc2a6f4fdc7290b2c1cc18e571', '6ee96e22e6b29cb4322ef59c40c867', 'DLXB0000076', '8e580cb66da9dd51df9c44ebf1c1c7b2', '20e45', '0961e47288db95feff15683b1cae2b51'),
(64860, '120', 'e3d700e5ef44ff733e88e3dbe3837e40', 'd68b455a787f463de5c1ba4c939299', 'DLXB0000077', '6bddd989965545bea9ed0223f4bb25da', '05fed', '615bd764554a31eb142e4eb8e0ac7994'),
(64861, '120', '462b79d17eb7477199e352420aaa5ee7', '6ee96e22e6b29cb4322ef59c40c867', 'DLXB0000078', 'ccaa04b7586076213c36f802aaadeea4', 'aa0e7', '3ca8091b4d6ae3562b13334583d88ba0'),
(64862, '120', '7b8b646d1caf9f8db866e55d5f4161df', '6ee96e22e6b29cb4322ef59c40c867', 'DLXB0000079', 'e6a34238cb28dfebe5be5b0080d3847e', '38c29', '074f637b90170a928088db4490390f67'),
(64863, '120', 'ab15f4ca57ffd0ab3b419338bbdc805c', 'eec4b8271f3f61c978adccf2480225', 'DLXB0000080', 'caca9add6f87b8c659adc04fbc8fcfb0', '3723d', 'c1d23bc8abded94edff7c9a9fc2b34f3'),
(64864, '120', '7ef7365fa36cb8cccf527abe58798ad2', 'b19f284591b8cd52c0783461eed07a', 'DLXB0000081', '0ddd681e78b927d607a80454ac0e4a12', '20e45', 'd09670db30a5b1e9a2fa3c6b7d9a6d46'),
(64865, '120', 'eed6490a2e4c5324cbd9d9ff79cfc391', '6ee96e22e6b29cb4322ef59c40c867', 'DLXB0000082', '1ad2d5b285f82c7cd024c690f02d4d67', '20e45', '3bf19520da17914c715f21201e5a1971'),
(64866, '120', '7eb3255439c23283f24f8f46e1617cb0', '6ee96e22e6b29cb4322ef59c40c867', 'DLXB0000083', '9e7151748f1e99ad2f1699157b3d805e', '38c29', '5f82c8b309da9929063c6866d801b2b6'),
(64867, '120', '1cfea3afa49b0d250e10cbdc9d2612b3', '6ee96e22e6b29cb4322ef59c40c867', 'DLXB0000084', '7bde5acfa5a6fbcef9747365a402e1b1', 'bcb78', '1a9a5630295099f29bca020e1a9cbdb9'),
(64868, '120', 'c30a5d73d6f3b61779cb9a8f608832f2', '6ee96e22e6b29cb4322ef59c40c867', 'DLXB0000085', '70dba005984e4756bc7fab85437de48a', '05fed', '880d4f42d62e727aa549f4b8cd780262'),
(64869, '120', '87fa0df9ffaa179a376a96f59b9d0940', 'a01cc30e47bd40528d3192323f5966', 'DLXB0000086', '6619a40e7482b64730325a508ef90da9', '20e45', 'aaed82ab1aa4bfd14d3d1cf997f2f8d1'),
(64870, '120', 'd7632c51382e4bd933370bf34e7e8268', '6ee96e22e6b29cb4322ef59c40c867', 'DLXB0000087', '7eec7a4bf971e142fff77ff9c4c17466', '20e45', '6bde960793c79a923cb96cd8fa6f6a83'),
(64871, '120', '15a23424705353c0422b5370596a109b', 'bd6ba0a4f50cb1b1dcbdebff983dcb', 'DLXB0000088', '693d97989d3dc77e48b3fa6b1317a982', 'f7dfa', 'ffe9cdcdcac84bf91b1d4b4d35612d45'),
(64872, '120', '44c2d1c94d5dac652411b39ed5118e5b', '6ee96e22e6b29cb4322ef59c40c867', 'DLXB0000089', '99ded2d22f749fad47858cd3376e0353', '55f08', 'e1801aeffce51459a7e6388d56c7d51f'),
(64873, '120', '9e58ee02b89d139f6ccc3808a79f55a0', '6ee96e22e6b29cb4322ef59c40c867', 'DLXB0000090', '326028e11a53d6fd576f7e36f3e2356d', '55f08', 'c08f61bac952ed916e11f58648845095'),
(64874, '120', '6f36939a427ed040b70cc9c51016ae56', '6ee96e22e6b29cb4322ef59c40c867', 'DLXB0000091', 'ba7e94b6f685612c9a471f1ccc73bfd7', '55f08', 'dca00805207a5937afa8dd536e726f9e'),
(64875, '120', '1eabbfddb323308bb6ba2d393758e4c3', '6ee96e22e6b29cb4322ef59c40c867', 'DLXB0000092', 'c41825d8607096f04104d7f457ec6012', '05fed', '4b53ad36436a83102433a94a9fdd812b'),
(64876, '120', '9b0b55b895a5e29bef77b2e79a559769', '6ee96e22e6b29cb4322ef59c40c867', 'DLXB0000094', '553338bde9bcf9dc4e8fd04eb0aa28b6', '966a9', '2f4af928f885a960dc2bedbb7364c914'),
(64877, '120', '0fbd589c4fb1f9ae9332b23bf8abedf0', '6ee96e22e6b29cb4322ef59c40c867', 'DLXB0000095', '4c556b29e94e2b626b51a38d45205906', 'd806a', '0ab83fd9a8e64c2e11e5e2dbb62eaa4c'),
(64878, '120', '4d229545a7548d3d20529a279cd03f42', '6ee96e22e6b29cb4322ef59c40c867', 'DLXB0000096', '6855af796eeaa5d147c884778d8350c9', '55f08', 'df87182e5ad8c7dc49c7e326175c6be2'),
(64879, '120', '864db72e9e8e74a04b26022a4bdbdb01', '3864571fa742736e4c8c4e0ac7905f', 'DLXB0000097', '02f01cd3d03e0f55a38cac915d96d901', '44c0b', '16339e950afd613f381e1eed99b45d09'),
(64880, '120', 'b388f7697ba77a68fc54a015c270c48a', '6ee96e22e6b29cb4322ef59c40c867', 'DLXB0000098', '1bd318024c37876b4fb4e42876747d4a', '20e45', '11f8b2458c8f3d944b4d91cc481669d8'),
(64881, '120', '6f18ffa0884e5189a7494e52061f0da9', '6ee96e22e6b29cb4322ef59c40c867', 'DLXB0000099', '9c9d9cd0330b21af5e1ee01d6ac4f4f8', 'f063b', '7757d8aac36f1481b503a203ed48bae9'),
(64882, '120', 'a3b45f4ff2170d53abae7cf114aeb85e', '6ee96e22e6b29cb4322ef59c40c867', 'DLXB0000100', 'c7d1352521ec973a0afc6b3f79ff587e', 'f063b', '223293b36aac6983372f66c375a09dfd'),
(64883, '120', '9664b87e73e8bc534a4eff9af72e1f1e', '6ee96e22e6b29cb4322ef59c40c867', 'DLXB0000101', '341c7f88e583e8b7fadf3fedfbd164da', '38c29', 'f17acbfd5e790f6bb6eab8a06dd9220b'),
(64884, '120', '17a594bfaa36666062a32a49e7763937', '6ee96e22e6b29cb4322ef59c40c867', 'DLXB0000102', 'd93a7963906475e272b993901418c6ff', '05fed', '51bc8da9a5ee36b160081a1819abc91f'),
(64885, '120', 'a4931acbc2016fe493625f071181471a', 'b2b339b9f491f67066e2e5d0a36430', 'DLXB0000103', '2d510e214568f8029dbcadb0c1583e27', '26d04', '3a8f2191f5de6889fbb7df8c59f2d119'),
(64886, '120', '1f8157e28199c01bce8a73b756465449', '6ee96e22e6b29cb4322ef59c40c867', 'DLXB0000104', '7925d10282f8e1dd701a35335b08fab3', 'aa0e7', '63cbf6054bbfb1b95db729334c2c2c34'),
(64887, '120', 'de501f3ea04f73314b11ac38941599e3', '899dc96feae7331bb66dc5f793484c', 'DLXB0000105', 'c17480403a14ef8fb07c7dde31265d5e', 'debbe', 'f0d48c5d8044c69b9c0b9eeb81b468b7'),
(64888, '120', '0906d11ddb1ff0a0f6b622ca03287a46', '5509e3aebdbb763c94467a12b9dfb1', 'DLXB0000106', 'a2343ee1971fdb18013e57d5749ac427', 'f4b50', 'd15118b9339433873ff0f272b1779f92'),
(64889, '120', 'be73a9dadbf2149375deb8b2984d819a', 'a7ddd882af83bac5b0c57dc92838ce', 'DLXB0000107', '2c79fc997ef2899ec38da717a8322be3', '0292c', '406fe5a866222e43404a036508bbde24'),
(64890, '120', 'ed7c31a37a419824665bd04831208ab7', '6ee96e22e6b29cb4322ef59c40c867', 'DLXB0000108', '5949884d151f0d4298f2365a245a93cc', '38c29', '4c550b4a82e15d3023c509fd48698edb'),
(64891, '120', '3672651b797278cbcdd26796fe5363bc', '6ee96e22e6b29cb4322ef59c40c867', 'DLXB0000110', 'fcd1faead1cb2b6c1b01ec2de9e507f5', 'f063b', 'a5969abefde2ab1814b54ca9ee8457c4'),
(64892, '120', 'b1c770e9a79c8257951f52154c52a1e3', '6ee96e22e6b29cb4322ef59c40c867', 'DLXB0000111', '1a4f07c4556fb0fdcc0e5b0bb530fb29', 'd806a', 'b93677fdb989b7cfeb814a9aeafc07fd'),
(64893, '120', '053f5b9d96b08a9e76a4c8848685e96d', 'f5f6441751077fe5e06b733033ecac', 'DLXB0000112', '8c2fceab7eb1b137f383a1caaa184c43', 'b99ec', 'fd36bdea04a3595d0384138eed9deda9'),
(64894, '120', '8416f41ec685585c95742750fd79cb3b', '6ee96e22e6b29cb4322ef59c40c867', 'DLXB0000113', '1f7e53648ae3c12b7cdc2b679488d659', '25a40', 'c738ee0827c543fd84814864c69d2061'),
(64895, '120', '82e5b370234f0313f165954b3bf2818e', '6ee96e22e6b29cb4322ef59c40c867', 'DLXB0000114', '7fd0b276fee45b3a3c7b48ccef052425', '38c29', '37487ff54141e0fb66df10352686b893'),
(64896, '120', '05eafae88a0c34a74c8bf7628b31a234', '6ee96e22e6b29cb4322ef59c40c867', 'DLXB0000115', 'eab24e94d79fc1665c465be6bd6be783', 'ee3a2', 'f1f9e597dc464617e6515920c9a06881'),
(64897, '120', '3d0cb6b7361aba3200da68f349d81590', '3dbfce233116fa04d7d0d525b9c6a4', 'DLXB0000116', '68e5386a037d37f81a23b848bebc77bc', 'dd4d9', '91992e761996cd123bc5b7a1ec1f0e6d'),
(64898, '120', 'fb9ebb840d2823e4a12719bdcee683b2', '6ee96e22e6b29cb4322ef59c40c867', 'DLXB0000117', '05830185af7cfd9e6ebf223e66d5bad6', '25a40', '5c9b33dfb4b575aa0aeb82d99a7a1044'),
(64899, '120', '5f5abcb8620a19ebbce52e7a534c1bc8', '826a1977197aca561bb1fddfa29bc1', 'DLXB0000118', '10935cd207fd8c68dfcbfae1dc444397', '05fed', 'df1cb3c598973330ea5228a24f87df1b'),
(64900, '120', 'eb25efb39156174cc28af18740ff1339', '6ee96e22e6b29cb4322ef59c40c867', 'DLXB0000119', '93ae6ded9a81f0399d9a68f4dd770420', '25a40', 'c56adf90432e0a6ab05a3517994efde5'),
(64901, '120', '385c53da116bfd7e52620c3e0768ef45', '6ee96e22e6b29cb4322ef59c40c867', 'DLXB0000120', '477a6dd8a5f7ffcd680d41c3a9a3313a', '05fed', '7a27530e16e166636584a3c901647d64'),
(64902, '120', 'c5970d71d85347002a8e258994ada9a9', '6ee96e22e6b29cb4322ef59c40c867', 'DLXB0000121', 'ad075b148fc40c818140dcaa9ee888a2', '25a40', 'ea7b382143c9fff01d774a784de43cbf'),
(64903, '120', '52b4d6c61f183099750ea23e8f9838c5', '6ee96e22e6b29cb4322ef59c40c867', 'DLXB0000122', 'e05e83d23898b1f6cfe4fb625c5031ce', 'd806a', '91a2ea2efc1e91895662aa3858bb8c2f'),
(64904, '120', '1c4327ec3487fdc23d190c5231d34bf4', 'e96d08b40d0c5737dd817b7ae6ea54', 'DLXB0000123', 'e6c8d92a44e942a1ecbb11284afc8cba', '844a1', 'de0c70294e158b34176ef658986f85d1'),
(64905, '120', '7d3e2033b519e017f3bce8f00e860119', '63f0c01a089d2aa69f47672f90b075', 'DLXB0000124', '92469f24b3615d4d0a49b3bfff2123b1', '73f8a', '820e2f4df242d2e644ef72f63db84411'),
(64906, '120', '9cb942a5c2223c1d33853305543743d3', 'c6cf564fcec6f9ee02e6d0a962136f', 'DLXB0000125', '5f94d2290ab5742c9450d0e8e0b2fed2', 'b99ec', '8292b63d195eb813061f580a432b72b7'),
(64907, '120', '456ccf0be78b652065c4685f84b10051', 'ed6cd1342badce11e42291de4e47f7', 'DLXB0000126', '12333959a7ad5d951d71d81292b5f275', '05fed', '3220c002f8b63a7ca24677c410a0babb'),
(64908, '120', '06e73dcb18f027e96ab982971031b324', 'a6a620086d12cafaf4d3bf287edbb6', 'DLXB0000127', 'c184b8494c4f4d0e1cb7fc442a67cbb8', '844a1', '81aaa4bbdc8e905ddd15e5e70fce69a0'),
(64909, '120', '9ad2cf4cb067bb26e7a645f5683c04a9', '6ee96e22e6b29cb4322ef59c40c867', 'DLXB0000128', 'aa5c698e48511976192e604eae5cdeae', '7cd57', '9fadbad9da944ee6034aceb8cc46fad1'),
(64910, '120', '1d742a764e5bf3e8eca370d70972fe8e', '6ee96e22e6b29cb4322ef59c40c867', 'DLXB0000129', 'c3cb2b84528715299c16b602f6ad8d04', '844a1', 'baf6756b4dcca03d3cd9e8936fcbfa73'),
(64911, '120', '59f0b5b330c8710d1f503743c58a2f81', '6ee96e22e6b29cb4322ef59c40c867', 'DLXB0000130', '360e399e357b2213d4f1cd2087d1280e', '72eec', '49e8e5d1873c2d0f34303f1c4de7d42b'),
(64912, '120', 'ce1985f1c298d59bdae22ebdf3f14838', '6ee96e22e6b29cb4322ef59c40c867', 'DLXB0000131', 'd24818efcf79063614d9b1c983ca3517', '7ca99', '1c21f62b2829e8f6bb008e32eabb240a'),
(64913, '120', '99835312df40db10aa20fe943588d66f', '6ee96e22e6b29cb4322ef59c40c867', 'DLXB0000132', '9b2047957a6ad531adac13617708cb00', '72eec', '5f359c31105436ed174c857657ce5c6e'),
(64914, '120', '2697b74cd4c4ec96941496722a52fbec', '6ee96e22e6b29cb4322ef59c40c867', 'DLXB0000134', 'd46dd8a2e7d2dd92b0d20aca94e8cee6', '72eec', '02eea95b0474067615bc1fdc16963883'),
(64915, '120', 'e165ec0c5b243b71127327c3b0cb6ffe', '6ee96e22e6b29cb4322ef59c40c867', 'DLXB0000135', 'f32d33ba00a762041c7254b5a1638fd8', '3723d', 'b6d4408356f5464f2dff19d93b22a4a3'),
(64916, '120', 'd1a2a10ca19b417bb478ef589cd00b76', '6ee96e22e6b29cb4322ef59c40c867', 'DLXB0000136', 'c0079e3db7db046c25e9f727fb7b87c5', '72eec', '035872fa0a6175fdefc5cbb34bf34b26'),
(64917, '120', '838f1d6da80afd0bc75f8647ac83b1c8', 'c51dc9c363825dcd0da59d52a6ecaf', 'DLXB0000137', '5655bae884dad46aa901a340dde370d5', '44c0b', '970618d0f732cef88ab2d3e60e91a1e4'),
(64918, '120', 'fccd6ebd55c65ffba4339d439a5618da', '6ee96e22e6b29cb4322ef59c40c867', 'DLXB0000138', '9646f177382c5158451480d4d83763fa', '647a9', 'be0c516688b01fc763400fe19fb539b0'),
(64919, '120', 'fe088e3e1a600ce01fe716f28c2f5ab9', '413046ac4b67c105aa2d1875712519', 'DLXB0000139', 'e7adcbc6a8d97093e4f17fe1cadb77ce', 'dd4d9', '0c4bfe5fddc236b69aef834f10ecaba0'),
(64920, '120', 'e8fc6001f9e14735a71ee90effdf84f8', '9a51045682c039b91c0edf2ab607ea', 'DLXB0000140', '579e3758dd2daf9b20512f5918400cfb', '73f8a', '34bb0c7486eec217b0aaca9a9db7c664'),
(64921, '120', 'edf0dce1d71219a4c896f2d0b4ec0bc1', '0a804e22135a17ffb85243cc227e3e', 'DLXB0000141', 'f709278285f3aabeb3a9926f4c1aaa9c', '44c0b', 'c7f7a900471aaa5c7f00368706482f9c'),
(64922, '120', 'c10ea6b34bccd20606b904fc8877e6a9', '1f66cebfe4ef477b62fe4bca39c287', 'DLXB0000142', '131b27012745f8d4f693fc2e4248e262', 'ff8e3', '22562b7df7da6b16ea945e04fbca863a'),
(64923, '120', '0804a94bb945d4cb671e9fcfa77d5bc2', '766708045071999235cd3a0da99354', 'DLXB0000143', 'a6e1eb1658e1d891b7779bdb7b2aed8e', 'b539b', '7a22f1d35c7743c5034aa2d27ff07021'),
(64924, '120', '02b4ebe418ef121d77e2e7cbf3f002d1', 'caa2572c4e359f09c96b3ae061b341', 'DLXB0000144', 'acf7ef943fdeb3cbfed8dd0d8f584731', '73f8a', 'd6a1dd3cf7fdb4f920573ee4e9046a15'),
(64925, '120', '2ef457c0c0f0d3149396ed5c4514ba0e', 'b16e495d84b8497cb0a1982d2f90f7', 'DLXB0000145', 'f21665b905300e500fdc7f72213940e2', '3723d', '4b653ad7b788877acca8e10797d5ca7f'),
(64926, '120', 'e633d4e88f65a8aec2f5e11f3ec1c64d', 'caa2572c4e359f09c96b3ae061b341', 'DLXB0000146', 'acf7ef943fdeb3cbfed8dd0d8f584731', '73f8a', '6abcabd97113150ccc34148d6b790136'),
(64927, '120', '29594e4d9926ad82ec59424c8d186b73', 'ef14bead37887a6954448f1c04be7b', 'DLXB0000147', '7cb6c3dc8c9bfe35273ccdbaffb66408', '17d8d', '38e396f1c8cebc41b03138853b52d751'),
(64928, '120', 'b8bfa7cb1444e35aa4c99b4b1250bb5d', '36b293901c69845432fd6dfcf3d16c', 'DLXB0000148', '0c04138c811134ecc366d77225e0728c', '3723d', 'b5529c224b7ee13e33a7a7391368d857'),
(64929, '120', '92f25c9960e3845b89921508af384f25', 'bcf2e61bf45c12bdfd6a730be74d4b', 'DLXB0000149', '4eac15f10455039211e44e2e1bb6f07a', '44c0b', '9a17826332fada1983372cacc7b1d3ba'),
(64930, '120', '70ef6cde84ba73752c1796fb931de7f3', '6ee96e22e6b29cb4322ef59c40c867', 'DLXB0000150', '86cea155fb2c47b7b481690238a4f558', 'f063b', '07d2499614bad7463aa9bd718c5074c4'),
(64931, '120', '36d6dc046c30e6794109441d52267e12', 'd55311b4789587bf127659b1d09b02', 'DLXB0000151', 'bd7541c980dc20500f7eca2344f349ba', 'dd4d9', '97ed7a28f9b704f60f9fc108d0b0369b'),
(64932, '120', '221a91fbc1240497bcee0c2209bc5155', '6ee96e22e6b29cb4322ef59c40c867', 'DLXB0000152', 'e06f0b945d58dbe6586f5e2314189706', '92f6b', 'b49cfde2c1a118a7dc304060b691beb7'),
(64933, '120', 'e6137d42baa8823fb07f532e747c02d6', '6ee96e22e6b29cb4322ef59c40c867', 'DLXB0000153', 'fb2bcec544899726c8cdffd2a672ab94', '8ace4', '125127dfa17413c8f42c26ba6057d723'),
(64934, '120', 'f682372510ee0f6868616b45b0d17e49', '1665cb6b85f7f349440e4c3e2055c8', 'DLXB0000154', '94a2245b1d7b8a6d624dd93a83aab15b', '141db', '35f7a05313ebd344a5c99cb856d5a1d9'),
(64935, '120', 'ae2a98fedd7567c4be4f6d58b31904ab', 'f4a8d87cc84236615f6150c9f6ab5b', 'DLXB0000155', '6c41db7ba87787339f3458fd17d43019', '3723d', '7ad9a3b9ec565c06f16689a872367ff7'),
(64936, '120', 'd632466e66acee5f9a78c6214c470c27', '6ee96e22e6b29cb4322ef59c40c867', 'DLXB0000156', '3a98332c67af2a3289344891d0af3fab', '38c29', '5c058ba983cc69cd068e202a03a56780'),
(64937, '120', 'acaade94c0aeec612c1de33fe121b361', '9004ae52d09225aa9d6eacd70df797', 'DLXB0000157', 'd11f731426c1ab4fddc632444df67238', '3723d', '533387fedca9488416a562949c272256'),
(64938, '120', '6808e0ee23af9c2298a1fc56ed79a6cb', 'a98ced5fab6ad99fec175eeb05f8ef', 'DLXB0000158', 'd951913d02c1368f81ea2b1d905a5346', '05fed', 'd22cb88be4a128301e815911bf8941bf'),
(64939, '120', 'ad7b8da4700b6380bd8e6ee8eb7e4522', '7515ad84b601eae36dee02cf6d6887', 'DLXB0000159', '2313ebcd38e6fb8d00fd3cc3d203069d', '20e45', '19324a469f0a0c76062776db493f80b1'),
(64940, '120', 'ca399f96797500433af48365d2f566fa', '4f3540dd8a4392b6ba750c2df4baa9', 'DLXB0000164', 'a7f844a3890125eedc98dbd8959557b9', '73f8a', '5cedf2cd1c8068002c2f8587792940cf'),
(64941, '120', '0c2bcde6a03163bfdb8b79035646e688', 'f0a3454e77b09c4a8d83b5222a3b9c', 'DLXB0000165', '3c8a562738bd3301c133dddbb02588f2', '3723d', 'f7c7d6a94fb3fd20a376e84d762df612'),
(64942, '120', '5b63d5e041a5a08ffcbb59199d9d5f22', '6ee96e22e6b29cb4322ef59c40c867', 'DLXB0000166', 'c8959e0a56e1dbec30d9778977ea6456', '25a40', 'c43b728bbfe791e242af60da04163757'),
(64943, '120', 'c09998689df4adc908373752b91048a1', 'd6d0096049230749c5a140a23867dd', 'DLXB0000167', 'ddd046cfd566ad42a567375a11cd7d57', 'f7dfa', '182040bc26980294f336faca82afc7eb'),
(64944, '120', '7297393d90bedab5c52f94da370acf58', '3890d56dcad3209c5f39f98ecff2c0', 'DLXB0000168', 'bc865cdd9d733808766fc079c71160a6', 'f7dfa', 'e209182f86603fd4424f5422cc0ce394'),
(64945, '120', '3bcab6fa2f8d6c0e49e509e03da09f1c', '6983fd7de1f120680dc27bddb4169c', 'DLXB0000169', '2edbf8d00bc75adc3571348052736062', '73f8a', 'c95204419eeee2d7c38d63791201a77e'),
(64946, '120', '8869b955c4a4afbb23d41b116eabcf1a', '10a0ac96929a81fddbd204da4e9e8f', 'DLXB0000170', '58fdae0ba2a6aa34278c23f4b8155c45', '17d8d', '76330df05ae2edd1246e742096b8c45d'),
(64947, '120', '178db96dbf6fe7e7bfedfeb308acaf8a', 'ccad4e97138cf038904eea190b6a29', 'DLXB0000171', 'cfe3721d658396378580c239de674397', '62a23', '32819f172b5f77731675465c25b05e93'),
(64948, '120', '83e3a47627f8be26400e94b0442f8873', '0d0d4c76b82adb200d1ea17c08ba27', 'DLXB0000172', 'c5df2c5641903c0cb33c261abd93ba4f', 'dd4d9', '4c733ad09c4561370e7c543b243d95e7'),
(64949, '120', 'e17ae494ea252e083b93d3744e10ad91', 'e2d26974614d86de6dd12e190ecbcd', 'DLXB0000173', '54f34b750bb46bf57f90c4c1ed9e5ba7', '73e76', '12809db647c19d584b7942fd7ddfc85d'),
(64950, '120', '46daab14231c566a17ea50abc4e5b6e7', 'c4637bc9a7137cd2434e7716567b52', 'DLXB0000174', 'b16c1fc0e0ac475c6db987be0061b708', '2ef6b', 'a93e7302e4b53864201e0ddfde8eb932'),
(64951, '120', '110312107a40978816f8811048b934ba', '6ee96e22e6b29cb4322ef59c40c867', 'DLXB0000175', 'aba2b00684a362c439e0054551a7c834', '4bba4', '6673fa74c2dd4fe94913babbc5335826'),
(64952, '120', '0c3bfd817b0e76a5b44b31f00ebdbc72', '6ee96e22e6b29cb4322ef59c40c867', 'DLXB0000176', 'fb651fb349713bf19d77647d51cbd076', '991ff', 'a9941b8fc7b8333caf6b4697b19e2371'),
(64953, '120', 'e54dd6578c259ab130b1730e0276d8ee', '3ee9443b5358062772192ad373ce77', 'DLXB0000177', '0b2257015c849b4b23d00fdf44140b0f', '17d8d', '1a7185a6ea6517366ee79eb3be49e7cf'),
(64954, '120', '387d916efa9a13314a36ac5c0008928b', 'a22e68a304aba163b8d08f7849ed20', 'DLXB0000178', 'ae52a5a6a0ee5065900e3b26a6cd741b', '44c0b', '1ced61115c3f47fd0f317bfa6c5b1a23'),
(64955, '120', '7f3c6adcb48b1a22d914e33ecc1fae64', '6ee96e22e6b29cb4322ef59c40c867', 'DLXB0000179', '94acfd203a941b4b301ca778b62c2a04', 'bc0ab', '83bc06f15a122d7c13c7a94dff08b33d'),
(64956, '120', '897971a05b45f3f58546d8cf9f282e3e', '7e1bff4a235a9eedd0bd4ea5115b16', 'DLXB0000180', 'e6a8c3589b42ceb57abb3f6f528d467d', '26d04', 'fa5cd7eff96019c5dc6ee83b0a36108e'),
(64957, '120', '50a3dca7c37f52c2c518ecf836d9cf95', '6ee96e22e6b29cb4322ef59c40c867', 'DLXB0000181', '1b07c3de056549a93d88cfab079806f3', '72eec', '6ba2345b3c7052803131dd1ab4e3d2ae'),
(64958, '120', 'd627be9b8143d336afa06360357dc419', '6ee96e22e6b29cb4322ef59c40c867', 'DLXB0000182', 'de2681cf80cc22f86625a44bc22ad86e', '69030', '41e0935ef7a83338ecaf78e73c450f43'),
(64959, '120', 'e30bc590858583ec28c7a78deb10192a', '6ee96e22e6b29cb4322ef59c40c867', 'DLXB0000183', 'a4ef58f9b37191fdb385d4163b18f66a', 'b489f', 'f80a54397e2fa56331bed54de5792c19'),
(64960, '120', '35af8c91a8954007b3a051ff6bc755d0', '6ee96e22e6b29cb4322ef59c40c867', 'DLXB0000184', '9a5c5337aa017622576dec1ac609c13b', 'aa0e7', '9ad1feaf248de709f7ec7edf1d7d4fee'),
(64961, '120', 'f81abd4d0d89c6bb3b94a8145a58da4c', 'a59f42affcb9e9c63b042164f3c6e8', 'DLXB0000999', '930ce3c9864b31d148d9e33942d70d45', '20e45', 'dd5ef7d08675100b44b393312aa489ff'),
(64962, '120', 'b817ceb7cde384735ff29fb26aac2b29', 'e846ac2a74a6faca240f64177045c2', 'DLXB0000220', 'fcdc2be133c2b3abcb4dd59d395fc2ba', 'ed686', 'f2b1660a9b569bdb6f66893096d30359'),
(64963, '120', '0e4df43499135cb150af69a6ed29ad82', '3e4cddd2794d2cfeda61e62343b335', 'DLXB0000222', 'c0fdc440c246707e5c418b7a36f2a68b', '93eee', 'e8a9f955bf70c15d1bd69aa0ace9e173'),
(64964, '120', 'ce7a222d443ee98a843f3c092f91f8fb', 'c91e97ee6c99dc7b317369562783d6', 'DLXB0000226', '0419b5d4e9fdfeeeea351fb4a27b0ed2', '2c4d7', 'ef31b014428ece9e4eb23ea98d8440dd'),
(64965, '120', '2d350bf5e50d5bd6325f2d7811f319c8', '503b4538d359a4382cc61b5432b8f9', 'DLXB0000206', 'e8de6c8d3c3c245b5029e92863b7f8eb', '141db', 'b671cdb102da57b8b4247d8432a74ccd'),
(64966, '120', 'f5b8b16091ffca093a86e91fe4a56a09', 'ebe7198981c8e7e352be6ebf60f08b', 'DLXB0000227', '766b913b20f9de7ac892a621927e1e2c', '5a50c', 'c218bc13c40fc03cc02598e4319dff02'),
(64967, '120', 'c8efce6275a9e056aa7fa237fa7faccb', 'e866969d96f47397b0729bad5cf4ac', 'DLXB0000228', '6c2fe0f767cb4944c447ffd8e6d7c728', 'dd4d9', 'a9986ab0c5de28fc43a99b6900c7b963'),
(64968, '120', 'b03b92aca87747a12c73ad44cb6f906a', '94160410f4457cb098b3d4ecc99f02', 'DLXB0000223', '827ca8fceccc5fa308622b3d480ac33e', '02018', 'a34bf909aa3d6d71680e7404d16975c7'),
(64969, '120', '227e6a6d05ba90eea2986d29c7f4988f', '5cff2e8f1c08ea9b0d04dfbd4609a9', 'DLXB0000221', '09c8649f06d920e10b2ff96d3c4f1c62', 'b2fa5', '68da8ff7d8af2ff56b8ee818c9663109'),
(64970, '120', 'cb3703aeb04dcaa474b3105380e43939', 'ebdfa689aed65cb2c5ce5580a5969e', 'DLXB0000197', '0c5ae95a22480ba29015020bc238da58', 'f233b', 'dc2a2a90b342d6456390a005c1d791a4'),
(64971, '120', '162147fa95ca86c63873253bd6e86430', '93c5158a49b909ac7e54b5228f6b6e', 'DLXB0000199', '785efb20fd9ccd87e5a53f353d2c4d89', '73f8a', 'a2bae8be17b8aa62b9a8aa07c8868db0'),
(64972, '120', 'cb066da661f1511aa860bd1cb91191a4', 'f2c714539f40a097952245ffceb3f0', 'DLXB0000208', '6f5713bf2ddae8dc25464c08503bb15a', '2ef6b', '5915feecaf814fbb4d59d8f8b4b35914'),
(64973, '120', '06fee853fe4aebcd6fb45a261bda8902', '69785cc1955a3577ed416caeb8bc70', 'DLXB0000160', '2034ed2199f097a684371cb5acebfdee', '844a1', '6cba9561f06001282fbf092f01c21b78'),
(64974, '120', '4fcd78d9428ee641656303044119347e', '69785cc1955a3577ed416caeb8bc70', 'DLXB0000232', '229e05b43728bf0c3473f58b6e8308dc', 'db125', '99efc24437d68159b9d3650859a4c406'),
(64975, '120', '2f6f06f2bbcfdb5dd9bae99087a82eb0', '69785cc1955a3577ed416caeb8bc70', 'DLXB0000225', '866b9fa0690e7c520046c3845be6eaa4', '721ec', '85b96ef036554b007b4e1d62cd8978e3'),
(64976, '120', 'b384fa45ebd49d9c0fbb5ac807e8f44d', '789ff892f86e0ec2f812d5b8ce070d', 'DLXB0000186', '73f74c5fd1c587115a8b0ccdc9b48c3e', '141db', '750961c06b2fd124b7c9efb8e115508d'),
(64977, '120', '2035fadf937eb1b9a3c5d038caa4a3a8', '3cd4087f0cd569abfe12aef186e1b4', 'DLXB0000187', '4b5e983ebb1d36be038a790acff9bf24', '3334c', '2239f0bb64c568439c7ef8113514b89d'),
(64978, '120', '2b557662e194d11bf56ecb8fe00185b9', '1bacc17a377ec609883a6a74bed468', 'DLXB0000189', '181583d152b4e1a82747e00e95275f2b', 'dd4d9', '45e2b3e75a6c8a395e39643daf6ac0ad'),
(64979, '120', '941ff7be309b87a8bd33c121218ffcda', '761502c0e57e4ecd790d126f9cc363', 'DLXB0000190', '6935e645ac3df3a7fbd9c86566380279', '17d8d', '005e1fb68e13bcc6655eeb99127741fc'),
(64980, '120', '90b0a0f032f350757a4d19ca8a9fc19f', '15e7ab0ceb101846aa6dc3477c6b28', 'DLXB0000191', '7bfdba6e3f0095ee9ce04ad370f688be', 'f143d', '1962a6ab9e57122b513f3ae0b88d2749'),
(64981, '120', '8f9ece774ce020cd15632cf04118b216', '5c399d4773d2d246231cfdacfb3041', 'DLXB0000192', 'dcb5a84bd9c61ab536399ba0d9281097', '17d8d', '9133f0b690cac0f2ebefd32df2bcc2bd'),
(64982, '120', '862e8cf788d9c3d40cb740e44eee7b4c', 'b52ee9e47da6a2e952f5fbb1be0671', 'DLXB0000193', '74fdf82f702d0ea55c92d29a852d4ae2', '17d8d', 'a844a3946ede5ccbb9c952acf567f07f'),
(64983, '120', '2bec8992caba05a2dd14a1c7a300980f', '357c4c716223e9b540bb5196579b95', 'DLXB0000194', '587861ab0984b62d21db78fc9edd7fc2', '17d8d', 'd62596c36bbdcb8cc161cc6f75869fd0'),
(64984, '120', 'e9c24c6824a37a1901f28039a4fff504', '462f70599ddba14a8f3b4a4e237906', 'DLXB0000198', '4eb65105ea37ca0ffeab5d49078fc8bc', '2ef6b', 'b603189bbd90d7185a345da728d44120'),
(64985, '120', '8526e0b32bf2def37345e1551a398ee7', '5de62a6e6524cabc1cc37d30f8a4ae', 'DLXB0000200', 'fdf63eeed70903d3d2c0953d1717c9d8', '73f8a', 'fe49b2b5b452a63567a6ff5ab6f36028'),
(64986, '120', 'a62704aa37ec24426ea2e136b2135ca1', '38d45ce11b8aa44d6d824f41a6afcd', 'DLXB0000201', 'f8b573140bc680ed7caed4572ad1303b', '73f8a', '6d8a1b7be6e65af3c649bd9272d53fb2'),
(64987, '120', '8b0081f29c715e48c8b5928bc9172131', '9f9a40c60d1f4efc0b0d70416e2c14', 'DLXB0000203', '4731de28e70c5ffa3e459d1f6b76f9b8', '6b80c', 'bca3776c239d3b28f9a710c84efe6de9'),
(64988, '120', '3ba8dab299bb3527aaa3ab0e16c3fa9d', 'ea156e377c318d0dc7a9a550202b3d', 'DLXB0000204', '2d40a3f78e8bdbea748f7b73bcb42aac', '05fed', '7ada404ae739b235cc188b886f80dc48'),
(64989, '120', 'fefa13f7f215ac5f5e4465bb6028f4f7', 'a44f0436de44a73fef8917177b1d72', 'DLXB0000207', '318ca45ad54ac3475e7b6ffda9e539de', '2ef6b', '3333d1b3668b7d8c320c5056d5be7828'),
(64990, '120', 'a77c4deb2b37b8f7b2442b74c83d5152', '9a0528c17c1156abb91a4907b76aca', 'DLXB0000212', '2a83f644070177edb085e06e4b53d95e', '73f8a', 'aef4252942521cdb23f8a9a909523d4d'),
(64991, '120', '70f898a0e52eb9a843fe3eb069dea6b4', 'a160426d67126fa5cd0894ecdc5b10', 'DLXB0000214', '4ac10b8a3adc3eade3a39a4f923f2471', 'fd8f9', '5fce4d01b4b17bdfc99ee0312abbf6cd'),
(64992, '120', 'fec94f419a7c632e2e87034d965df0bf', '0888d38d850facef8beccddac9d224', 'DLXB0000216', '84189d3ccde63bfbafcf3d494f201383', '4e89f', '5d0938d70bcbdb9b786988f427b44d51'),
(64993, '120', 'abd20a83d7624bd4cfbd59851ec686f1', 'ec570395e0564352d4d39d673d2508', 'DLXB0000188', '2e463c59ab4485591da81ce40dced89a', 'f7dfa', '750961c06b2fd124b7c9efb8e115508d'),
(64994, '120', 'df7c526053ac11605e0fdb38af241a50', '4b0e3dd2b4ea5718f875b7012dbb4d', 'DLXB0000195', 'd88a82af7931a5d2baaa2e97003c71eb', 'e7355', 'ea1871aba7db820190048c573668431e'),
(64995, '120', 'bc04929bccc348b3cfaef3bf4ff536c6', '3475e54a6641285bb1007c23d913a2', 'DLXB0000196', '58def1a938b2d09192b9c7bf557ec96f', '536f6', '630cc32fc299956c75735649d1bb190e'),
(64996, '120', '80f01cfd5175cb77df95570d165954ed', '1c69e778df3b9b24e1e1fe83720656', 'DLXB0000202', '4348222925b0bcc01d5a59c147bbfd77', '5dc34', '750961c06b2fd124b7c9efb8e115508d'),
(64997, '120', '335356fa84261e0b4da49d892437ea2e', '4938b6a7373a3718c46b2c9fbc4a06', 'DLXB0000205', '514def3a2bff997c9e50633532478839', 'aa0e7', 'dcaffccb10f223fc9603ea325dd75b2e'),
(64998, '120', 'a228875c138ce6ab8d538e5b35ec5ecf', 'fa7bfe208224bdf346206fcc4a4805', 'DLXB0000213', '5077d3c09f61fe4552c8f671fc0a0354', '8a821', 'b45d92f6f1598d529437c525ba1b5811'),
(64999, '120', '006962c18a98382691e9131a579e2be4', '950b08072e3fd2efccb4fd435eafc9', 'DLXB0000215', '0fa5cd3e35d44e1f2f8f11b0910b8a4c', 'ff8e3', '750961c06b2fd124b7c9efb8e115508d'),
(65000, '120', 'fcef5e758e6f7668e37ecbacb86f3364', '4ec91e7a7a438fa7c3b8511a7b694f', 'DLXB0000217', 'eac14650096fd603b0f32954121a8865', '654c8', '8a55d16f95d1f12caaf02773def674be'),
(65001, '120', '7f25c3db6a0933c48e49d7452d482abe', '5883f6bc604d24cffb222df5112b2e', 'DLXB0000218', 'f1c381867c916c2516c49f32c1ecc4b1', '0dab2', '0a43fe55a460fe7e6fe4e594306d4ec2'),
(65002, '120', '5889b34c274c8fa54ce921ebe46c48b2', 'a4eae17dd63ced7f2abce13e9f5aa4', 'DLXB0000219', 'f05ca4da155e6703c8b76539a7d23097', '52804', '139995bb7b229d970fc84f2c6d75f9f1'),
(65003, '120', 'd8b312aeff0d47ad2449242f8289f620', '11213e0dfae4fcf5280a1836e415b0', 'DLXB0000209', 'd508538cbfb9c2bb2435ce6a9ec83c3d', '2ef6b', '4e0e945bb350506bf1918f4afb91de3c'),
(65004, '120', 'eb8d74e50d09fba1f82d4dcc1245920d', '97ded8b2dd044f31c09edd138cf312', 'DLXB0000210', 'eed7116206e0582b758ffe7ac91e35ce', '2ef6b', 'b0fdc51b8a0f1318bf0627fbe30529dd'),
(65005, '120', '95f1b368a6881600c65b9ba438e30a15', '958bce37f58345df817e288e0b021b', 'DLXB0000233', '9b5b3c933696c1ec6e2ec239082a02c0', '8ace4', '38a1036e66cf1b9599d2f44d8bdac877'),
(65006, '120', 'ad7de3b74e22b7ee963e4e1088d48b6f', 'de37752798a3def9d36660ba8e5aea', 'DLXB0000237', 'b332d0d96783bad1901c88baefc08945', '1dad1', '96e14c5ed3bb7de3665371dd4cd6ae75'),
(65007, '120', 'f8221f4598b475f22b0e417d79027de3', 'b40afaecd34dd7e7418e00555fc3ed', 'DLXB0000238', 'bddce213344d2fe56e7fc4dac24a1159', '7cd57', 'dda0262721883a73ea5486c15dcdc4b9'),
(65008, '120', 'cebd23cce307bf54773b037491db7ddf', '52f332f75a880bd69d38790615a119', 'DLXB0000229', 'd101db66f29164471feb5333b5abdcb3', '73f8a', 'be06ea614f5c7dfbbc44ec85a9cd0288'),
(65009, '120', '544d17394ffbbacafc61ce37d3945502', '99f93f7db4ba590cbc6f495513ad20', 'DLXB0000224', '8b7830217302448b4dd5c04dcd99f8b3', '3b2c9', 'ca9e3e87cfb40f3378617a4f5a60fe9f'),
(65010, '120', 'f9d83a2322be4c468b6453795027ddd0', 'b32326ed71a09399226a317d2e7df7', 'DLXB0000211', '64ffb6ec18b3494f0ef872edf0b5cf57', '2ef6b', 'b39274b4bf4d22b34add6b5c3ab8d737'),
(65011, '120', '5a296bb35fcdc800dd6929e5a88dbe6e', 'bc942428810ac61ebac4ea634ba6f1', 'DLXB0000230', '0a50ad89d5212f360456eff2aab0fee7', '5b918', 'cee1e7700d7cd0b4ca631f335f8d0734'),
(65012, '120', '08e9ae771df0ffaecdf05a10a45a710b', 'a01dd394a4b26d4944b4768ded956c', 'DLXB0000243', '2d7b881701ba9ffde2a5b4d10c0a3984', '17d8d', 'd44449f9d2c2f1d25e2f8782a548ff6b'),
(65013, '120', 'b98812475120d09d10827e8bf94fbd58', '74a50704fdb4cce90aaa3114ba08ea', 'DLXB0000245', '9cc24fc5ea41fb307473554ec320e942', 'dbbd9', 'acf7ef943fdeb3cbfed8dd0d8f584731'),
(65014, '120', '429be5e32f5977643c40dc4c63557a0a', '02093e7953c6413afec94311b9f814', 'DLXB0000996', '5271aa52e52d8d10b5af478da4b491bf', '20e45', 'd03e833e5a0c56d3c82787ba75cea155'),
(65015, '120', '78a0d39fa473d32ce11d3571c9855f0f', '02093e7953c6413afec94311b9f814', 'DLXB0000998', '6c4e7402a5db3e7c6118cdaf34f7de91', '20e45', 'd03e833e5a0c56d3c82787ba75cea155'),
(65016, '120', 'df7461dc80515d3e1431a3a4d0d24cd7', '02093e7953c6413afec94311b9f814', 'DLXB0000999', '68b97f9687a4ce664437a4d5d1f84b7f', '20e45', 'd03e833e5a0c56d3c82787ba75cea155'),
(65017, '120', '3067109e6ceabe2ad441ad41eb7ee711', 'aae84cf0afe1c5e3be756e366d00ea', 'DLXB0000234', 'a43a2f7c4651f02dcae4d926fbc0d059', '73f8a', '32aede76404c716b9b78bdd227739517'),
(65018, '120', '4587499ccb54759866fdc96995296c09', 'e53ba67469da2a9550f86e7cfad89e', 'DLXB0000236', 'bcbef2522fbb66be98587861b3ae404f', 'd5198', '32aede76404c716b9b78bdd227739517'),
(65019, '120', '4e95b1be5c4987f072b81aa9646d1cff', '4730203f9c3c38340b846998c45b3e', 'DLXB0000241', '82da32a6b9cb88b6d52556a9e22a5048', '66508', '32aede76404c716b9b78bdd227739517'),
(65020, '120', '772765fbd2bdabb7cece8e3c1a1b9853', '9aacc5ed26e75c63c72ac88ff8173c', 'DLXB0000242', '302ff0cac54ede015b47922d2a535034', '8ace4', '32aede76404c716b9b78bdd227739517'),
(65021, '120', 'fc3c5c71b7eccd7f3b6a4871acbdff21', '0427dc00066c3f614a6a5aea435d26', 'DLXB0000244', '673248168aecd6f91dc77ec32b51e3c7', '3723d', '32aede76404c716b9b78bdd227739517'),
(65022, '120', '1ba1689fe896f6ac03c663ade5cafafd', 'b14d6656d25a6030693a229bc8137e', 'DLXB0000240', '350efbed408899150f7f6549f6f1de62', '3723d', 'acf7ef943fdeb3cbfed8dd0d8f584731'),
(65023, '120', '5637ac15a1e430cb31ca0f1b66219ed8', '416c2cb34c4c5068e81f0e34770969', 'DLXB0000249', 'd1c1e38c1b736ec985018ccb63083752', '2ef6b', 'acf7ef943fdeb3cbfed8dd0d8f584731'),
(65024, '120', 'da707b6e1190ba3a02d6a757e52e3403', '2d6316500bdb62234865d15acfb36d', 'DLXB0000250', '7e579c8e27a04df8302e9d779b03532f', '2ef6b', 'acf7ef943fdeb3cbfed8dd0d8f584731'),
(65025, '120', '736f69e30dadbd193b884e1c2c76c025', '02093e7953c6413afec94311b9f814', 'DLXB0000235', 'c6eefe0b5916a029421cbc2bb7095b44', '706b6', '94e280269714e0a7e87d50cb0d120e26'),
(65026, '120', '5e3708ea13fd3d37f9acaa419136313b', '2d86bf7ba018f3551690df04723f2f', 'DLXB0000251', '04d84510645832d175ba10e3d64d272d', '44c0b', '4866db73fcb4d1db787cbd54bbb41dd0'),
(65027, '120', 'd41868b8e51e2ad1fc9d4be366788733', '3f84deebee20041d2f1c4224906948', 'DLXB0000252', '1ad104c5f7638e2e8eca3dc4d4f1376a', '44c0b', '98db7593ff4291d266f0c8dba51a9ff2'),
(65028, '120', '978b9697c4d83be9d39ddb3b45efe926', '52c815c4f76c53dc94de310ed9f41a', 'DLXB0000254', 'f448d1135e83814ab32ca35756660900', '44c0b', '034640e52748323c9436b29651d75f31'),
(65029, '120', '8aafadc075285405252dc0fbff2f0f70', '277d3fd76157cf3d3bd72acd527c73', 'DLXB0000256', '641d3655f48285e22a5ad952c5c75995', '44c0b', '13adb5cba79b6da980d4ef2dd04653c4'),
(65030, '120', 'b69f4aa223d401321d89ee60505cd66a', 'accbfeee5d249b7d496cd0e36e951a', 'DLXB0000257', '9c9335ff7f68a1cb1fc3eeed0fae5d47', '62a23', 'acf7ef943fdeb3cbfed8dd0d8f584731'),
(65031, '120', '06a53f43f7f484c384be4c6078bcfd32', 'e27f4ac7ed775de0a955c16bd69bab', 'DLXB0000258', 'd87ceadf147849d81e21eaa787a630eb', 'dd4d9', 'bb3fee990f2c42fc0e97f68b8dd7af44'),
(65032, '120', 'e8afcf8cba4fc57ef8f743ca186586d9', '522601d05fc4c425f06ceee27e3bab', 'DLXB0000259', '8a4b5e82b0ba7de5ba235c3dab6d87f7', '20e45', 'e7b374d9863b6e5b6f15d5e21f63f18b'),
(65033, '120', '41be718323edcb67e6d47f60fd2358be', '0039f5b6b7780ccb9e10633fb7d571', 'DLXB0000260', '49c24c2f9d41adecff645193ca2b1f20', 'aa0e7', '387b72583ce175af181a97a7c3acbcc8'),
(65034, '120', '9523adeb48ea11da428161af10b0c395', '79fce8ac990b44c4d5a3cb348c21e9', 'DLXB0000261', 'b82df2c28059311480a0b70621e1e543', '66508', 'a008079a330504de566c3b6bdbb2984d'),
(65035, '120', 'ccebb960df8b9d8e80b37053defec688', '34e81be09b801422fde6b998fe4191', 'DLXB0000262', '73d960a89bee92700207261e7d95b6ce', '20e45', 'f12c390f44c210dc8fd0819c82655be1'),
(65036, '120', '21bc7147bdbb5b8a6defd431f64c40af', '2da23dee708f0e1a78e3e8ce43ad6e', 'DLXB0000263', '8136be9d236bef863168613a27ea28e2', '05fed', '98b9a1ea34db5cfaf8ebe393801fce6a'),
(65037, '120', '16a1cd3a829be7e8684b9be1ce07af69', 'cfd17f9376a88740f53d2b0ddd8e11', 'DLXB0000264', '0cc0b99f00ff2fd9b73bef7499490d85', 'aa0e7', '3f9a4e5478bf7860d3e877e3d3a40e9c'),
(65038, '120', '9c41b27edcf7e06755f01aa907111d61', 'bba578e55db3dcb39d2b2e62b98081', 'DLXB0000265', '8467e1f18a0b4eab8be8187123c1949c', 'd806a', '6a9b747e5b785679fc6a89087d63fa79'),
(65039, '120', 'ae9f7dbf8099de285262ca0094410a98', '31e3b9554845649a99c68ba314e6a5', 'DLXB0000266', 'f317208462fc5b0d771cadc6899046e9', 'd806a', '77b41260b71845480a024fd674de24ca'),
(65040, '120', 'f2c0d9c54c5be18dd1b6d92758a4fc3a', '7badccf8af6b7e349f7bc9ca11c4a0', 'DLXB0000267', 'f2083494333ad9cd1ee44c5c439e5c07', 'f063b', 'df5d3669b45ee6187983ad5ccad436cc'),
(65041, '120', '67ee6b16436f2e881ca10f4979905689', '94ca669cd43ea48174ca5bdfdacdc5', 'DLXB0000268', '93ddef699e3e65968485dba912829a52', '3723d', 'd4c7ddf02aad43775cad1ae876fac53d'),
(65042, '120', 'd5b7ed2c2bbeaf7e06c8dab30a4aa793', '8b9c87b4c441305d4358fd2c183744', 'DLXB0000269', '29d8c03869c39024dfa20125a55cc39c', '05fed', '9d23cfa5d89af1ff98468ded769526e0'),
(65043, '120', '8f2d1723f08c398511fd49d9848f19b5', 'bee26c6fe707ce7dfd8d97efd23405', 'DLXB0000270', '9bf5b9fd6a02775242367d53bf931137', '05fed', 'a244892478e09cd5aa12710e7bb2f79b'),
(65044, '120', '9902fc4a3dfedda50436569bb917388b', 'a5824d9f7d74f2ca4ba16b85331752', 'DLXB0000271', '2ada4ebc82d4c3a94460156f16c5e9db', 'aa0e7', 'a3a4f6f3c7e96ecab2ca5eda263a8ce8'),
(65045, '120', 'fb8b43bb6ed6d0e8f07941fd3f52001a', '691e4863307afacbe9a80740ea0546', 'DLXB0000272', '78723877fe15f8452ac275d2b12ab22e', '3723d', '5a72ffe728cbf01f3f714052536f2c30'),
(65046, '120', '08dd2e0d786f664a7997fef4275c7048', '96f05115797a557eb9c0a9169eb8a9', 'DLXB0000273', 'd1da4664776a51772cc1ac466001812c', 'd806a', '3828c478c620b74f6682b7458771b2c7'),
(65047, '120', '9db343c73fd42aadb0b6edcc81e2e097', '221abd45658d8663fe862ba7688e70', 'DLXB0000274', '7a09cbe4a8e2a5a7010b6c0cda23f338', 'aa0e7', '0266c363d00fd6b53fdaaca1e7940ff2'),
(65048, '120', '6e0b271ba278ef32b9f33eea05ca71ba', 'dc5f2feca2efe9c6a3592ebc7136f3', 'DLXB0000275', '636d89b1eafc77f0bd2d2cd1f7278642', '05fed', '8aeb3ccb71b62bfc64a688e50c142d11'),
(65049, '120', '9e90ee4acef1bfc9d03f996d937c65f5', '5c46d14ef1d6dd903d817d68b80369', 'DLXB0000276', '8c7f52ac1ea8ced3bff67959f5c4cd5a', '3723d', '21cfb50d7150427b01465b1aaed2f483'),
(65050, '120', '06442d5533443a6698fb453357eae187', '6ba37f3c43d7a67beb1501c4019c5c', 'DLXB0000162', 'b8536792768801cac7836d415d0b73ce', '44c0b', '5f9ee110a28f74b861aec5ff7361e25a'),
(65051, '120', 'ad8c266d25e6b57bbf975248685e7fc7', '14f4b5b24ee867a26f5c3c7bdad796', 'DLXB0000239', 'e69807cc9e898f5038df9ca5b755a21e', '8ace4', 'acf7ef943fdeb3cbfed8dd0d8f584731'),
(65052, '120', '0992957b49610802382ad4678a1d1f0e', '699877ba20c3f4346d51c9f4042106', 'DLXB0000246', '97e5103e93d219c6f1ed94b87ab04760', '7c01c', 'acf7ef943fdeb3cbfed8dd0d8f584731'),
(65053, '120', '1f96c99ebaf2a0aefddef8005c481f76', 'e3c64a3620de0f53fb8d91bb8835b6', 'DLXB0000231', 'b22c1fbbd7091341ad1ac2fde540dd69', '68fc8', 'd662df2ef7790d0b71fe7a30b91e7bba'),
(65054, '120', '9bd23161846196cb5861a69a71681158', 'd3471108855e1cfec5051124b1a506', 'DLXB0000253', '23163f0c4483e74ef35465837dad39ea', '844a1', '6049c5ac23e560d4f700be3ccca8c053'),
(65055, '120', 'cb55a848f3a9ce7f95c1e54d181c5a83', 'adcbcce7857a4bd3d60d2eb5a474fa', 'DLXB0000255', '51a6e5333c6eedb1bbb5b4d4d4f1bb76', 'bcb78', 'de098b6400e8d59fbaddc605e60cbb49'),
(65056, '120', '4a4147c1b91ba088ced49670790401f8', '02093e7953c6413afec94311b9f814', 'DLXB0000277', '1727e4c41c32530bd9e3d9b610c6a5ee', '20e45', '7e0e43b3835b1cc8b0908d47349b5323'),
(65057, '121', 'f557bc4f752332c45ef4d2d9cb1ae6c6', '85cc0b071f9ebff40df175698efada', 'BACB0000001', '812eba1e38f68fa18c66b8f286a5a8cc', '2ef6b', 'c1f125c02a8d08fa916a8591a3f0a17e'),
(65058, '121', 'd0cdc62db2c6635ba110cd2b3f363473', 'f8161e8c7b4593fe8d105c33693859', 'BACB0000003', '01f897c57acdc2cb3bfe5072b1c31225', '2ef6b', 'acf7ef943fdeb3cbfed8dd0d8f584731'),
(65059, '121', '9395c9ad3348d166cb89a2e2ae7d1155', 'b15aee218e6636930e6ab24bfe95ab', 'BACB0000004', 'a7d039b2019e6fed418c554916b47da4', '2ef6b', 'acf7ef943fdeb3cbfed8dd0d8f584731'),
(65060, '121', 'e7064890fb09186ab7b68da68b663191', 'cef8e7dee25b364a390e47a660cbff', 'BACB0000005', '1ef35e63309a043ccc14eabc01166104', '2ef6b', 'acf7ef943fdeb3cbfed8dd0d8f584731'),
(65061, '121', '222a3e8a38a1cadd4a3946d633906531', '61c5f023411b24b17465d8b80283f4', 'BACB0000006', 'ea2c4c9278b047adc1d8410b3dd90b4c', '2ef6b', 'acf7ef943fdeb3cbfed8dd0d8f584731'),
(65062, '121', 'c432abf9ba0b021c7b7b2709f297a330', '6cea64e3cdd440289d268bbb3aab01', 'BACB0000007', 'ee22921feda9431bb8b8a634fc6c1ddb', '2ef6b', 'acf7ef943fdeb3cbfed8dd0d8f584731'),
(65063, '121', 'c2f1665ed08827c8e0965e2a61bb0b59', '2ac005a14aa65039ffc6fbf2b9417b', 'BACB0000008', '517969c9d93c7efe95927c143bc43155', '2ef6b', 'acf7ef943fdeb3cbfed8dd0d8f584731'),
(65064, '121', 'a59eb2fa991c0cf37711eb040d780fb4', 'e7c465f6ec0e26eaaa2200f1b2ca06', 'BACB0000009', '4d151d885d58db14c51613a145e9ccd1', '2ef6b', 'acf7ef943fdeb3cbfed8dd0d8f584731'),
(65065, '121', 'e5da3fcbbcab5d9a8da428f4f39e85b4', '8f753c4cc3823a7f0460855be164b1', 'BACB0000010', '58059bf98a01257e1b85a05573a3a59d', '2ef6b', 'acf7ef943fdeb3cbfed8dd0d8f584731'),
(65066, '121', '234b5b6f31203228cdde3408478d922f', '0a21ea3c774f6b5970ed08f76e4d75', 'BACB0000011', 'df2aa3c603a8c3eb70ab0204ae4aeb80', '2ef6b', 'acf7ef943fdeb3cbfed8dd0d8f584731'),
(65067, '121', 'dad1dff3fee1b911b31361a217b7efcd', '3bdaecae1863b1882bda007138540e', 'BACB0000012', '01796b8c0a550aa31fe3ed98302082dc', '2ef6b', 'acf7ef943fdeb3cbfed8dd0d8f584731'),
(65068, '121', 'cda1879c0dcb03aefb8e8f2f43b6d5b7', 'b5fc0a8329fbd1b0e939e1f49693e1', 'BACB0000013', 'a1c0a2708b5826f39fe014aca65fc441', '2ef6b', 'acf7ef943fdeb3cbfed8dd0d8f584731'),
(65069, '121', '4a060973f411b7375559d3c5fa3b68f9', 'de64289fa53e1c3702b7c5bbf612e4', 'BACB0000014', '065d9b20807df530622ef2b9ddef1975', '2ef6b', 'acf7ef943fdeb3cbfed8dd0d8f584731'),
(65070, '121', '2ce3894bf9ba9e21f325cdb606787326', '50e0d3b6d24df55aac8b668332adde', 'BACB0000015', '0f2c807dfef634ffde70a117688e66f4', '2ef6b', 'acf7ef943fdeb3cbfed8dd0d8f584731'),
(65071, '121', '9ad2ff3552f4a5f8ba894066c6a1cd41', '925e84e0acb5c8b61d5ab963fd6d2c', 'BACB0000016', 'e433c9f5eaaee1c1e147b4d87bd2eeb9', '2ef6b', 'acf7ef943fdeb3cbfed8dd0d8f584731'),
(65072, '121', 'cb066da661f1511aa860bd1cb91191a4', 'f2bb37c5c386fe2fca3d3aaf26e74c', 'BACB0000017', 'ed4185dcaafffa986be8e08dbce0951c', '2ef6b', 'acf7ef943fdeb3cbfed8dd0d8f584731'),
(65073, '121', '42fa011b6415ca6393767a07f0bb1ac2', '13a319e4529c563ab82fe50975d5e0', 'BACB0000018', '6e11c73a2c93ef445a24d82798785b1f', '2ef6b', 'acf7ef943fdeb3cbfed8dd0d8f584731'),
(65074, '121', 'da707b6e1190ba3a02d6a757e52e3403', 'ac6fe3248604660dcace71595ffb8a', 'BACB0000019', 'c8a2877a26f450abbdf43864027d6881', '2ef6b', 'acf7ef943fdeb3cbfed8dd0d8f584731'),
(65075, '121', '6886c49e8fe76872a4efaf0e02588f51', 'c6e82cbc682ff18012582ec58239b6', 'BACB0000020', '791ad4a64a9b0cac351df330a55c2255', '2ef6b', 'acf7ef943fdeb3cbfed8dd0d8f584731'),
(65076, '121', '5cbcefdd596183a245ae0f26ccea34ee', '4a332324e9f45e89313e27f59a7300', 'BACB0000021', '62da3d9f8c76c801b5e4143a4a5847b4', '2ef6b', 'acf7ef943fdeb3cbfed8dd0d8f584731'),
(65077, '121', '25579efc8b9e80e4af2bcfd06b287a7a', '214c402575f200992fb48d6c61b1f3', 'BACB0000022', '93273a50c7ee2b5a2900a9c5fa8609b0', '2ef6b', 'acf7ef943fdeb3cbfed8dd0d8f584731'),
(65078, '121', '81e12c944058fc3e1ac374b8f58818e2', 'ac03f7c95b5502a1b40196c99d3d9b', 'BACB0000023', '3f3a76eb6aba67c8e8571a2c3fa67ee8', '2ef6b', 'acf7ef943fdeb3cbfed8dd0d8f584731'),
(65079, '121', '808d7f99c88c3575d07f7b226049559e', 'ee91fa4c55a1bb9f1b0ba8bdd64be7', 'BACB0000024', '3c758e3e990842a6eee4f198d5aaa277', '2ef6b', 'acf7ef943fdeb3cbfed8dd0d8f584731'),
(65080, '121', 'd4dbf099e05f768a90bcd3bcca0df0c7', '29d3ce02b108fe8da1d04c10be9309', 'BACB0000025', '30e15c46ee16ff6fddd388c7a27f23c6', '2ef6b', 'acf7ef943fdeb3cbfed8dd0d8f584731'),
(65081, '121', '56a7c66cc09f125e0b3231574503248d', '130d2ccbc6ad14271e28bf6e7f435c', 'BACB0000026', 'a28b88f91cd0f2f5b584a8ee237304be', '2ef6b', 'acf7ef943fdeb3cbfed8dd0d8f584731'),
(65082, '121', 'bfa9cf1f182b721301fa118474df491b', 'c08aa1191734425ee2e99b76b43e7f', 'BACB0000027', '6f4c4ccc553b965f3151b60f82a6ef3c', '2ef6b', 'acf7ef943fdeb3cbfed8dd0d8f584731'),
(65083, '121', '18684999705b788f5ce3b0b314cebc07', '0a50b0a26d2ce7da33204c18f53d96', 'BACB0000028', '7fb28883dfa23e68fc2285fb49f1c217', '2ef6b', 'acf7ef943fdeb3cbfed8dd0d8f584731'),
(65084, '122', '381d17ee79460331f602c3fd161478dc', '5706bebda10be656772bc0b71cf8b7', 'SPCB0251001', '5d475590e586993839c34c8a61dfe27b', 'ff8e3', '089be1a77d0376ca92e9568fc0101948'),
(65085, '122', '3bcaee329b9c8ef03b9aec55352a3ef0', 'd95917bc7eae7952d6310d2258d6ff', 'SPCB0251002', '4581f381213730e58a5ffb03a964c0bf', 'ff8e3', '9d7431ef4754519efeddd024c438be7e'),
(65086, '122', '53f6a8a3a311350c9a010b35994d3dfe', '7dc549d83c44b85bb9b46c477481fe', 'SPCB0251003', 'e552f2d57e5b2dd12bdeb44c02bd4c37', 'ff8e3', 'bd872b3fd14168410aab64b0eed76281'),
(65087, '122', '229e8fe36c71e6bb8bcfd374e1fc7f1a', '35c94871a3df1e3fc557612a622313', 'SPCB0251004', '45f4f4b90490da2bceb40d55628aef41', 'ff8e3', 'd86f9d21e60998949954c6099b849126'),
(65088, '122', '35a0c55bced2e7e61eede7bb46195d9c', 'ceece548588c5bc2f26572e734e3bc', 'SPCB0251005', '7a0b5ecc5bc093a8e3f7c4ba735b823d', 'ff8e3', 'a5eda9f3f72fc7e95844b515e97aba28'),
(65089, '122', 'c5f21046a0d8a81e3a75cddf5b92190e', '4dfda860f191b0a339d4cf1dda6d47', 'SPCB0251006', 'f7867845497f19151ea58e4ad3463396', 'ff8e3', '24f7c459801c1ac9ebab53e70daac42a'),
(65090, '122', 'aa646d6a6dd41f7b6505e9e7b52307d6', 'a9efd6ea5324097885e0527bf37e01', 'SPCB0251007', 'f51e9448546dd6e31e548ac598c7bd48', 'ff8e3', '5143d5438965f42dbbcda4d9a4bf5574'),
(65091, '122', '0677d214be1cd97e90f8fcf01d97ace1', 'ce9be9602abceae9ae280fb771e4f9', 'SPCB0251008', 'abc2a9590cb70ed275d8112fce5a716e', 'ff8e3', '5de76255ddb6f93c28a45f95cde45d66'),
(65092, '122', 'c92c2632fff4a9c6f95da03492da440d', '3c16b4c38d97f1fef08c95a2c0a18d', 'SPCB0251009', '47d701c35634c2b97890886586bac9f2', 'ff8e3', '867056f1cc7026226749625ce8ea363b'),
(65093, '122', '4f062c387eefba19bdaf63a44058f9e4', 'aea0d0efe2116d5fe5278dba3ab828', 'SPCB0251010', '3ca110d0b4e5ce3bc8874f83cc3a1809', 'ff8e3', '1fce756923ecc7b014234616edfc5f32'),
(65094, '122', 'd1cb2f295c5d4b742a32b5af8161f7bf', '86d6fd14919d17479d5880d77e9a91', 'SPCB0251011', '3fa79272b1fae6fbbe9dfec9edb7ba3f', 'ff8e3', '9a49182b7d1246900f7f4b71213a5e1a'),
(65095, '122', '51b8a7d20db32c0dcee8e2ed7a10a19a', '11db3d3908eec78b17f1c9d9a5d054', 'SPCB0251012', 'd977c2791728abae2a26d1a209f36465', 'ff8e3', '8bc8560fffafde6c99ed08d00f3d5cc8'),
(65096, '122', '1fb286f189679bc2d2e0a58c4413ed7c', '8e379e679a25b25107fff02214657f', 'SPCB0251013', '7b6c87b97cd5c00e2bf7402b9f3bb70c', 'ff8e3', '7e2425c27c77b3bb74c6495f2714edcd'),
(65097, '122', 'd4ac381292fe773736d14aa6e8754cd4', '66ca3410bb46aa9bdca57dfb1093a7', 'SPCB0251014', '11b36080ed47fa728cbec758f8bd4bc2', 'ff8e3', 'a3db899154db07a95e55b4fcdca28eb1'),
(65098, '122', '3e8e4b158d2b9a7c41658a474dfad34b', 'aec6d4a6687941b237b1dba70bccfd', 'SPCB0251016', 'dd8381b3111da26ded65c6c8a3baff37', 'ff8e3', '1a89ffa5089c984ec4330c51c274106f'),
(65099, '122', 'f4b365fb25a480b0887f6f4778cc8f07', '539de7a1751cc81780b7daf24f731d', 'SPCB0251017', 'c95f754dc4431fb7fbcf3c6fd76ca68a', 'ff8e3', '568bd63239ad811a5f63b33f894c96fd'),
(65100, '122', 'ba667334c75c3241eb8962c41bf4bc3f', '61111e9fa73098fafb9b12f133b35d', 'SPCB0251018', '86b9699462cc8039f7af5c69af7781ad', 'ff8e3', '3752f2cdd3fce875e8e561704e17c577'),
(65101, '122', '25717666ee63584893c1e9215f82639b', 'e9afbf83bebccf313c8568c64f7834', 'SPCB0251019', '2ae8b89e30f12958b9286ad4a9917da9', 'ff8e3', 'e4152ff6f7bb5749b6e16d2c9352f661'),
(65102, '122', '27a0c8684e02081879c5febeaa3383e4', '7beff3ca84b3dd51800f04ce127209', 'SPCB0251020', 'b1aa22afffba33992b8a12ac94f8a8c0', '3e020', 'b596c885496d556cfdee1bedc8db6fdf'),
(65103, '122', 'c8c725f63143dbad909c243c685d9aed', '0f42d766e51a6c65ecc85347992098', 'SPCB0251021', '5ee73ecfa25c26abd6fa950a9ea6b888', 'ff8e3', '51b187015aff4c8048095d113440e91a'),
(65104, '122', 'f876a03800341e542b88484478e53d34', '7f9b349e8abdce1eac510f9fface8f', 'SPCB0251022', '9ef24d04f15493e792cb8d9cc21b13ab', 'ff8e3', '50bd9c3eae7b45ff50d2352505f3b592'),
(65105, '122', '43d3dfbb2bed46104045ca130d16e045', '8727bd4bdb9f61d673430833ffd51c', 'SPCB0251023', '7b62b2b1c6fea75118c0bf58d5661305', 'ff8e3', '5aefa0b9a4941a9aedaaab7a59cf1c63'),
(65106, '122', '03617d2355fbee52d9321177a751ceb8', '12e8b6ac1f231e5314ab6371f79702', 'SPCB0251024', 'ffe52d62cc6d887becbbf3a1cc4acc95', 'd5198', '64a793e7d614c7259cd8af89c546ebd8'),
(65107, '123', 'a6d269033fb296c706f05311c7acf3f1', '067e6bf3c1f6e48d7c99904ccce1d1', 'JSBL0000002', 'f4d4ba9ff7e070c36bf09fa56c722720', '73f8a', '920e364629a7441d794ba064f3225be6'),
(65108, '123', '2a47f89f8d260f1e5be390384f9989bb', 'ee7354dd68a2162edd63e98e1c33da', 'JSBL0000003', 'd10038d39f5a61cdc0c04d3df6226f15', '73f8a', '6babe8fbad6674798a760bb409775e36'),
(65109, '123', '5657b3a393439ba27b208f9c3aabc6cc', 'ac4298b730be64662a0d092037c5ca', 'JSBL0000004', '10d0a2ebde8fcc0aababf56f08a4b78d', '73f8a', '1f726ff099ae915f05c8a7ad00fddda9'),
(65110, '123', '30087a9230fde54dbff4d4aace411b04', '3cfb407ce960d21ffc03faeb1540cd', 'JSBL0000005', 'f3f7b68e0db3074309cd1e7fafdba082', '73f8a', '2f2b73350f0efbd1671c2d7244840cd8'),
(65111, '123', '10f605bc174c8bdcaaf89dbbc30c97d9', '350be32d58b1e6a76dd2ade38aa503', 'JSBL0000006', '0923ee67646fa81ad19d0ef9f0d56f3a', '73f8a', '1409997017629713a5e313f375650dda'),
(65112, '123', 'c53eeed9a4ed8e999511131ef7866d61', '95e9afb756982d930ee810cc740c42', 'JSBL0000007', '780b7e0e406784b849fe3dc96df2c775', '73f8a', 'd703f1bdcfd9f186f67b6197c69ea3fd'),
(65113, '123', '15be2fdcbdd476f9393926ffa6129e07', '0f19ab90b24c8f3ef86e0c44d4751d', 'JSBL0000008', '35a4b860f4dd959ab4b4105b1aa21d14', '73f8a', 'a68cec002ad0b40bb8308d335428419b'),
(65114, '123', '028e65574d48d901ed755de742738134', '00a07a4931f89438074adc04f6470d', 'JSBL0000010', '94fb9953512e666f057d0021df2be512', '73f8a', 'bdc6963dee2fc648e978b936a1a8d34a'),
(65115, '123', 'a63c47de109bc165c427590b6f32b5a1', '0f538fe27ab88cb5e6566afeb466cc', 'JSBL0000011', '41e6736539bf237322a5eb8153cf7cc6', '73f8a', 'b045b255797784a80b0e2501ce560051'),
(65116, '123', 'd86efb7fbe0787da7b8f5cf94fe804f6', '25553e7be83c0f8c9aad93e0846e54', 'JSBL0000012', '1391c4f8f01b0cd3b7578c2399616d11', '73f8a', 'b1a56d2949766230c17316166b327d5a'),
(65117, '123', 'd3461f539faddf978c2c11c2b7060968', '5839449b63a7cbc0a7f53309a24c24', 'JSBL0000013', '103cb2cc885a5d678d4ffd28718685ef', '73f8a', 'af500018d0947f397811685c16e9d9fd'),
(65118, '123', '56c9030c13d18145d2cadd195a965189', '61f05d94856c31aef96ec968b793c2', 'JSBL0000014', '4819f5d59835a1ccaa479d72db602289', '73f8a', '342d6664e2028d1a40fcf953bdf64908'),
(65119, '123', '250c111ab8c8bec5bc084109dd603c98', 'efa43ca1d9c609c5685a78163bc4a0', 'JSBL0000015', 'be0113571c524bcb5b52d5f46101aaac', '73f8a', 'b2ca7a191cbeb947e8a3baa2d61cf775'),
(65120, '123', 'd253496fee918cc304732faa88962da4', '2f8e363340dd46323e93c9ff8e2491', 'JSBL0000016', '85ddddb7c7dd996ca538abce4f52a2cc', '73f8a', 'ad96f1b4b68622da6f3321c6ce773c0f'),
(65121, '123', 'e6d9b8d896c62d1900016ead5795d709', '59eb1d895ff0dae081f34bb4cbb94f', 'JSBL0000017', '9c583abb89df28a67a67704ac332e51d', '73f8a', '8f3df5341580e77dfaa9e439d0c1ca74'),
(65122, '123', 'dd35553708fcc4fafd2835f19e95a412', '835ef8f72558a2fab138a26c24b140', 'JSBL0000018', '38c748ec3b7f35ab97c4e293f70e8eaa', '73f8a', '96d980cafd91b855ac8b143cfcedd646');
INSERT INTO `bankdetails` (`sno`, `bankname`, `branchname`, `micr`, `ifsc`, `address`, `city`, `contact`) VALUES
(65123, '123', 'bb96b4169e9a663ddf946fc39c78651c', 'd9cd4b84c83777d27884b40cb35758', 'JSBL0000019', '230fb76d5783ec14c95a8a598f62b11a', '73f8a', 'b756fef8f4dc7622e8d7186e42fc2a81'),
(65124, '123', '1a513e9514d4061c2f85be18a739d09d', '9298363478aa12c1f7ea4139395527', 'JSBL0000020', '5ca3e1a220df558587b95b425f6c8456', '73f8a', '185e175e5e45a64e1cb89e042ed9c91c'),
(65125, '123', 'bbcb9befc0114b37f2fc53abff953706', '2edaa8335491e165b6862939331f7a', 'JSBL0000021', '86fc2ee5bdc46307d804c6ad2f67fe01', '73f8a', 'd36bf3d34410de874f7d2bb18da96ad5'),
(65126, '123', '874b6e3e4474c9f3ed723ecd42be6686', '7d8e2cd888d5e4882a01ce5902b309', 'JSBL0000022', '72abf468e7854141ec49b6ebd8f696ad', '73f8a', '45328c8d3352da1cbae8d8d11c12d1ed'),
(65127, '123', 'd406b78ddbfc3305d91a387a3554f709', 'c00115b1f8e253dc728daff0f160a0', 'JSBL0000023', 'facab4132406b83025bd7794fc94ee65', '73f8a', '5a77cd1dd47df2c3e377d7f5780bf161'),
(65128, '123', '9ad2ff3552f4a5f8ba894066c6a1cd41', '445c18e3d368854adbab06a25b69b0', 'JSBL0000024', '6b9162935cdfe9a00ae099130842f4fd', '73f8a', '6c57629683e4a3937d2ba73bd3abead2'),
(65129, '123', '7f57ad0379a628928803ba0dbd1e0723', '2a68e79c3f14ba33c5798b7b85cebb', 'JSBL0000025', 'e10500125e858d0b6477017a1332cb14', '73f8a', 'd2f4a4890de1c6b2cd87b2c781fac05b'),
(65130, '123', 'f235c1e4b7ba8e9b70a96d341e7496ed', 'ff7a9727fe9f55654c331e570c914e', 'JSBL0000026', '6c623df4f109ab3509828c13f2cd38c0', '73f8a', 'd7e603fa8f1129a29ac06f2c6191e178'),
(65131, '123', 'bfa9cf1f182b721301fa118474df491b', '2a73a45bfe9ec49371f2927bc303b1', 'JSBL0000027', '639580075d79c59812e9a44f57b52d06', '73f8a', '2534a82c95100b457fc8ac7f41d22bdb'),
(65132, '123', '9e72580f7321bcbe48a53f30e723b0e5', 'f2013c9074d79885ed1ad437a6ed80', 'JSBL0000028', '5381bdbdc8f9262555a17fd6677085f7', '73f8a', '65ed2d31918dfa4ee4020dc81d92dbdd'),
(65133, '124', 'a3688b33cc86dbef603508af88976dad', '2301d68ca45d14dcb5b42f1b5a230f', 'KCCB0AND033', '8fd908af5e776f9bc6874686dbdd1768', 'd7a26', '2f17eac0974421b825d6d4e21de858df'),
(65134, '124', '9d008aa8517c2346465aa5faec10f4ae', '23c1f4786cf6ed170fa42372af4ac7', 'KCCB0ANN022', 'a44ce313e4ea5a739ad756d014484ed2', '4f894', 'a9b0ad6ae2a9cce019efbc7053f6ad6e'),
(65135, '124', '54303eb9bdd4fa02e8db052bb4270d0d', '91c269c9dee965bd9c6c6646643662', 'KCCB0ASR010', '6be101f42a2f98e6d91ff9e5ae5598f9', 'd7a26', '2f56c56f3fcafa18b002dafd80270592'),
(65136, '124', '92a86e289e8a9dc92e789e333ebdd7b8', 'e654ba4e84eaa214c5542ffb5db1b6', 'KCCB0BDK021', '28ce3359ae48c088c741423470ac2704', 'd7a26', '260f23778be0a90e3a49137661ca4554'),
(65137, '124', 'aa77de3f51ad858671c16825504628be', 'df359c124b14c1328a27b1050133b0', 'KCCB0BPL018', 'edcad3760bc076c3630da494b7b88071', 'd7a26', '402d8fa6826413d7d2d9323d9a43dfc7'),
(65138, '124', '90d9b45de474333360f57ef2606070b4', '93a907f37d0434793e98520b20ed0b', 'KCCB0BPN028', 'd4c4c577f324b7df5986a66190f50acf', 'd7a26', '3a6297d32f7dd485445576212f7cbf33'),
(65139, '124', 'c19910ee99922984ce48c6965d24b528', '2ae2e21265b6b777dd19528ec22991', 'KCCB0BRJ004', '0c3d2c7530ed9e47561d78d3d1a4319b', 'd7a26', '6a78bc880068539d4b4d59ceb9fc9757'),
(65140, '124', '698ee89212848e2b7539078424024a27', 'f4f14001bfd33874da570e3cbf9d0e', 'KCCB0BVL003', 'e82a5f54dafbbd09de7f63adae9df57d', 'd7a26', '0b94922ed3367b3f9d18358eafb03fdb'),
(65141, '124', '19444e7a5e389008c7f6843ed24a5186', '1c4e08a91221803e6d77bc5e47ac0e', 'KCCB0DRV017', 'b8cc3b88a7afe6ddf766983026bec0b8', 'd7a26', 'd5bd7d3c87d59bdd345bdc308c8c5817'),
(65142, '124', 'd5fbc27d9706020bb05439aa973b5a10', '00d520662dccdf5ead83ae2b474bdf', 'KCCB0ISP019', '9e02f0bdad6bff70e9e080cea3a35b7f', 'd7a26', '57b6ce4036b6b4c4358f907a092485d4'),
(65143, '124', '1ece19fcc51aa27de71db60a90589112', '2dafca36622f8f63a8a92fc3739a3e', 'KCCB0JBR035', '9c81518b1a546499e4d5e2de9855cfb4', 'd7a26', 'ea3ccea7aa0fa568d76912c4e5d9f2c8'),
(65144, '124', '669eb5a95244e82720e7a884385af384', 'f6d20689750af9989de9d5068e508e', 'KCCB0KLB026', 'ea1dc7d46eb29f1a687fa322564b4d85', '73f8a', '912048fd252a280f07d6d99aa1269575'),
(65145, '124', 'cc35cf36fa4120039d522bbeb6d72ebb', 'f6d20689750af9989de9d5068e508e', 'KCCB0KLP001', '43084c77ef5776dba0206c544833196d', 'd7a26', 'fcf01a94c2ffaf6ee039faede8646c82'),
(65146, '124', 'dae35d5cb82cdaeb618bd0bbc36327c2', '0abca737e329043db3725e5b5f5707', 'KCCB0KMB027', '56c738a3874775fdfefea3dad831a268', '4f894', '193d9d3b48e540f011c876f61ca71469'),
(65147, '124', '7cc238bdbbce9915bbc2ced8018970f2', 'a3c8f67d413942bf4c6595ab02eca9', 'KCCB0KMD002', 'ea8808cfa59471011ddb02c8e3434e17', 'd7a26', 'edcb2be33935d4c6f2a7d6280866d62e'),
(65148, '124', 'abf029b9b45153ace8b8ed4e453fc6f2', 'ca9a29dbd6576b07fde5959515e3ea', 'KCCB0MDR030', '028121b53694ebfebb7d8ade11e30dbc', 'd7a26', 'e8eb09e8402bb7ba60b2b525ae29f82a'),
(65149, '124', '76c847448cfa8e587471a4c22f9b2846', '4eaf1b3e36a7582333e84eefa82abb', 'KCCB0MNN025', '1c645def662432ef4b854dd9049e3885', 'd7a26', '9d4e3e1aa3c9b03fe2eac39361588167'),
(65150, '124', 'ce1f130e60d4facc4125daf2f29b17f2', 'dc6b810fb32a8be6783c442ff62dd9', 'KCCB0NRM097', 'f39e3f769c5654c02399a6b66020da33', 'd7a26', '61fb539588d6e9142242b3c5234f7266'),
(65151, '124', 'f164cae9b0f4fe3db1d1b9d21b9dc504', '11f26f17fd55503a5419cfea7473ca', 'KCCB0NVW016', '7aaad879371b8941e9c7a8c4d0238909', 'd7a26', 'c1a9136bcf5b8da860674c353d1ef0c8'),
(65152, '124', '6677e46bcb22dda3897dfab569bc5706', '6ba8ddcaeb2df8507893e4f7f6e5e3', 'KCCB0PCR011', 'f2f5d0725b70def1f6f3684c5d8c49ca', 'd7a26', 'df3d43a1d8695bb957d523259aac4cf8'),
(65153, '124', '9ac8c3d6487c8e43856f020afa048e7d', '334a2a54b372ccc9341d62cf9941d3', 'KCCB0PCV013', '2e0ef23b85d8c35a496b9a251cb42362', 'd7a26', '43437ddf43ef089c9059044c204a7ae6'),
(65154, '124', '1b4976be2b2ca425fba1d6716ef85d25', 'f94af5b0afc0403ec0f624c8515dde', 'KCCB0SCR023', 'd91d40d68a3096a95385f40368808ba8', 'd7a26', '9fa0b3b3718f2a2144bc989cd897c69b'),
(65155, '124', '0fb1cd3a7c9341f45afcaa55b436b8ec', '6a92ccfe8b3e6178b6ec7d551fa94a', 'KCCB0SCT034', '99a5f62ac6d16c99959df023465baae1', 'd7a26', 'cc67a359fdde838bf5938e5d21a1a4d4'),
(65156, '124', 'd3ad0bf94dac8167774699e61a6b4aa9', '57e7b9530491de0c2cab2a9c3a892f', 'KCCB0SDR031', '641224b543f3fa10c7af4aca58bfb430', 'd7a26', '5a58402d3019d17d584be0339693b2ef'),
(65157, '124', '0505e4c0a53fb326a8382453d76abc55', 'a838c80d2054f586dcb952fa160793', 'KCCB0SLR012', '2b502b44a5f54c2a9ee5fedf2f017434', 'd7a26', 'a76cce92783fb5cd7278a9500d43d3f1'),
(65158, '124', 'f3974e175de6ea56edeaf86ed7e7eabd', '0ab0b24a83f4fa820aea904e2d7434', 'KCCB0SMR007', '65dea4c3a01f44c7ffbb0b18a9c621f9', 'd7a26', 'f62df04c918cb32bdc32d4db989bfc79'),
(65159, '124', '76a7d8be431bc9bf2eaa486748944fc7', 'c6ed8bd37942cd5b4b1004eca356aa', 'KCCB0SNN005', '51e2fd93f9be14bed092adc3d6e6b275', 'd7a26', 'bb3f6ccb7ba72f04b6d18fc3341c9d0c'),
(65160, '124', '77fa658b0d05cc351bd45c29931ba49b', 'b7c1bafd4af695605fc9b6d900a420', 'KCCB0SXS008', '1b904310de976378f9ee64af9a9751fc', 'd7a26', 'd153052076b1405705f7d860ff47637f'),
(65161, '124', 'c10ea6b34bccd20606b904fc8877e6a9', '66cbaa241dd8bd208d5e31f0ede5ba', 'KCCB0TXM032', 'feea0b8dcaac57d117f05e28a45df27a', 'ff8e3', '397e62adf1a6f73952257ce013d06adb'),
(65162, '124', '3211ff82b1a4068907376cab1a91e65a', '349ec7492080761e6cf91402fe7526', 'KCCB0USM006', 'ac20603a9c9ade46beedfe8bfb1f05d8', 'd7a26', '1f8aa0f8fe412132c2a1cf6faae82794'),
(65163, '124', 'a228875c138ce6ab8d538e5b35ec5ecf', 'e288691a29aa5e6fc676d1d88f310b', 'KCCB0VDD024', 'ccaa2d6d60e74c5630a5099b4823a989', '8a821', '0d762a03a45d241e799a911ecf20b247'),
(65164, '124', '6491cef0dc41400989649dbbef4a1c40', 'f14701f426cc84e569ee79b86c866e', 'KCCB0VSN020', 'd57615f6fc602064ac78990914a0d156', 'd7a26', '0f32f8722f2dde3e0ca3806ab3aa7f91'),
(65165, '124', '8b60ddff5dd2491bb9995a73e92dc63b', '4b076bd9cf223906b178aa93ca08f6', 'KCCB0VSR015', 'c11313291a59295a31e08a318788b82f', 'd7a26', 'fc820e1d4058e4d1c226677b0cf9da1d'),
(65166, '124', '08aaa11dd9447dc8a3aa79171d67ca5a', 'b4eb6e2880056be234466bba280884', 'KCCB0VTV009', 'ad9fd7b6ce9e8d3d17acb94df7a91ec5', 'd7a26', '8992c1be51bca9421c9566c06cb503d3'),
(65167, '124', '473a9e220afa35267f529b0267278549', '625b80125eaeb5d8a94c9589a9a0f2', 'KCCB0MJL036', 'a3eddf768c3d6b4d5b16da8e28701f2c', '8a821', 'a4a428310e99b173ca3aaeb5f66dea98'),
(65168, '124', '7b5541bf5804286606beac72feb15274', '8673e080ad729ba7cc833111261e58', 'KCCB0UDN037', 'e6884d7f16d6299f85d8b717bf0ee792', 'ff8e3', 'bd0b58ec42c8d39d8fbbd48067372fa1');

-- --------------------------------------------------------

--
-- Table structure for table `bankname`
--

CREATE TABLE IF NOT EXISTS `bankname` (
  `sno` int(255) NOT NULL auto_increment,
  `bankname` varchar(50) NOT NULL,
  PRIMARY KEY  (`sno`),
  UNIQUE KEY `sno` (`sno`)
) ENGINE=MyISAM  DEFAULT CHARSET=latin1 AUTO_INCREMENT=125 ;

--
-- Dumping data for table `bankname`
--

INSERT INTO `bankname` (`sno`, `bankname`) VALUES
(1, '81832bbf3a2eff73901630daf503210a'),
(2, '9ad20d6a8b9043a768b78799cb7fdbd0'),
(3, '9cca388f587da967f738c9f4610c0592'),
(4, 'cf090989ad47387d06073d7a114a769b'),
(5, 'c510390f9d95dc0c3257ccf76e40a41c'),
(6, '5a8d16975478eef5723ea6a459f26d10'),
(7, '492d875e52e9f91a5747bed6541d9871'),
(8, '0dea7a4efa92977ac7e1f606c626741e'),
(10, 'c406ed66026b881a619ff478148d5525'),
(11, '8663ee9c8413ad66c54a29c8c2655e1d'),
(115, '64dfa223be4671561004aa9c5ab3fbde'),
(113, '34ec4e185f85e5982315157f1a7ca356'),
(17, 'a45c5dce510a4127015b4206ec0b0ddd'),
(70, 'bae9a34ef790017b18aa10af367c3511'),
(114, 'eea2c8a21cb90129337bc12b2a6ccc40'),
(20, '6a753a8fd036a08620b9f8bc30dae6b8'),
(21, '37889054f68987ac00d5ad3970b9d01d'),
(22, '36f4dcc5db6787f501e416a9e4f2b66d'),
(23, '19b4db69dc5d6fc7c1db03ba2375b52f'),
(24, '36c8d0dfd75935c811d2bb3056c00bc4'),
(25, '4de558e54e757f19b8c5e643bed6de16'),
(27, '1c79d012363c7dd2fddac8bb0aed4726'),
(28, '606b8daaba62e3fb00bdcd43b859b148'),
(29, '5e867c2c0c6cdd2a15fe13735e109690'),
(30, '2c4012b394d87ddcbd6452df19f1de89'),
(31, '1b6c6ab511a90ca659118d7e10c2a988'),
(32, '7b1bdddaf92374024e287f7a31f8e6ef'),
(67, '3664af9e73f89ee073be653ac5c6fa2e'),
(34, '613b425d9c8d1256146d0b663f4ed5c2'),
(35, 'acab905767264ce3e242732be62cabe5'),
(36, '46d7e3a501614cb6e6660699820cfdca'),
(38, '0f3640f2fd7e8fd26368a15fe47f6b16'),
(39, 'ed64f39b27c15bb8c313c8eed4f0c6b4'),
(40, '707c2532a7ed8edbb97b4082bd78d05e'),
(66, 'f416882dab0dad890dcf33757d4621c7'),
(42, 'f8f8f7fcceffcd4c66e2e4f9670b27aa'),
(43, 'f962ae80689c36c9877271cd54d71bc6'),
(44, 'ae1edceab1ee956b33c87b38707bc14d'),
(45, 'b84fdb87eea77d9f290b991f53314a61'),
(46, '431a31847f6ac7b7c03e6eb98c6ba753'),
(47, '0cf15753e73b926b85635959976058a2'),
(48, 'ec05b46e1a958c85e3fbc6caefe4a97a'),
(49, 'b9d0f5412ef0f348597c0ad0e42d7365'),
(50, 'af4a20e09e3e47b5e5e402f40ec07cc4'),
(51, '83326ad51c62e01b4b9597abd6885642'),
(52, '9b1a30788d86ee2f9f7b6adf0e5b561d'),
(53, 'ae30803127e3429c7c21af9f135cb073'),
(54, '7d9c9f8723d798486c694c0eccf26e66'),
(55, 'be64e4745982e0deecca0d85f517616a'),
(56, '76b3ccafcd5fed3c65376bea05844b25'),
(57, 'c69cd89c40eb243e01502a6616d58d7a'),
(58, '49a1d868686390fcdd5a337bee564b6e'),
(59, '2bc998347f10212b14445f91231ae986'),
(60, '8178cfaefd1b729904d11577c1928c5c'),
(61, 'ec2e5d952d3ccabf2d409112ad905891'),
(62, '63a696e596714ab9de40099144fedd99'),
(63, '3c650e8fbf66a254a2ee45aee9ede930'),
(64, '4c1cbe48f27881001a26504a776c7fc7'),
(65, '9fa350c7cf5a8cf342a9aaec367f6e7f'),
(112, '7d1b60628318ce6fbac8493b6bf09471'),
(111, '84b5d3222ca681db116e82413ea355ec'),
(74, '97356f5e72e6b01449a7db46432171bd'),
(76, '155d9a6a46b6bdeed648b00b9c73147e'),
(77, 'e7786ec6d35d31a98092525e2bfc7fcd'),
(110, '287b9fe8fb2c9c64a0cf0525f833a08e'),
(108, '5f70699e7b8619de96684c96615819ee'),
(109, 'cd11c6a89125355c12d1bfe43799c659'),
(84, '5aa13d18a01b754a0f16f5a1bbd2bc0e'),
(85, '3bd25550f1c6f37c4ed1cb8ae5a800b7'),
(86, '62e83e6bf11ad7f34bbae356f95b28ff'),
(87, '7ae4bf13fa042c5c8ad55f404d4ea48b'),
(88, '10c08e77d57bdc24388421a74cefa9a6'),
(123, 'b8a649957319fcaf4301f314e6905fc2'),
(90, 'b324d8acb015b512462e36cf8b39a5c6'),
(91, '3a85e13687fbf8f71789d4222da34188'),
(92, '1660de2142981d39f9455551b10626d0'),
(93, '031c9ed067ed340d43680d6c1dfa15da'),
(94, 'fb5be704b906c6261d9c5c84a0f63cdf'),
(95, '13c87b3899fc09565901b2afdc30fb5a'),
(96, '1f422d8a9acf6000ebaaa0197a88efac'),
(97, 'e03dfe16f3472b6ddf676fe634555071'),
(98, '7784e37bf878031e94989838a522b935'),
(99, '307038ac96384fef6448ae223f28408f'),
(100, '1d1d6d30a860cde2ee1c26bcb4c8dc74'),
(101, '2f1d8befad233a88d4f9ada53a2404a6'),
(102, '5e120c95aa2fcad58bdf2970edfbf981'),
(103, '91d906ff003b596fa354da5d910ccbdb'),
(104, 'f2a5b3f23c1bbfe07d4a5005088a0473'),
(105, '723bae65614dec7557e3a9286ecda11f'),
(106, 'e3e0539dc3933caf37ad55c1911f6507'),
(107, '5af323e0de107ed542d589ace62b3f17'),
(116, '37c5c7ec91d5c19b6f32db774531124c'),
(117, '4eaf734ef47b30b7ff206e1c3d9b5ee0'),
(118, 'f9daf50537edc56e9e7a0c4f483867ad'),
(119, 'd84da65e27ba9c0b18026d51296d768d'),
(120, '7df94b846da6f89a132d334ec9818046'),
(121, '0c54649584253db6b782b2bf4d7bd4cb'),
(122, '72e16d672edc8833d46d2f456b125262'),
(124, 'd16db879ff5ccbbbcaf2f34ba34420c8');

-- --------------------------------------------------------

--
-- Table structure for table `city`
--

CREATE TABLE IF NOT EXISTS `city` (
  `sno` int(11) NOT NULL auto_increment,
  `cityname` varchar(30) NOT NULL,
  `state` varchar(5) NOT NULL,
  PRIMARY KEY  (`sno`),
  UNIQUE KEY `sno` (`sno`)
) ENGINE=MyISAM  DEFAULT CHARSET=latin1 AUTO_INCREMENT=732 ;

--
-- Dumping data for table `city`
--

INSERT INTO `city` (`sno`, `cityname`, `state`) VALUES
(1, '8dc960145485d1bff1e22a226c71a1', '18'),
(2, '1d5043340eca7e705a48730c85fd67', '1'),
(3, '0a4bf11c5b3925d3d36086afbedf2c', '18'),
(4, '238e1ed0265db0607c9c048a7cc409', '18'),
(5, '5c4e1f1cfbf967d67ea3777e02c6b5', '18'),
(6, '3a3f6a75e8bc7246ebc403e8c1db62', '18'),
(7, '660662c5c301099acb02633bddd3e7', '18'),
(8, '2bfbbe091b30360536ba01ba4352c8', '18'),
(9, 'cffee20fc3c84dd7af93f5fb5d802f', '18'),
(10, '79633a23508b7ff9d86b31432a15e0', '2'),
(11, '1d3c1a1858c9508939292da2a867be', '8'),
(12, 'd33a8b79443da408ce9287ee3319d2', '7'),
(13, 'c2a79a9cc0e4ab4b7d0e6ecf5ad8fc', '7'),
(14, '3d9fee1cc7a9843e091a50077f49d5', '7'),
(15, '3b293f535629e613575b0f7898befb', '7'),
(16, '991e30f660b7b4680f9f5c02fee6c5', '7'),
(17, '2d65b87d2024330672b25016f35cbd', '7'),
(18, '92b0891b6b6f7b79a106c3603b8236', '7'),
(19, 'ed5e02047a34dde915d6afe9784d48', '9'),
(20, 'ef4c6f86ae6088606f17bb835191c1', '9'),
(21, 'e9a271f545063872aa085acb612ab3', '3'),
(22, '4d92ffdc7ffc90b587be40f6de68e5', '3'),
(23, 'a5aec2bfc0e8b8947b4da0302240c7', '3'),
(24, 'a336292bcc042838cd8807c5eb45e8', '3'),
(25, '1ddb9df89cd780731e297e61b96e55', '3'),
(26, '135984bc2a07a83a9663f5dba66a16', '3'),
(27, 'a31010a194d6a8a218529a6b50e447', '10'),
(28, '1d24da99d76261eb5eea518778c99e', '6'),
(29, '3872466afba8a5745801a3c66b9848', '6'),
(30, 'f53a0988c7e63a15045631456caef2', '6'),
(31, '028e43cedbea0bb1eaed5511e95bd3', '5'),
(32, '6dc9d5bdabd12434325f7b7cb46f9f', '5'),
(33, '386179c271c4eadbed04d3fa55b21a', '5'),
(34, 'ce6a03a51562f98661bf5b906b74c5', '5'),
(35, 'c3fdf35cc42d07d92616e965727a3f', '5'),
(36, 'cd636b85e0aebbc2dc856a9b945e0a', '5'),
(37, 'd37fd4bcaf4c787009faa49e9dbeaf', '5'),
(38, '53766f34b27a0d3454c4eef8a499bf', '5'),
(39, 'b4e19c80a049f19a811db954e2a281', '5'),
(40, '045aeed3f1e2c62bf7d0caca26f4ef', '5'),
(41, 'f4d093e464151133cd69b1891bd1b3', '5'),
(42, 'c19840b06fd0500dfb87f4e6af9558', '5'),
(43, '0c52b71141fb0bfc6412e44c89adcc', '5'),
(44, '24972a30bd9d66cf3ed71ff6a148b6', '5'),
(45, '86046459a4d436d2b3a912cc1b117f', '5'),
(46, 'e90dc8df8804ae0951bb2b69c27d59', '5'),
(47, 'bdd8d12290ae4f1c7b6019d4896105', '5'),
(48, '01028faffee24e92f4f986156cad36', '5'),
(49, 'fb69aeeeab6ddc22cb648ade8ccf8c', '5'),
(50, '2fef46dc764921de2d744b49b9151c', '5'),
(51, 'e6458784deb29be9f663f9acac574e', '5'),
(52, '54b349dc586b489f214d3e512b5168', '5'),
(53, '7dfcfcce18e2950a9289dbf0d8d25c', '5'),
(54, '42bab274014bdb76216b58bf504ecd', '5'),
(55, 'e67661d48ffb29131fff480cf5fb1f', '5'),
(56, '69cbf74c8af83ab69165593aae3159', '5'),
(57, 'fac1f57f7b8d974961174fe2d3cd2c', '5'),
(58, '95d3e1e2c500e86dafaef16c0462fa', '5'),
(59, 'd8d8ee086c80d56d3a6876d6bccc4b', '5'),
(60, 'e02bd01ffdf27c2cadb31100e15214', '5'),
(61, '31f0e9260c7df8a0d7d867f4f6db0c', '25'),
(62, 'cca2aff78be54025c66ab89ba8f5b0', '5'),
(63, '56719cb90f3d39c9de23c995144c4f', '5'),
(64, 'd6efb8b20180b49e7f516cf2ef5528', '5'),
(65, '0e238f72911f20386b743c7c9d65f6', '24'),
(66, '896c568621b931808dbbb6d6093578', '24'),
(67, '3fba8c14b2aeecf6975e4ae73bcad4', '24'),
(68, 'ab3a091ff173eecc7bbf9e22acd4dc', '27'),
(69, '1077a4265e2e56c8892343f74d59cf', '27'),
(70, '2502dd6681725fe14e673ade6ac908', '27'),
(71, 'e3d7560266757526808f620e19ac37', '27'),
(72, '9c4606c640dfea68ffc9f3a9ef3718', '27'),
(73, '017d45eb71a7cf48e89e96c09a9177', '27'),
(74, 'fd2410a49f4c826f5943b0f1883f26', '28'),
(75, 'd5e303d10cc018cadaf0bee36772bd', '28'),
(76, '26f23ea3ae95416e0e7b8679a573eb', '29'),
(77, '860602241498899c136a0be1c48796', '14'),
(78, '32dedf048c9d047d37c37a3951958b', '14'),
(79, '5737a55288d94cf26ba3da1ca8b9e3', '19'),
(80, '2d637a240776b34327c087254ac0d4', '18'),
(81, 'b03e720f64b686bf4d90a52e17b1dd', '18'),
(82, 'd5b7a5e2475fbece4ffe0be6702c81', '20'),
(83, '3d73b6c9541435f3fda260bbfa651a', '20'),
(84, 'fdb271735a9b4d84270bcaec42ef96', '20'),
(85, '7e5e925e9da324a51a156a70784d88', '20'),
(86, 'eae9e7b61981413bb7116470d5091d', '20'),
(87, '8f04b43778490f576c06e741453dd5', '22'),
(88, 'de99748ce528c346deca511a1b3d85', '22'),
(89, 'e5ab8f20e0915cd9e7ef01702540e7', '22'),
(90, '236a22f4fc8a1bf0298466876a97f9', '2'),
(91, '7da0edcf36daf9ab245509e951158e', '2'),
(92, '93a7f10fcc0a02e8ec7ecc1c60d279', '16'),
(93, '08f3d61f29dac577333d44ebed1e32', '17'),
(94, '2c796236f788d23ba523e97c70e88f', '5'),
(95, 'f0207f3b801a7e3368c0a828fb3d3e', '5'),
(96, '6f7506635c93d5b355e5aa31672c65', '5'),
(97, '4b821486a36d3aab06f90e092af0b3', '20'),
(98, 'b9abd79d0a0aed8ae42b607a9c7938', '5'),
(99, '5005ea1d98289fab68902a686fea69', '5'),
(100, '5005ea1d98289fab68902a686fea69', '20'),
(101, '8fdb0b63eec29f539dc32ffd1a1509', '14'),
(102, '326c83f7126cff3f46a428c227d2d7', '14'),
(103, '50084fd362e647abbf0942405ca2cf', '27'),
(104, '2e4c02adfda7e94c0d71e5058b9ef7', '5'),
(105, 'b4a055246596463519701c4ca141cc', '22'),
(106, '79633a23508b7ff9d86b31432a15e0', '19'),
(107, 'da281c14b0be1110e99349fb1f354b', '14'),
(108, '8ea9790360f321abc750ca7f4d96c4', '6'),
(109, 'e0490a570b5e1223a23d94091289a0', '5'),
(110, '6163299f16191a66eecc2ccb8f38c2', '19'),
(111, '3fe58a71abe7de689767e82a35f418', '3'),
(112, 'cdfca17ed73e763b67a42703ce9cdc', '14'),
(113, '4bd07710b6f1a1fcb74b8235e30834', '20'),
(114, '199970a4bdff19990d0061689b3423', '28'),
(115, '1923a58d336afa30e00dc371a3f64e', '13'),
(116, '37e406273898e5eb6298e2469898a0', '16'),
(117, '8fe575d7482715a5790cc2c87c1264', '19'),
(118, 'fc9fcd52a0e4b1d860c2742adb6aaf', '7'),
(119, '8bc46e116096c00ef83e4ddef4ff12', '7'),
(120, '9bcae040a95535c1963b53b01b87f5', '5'),
(121, 'd3c3415dcd81617d0ea1644bfbd21d', '16'),
(122, '41e8c3d77624b22330e561ce804d26', '7'),
(123, '4b6e23d04e6cc37cd5a098783d80fc', '6'),
(124, 'fce2ec7bdee50b2789822a3894561a', '3'),
(125, 'a7bda61e9b0583eb1582abeef73eea', '2'),
(126, 'ce619e961ad147d595a2f79a4290ee', '3'),
(127, '5514cef1bfef9f5e05d6da321e4c7e', '5'),
(128, '5764ef9b2a1adcd69c6d468b99f2a7', '5'),
(129, 'd71f5994ebbacdb9b03db70a3ffa94', '5'),
(130, '8a25f4d8d3083079b926f0e1339e37', '2'),
(131, '707f2d72f3e527e9a5206da3a3c737', '27'),
(132, 'f42a605796300f858b9e0189575aa0', '14'),
(133, 'a7c44d33cd577388da11c439f7e922', '5'),
(134, '4d4340cb8767ab4c72abd562ac970a', '27'),
(135, '193d09bc9a61ac72dbbca3597a49bb', '9'),
(136, 'b22d669cef874c969d7162fb4beb51', '7'),
(137, '829882f7de5fcb3bfde2d240b6312a', '20'),
(138, 'b56287bdfde66baec63d452786622d', '5'),
(139, '92f8a77b94c3f3d04ad2bf72bd417c', '17'),
(140, 'ee094f05cec62f3c3da4b05f82ab51', '7'),
(141, '3bd1a77fbd88532e38e64d8a71414b', '6'),
(142, '84867d62996608bdfedcbc3a0c353f', '5'),
(143, '40f7fc5275bb36848be23fe12be335', '5'),
(144, 'a92213024ab97dbd869aaf9d560408', '2'),
(145, 'de973ca31b5959ad183c303fdb62a9', '8'),
(146, '4f1408053eeedda0c6eee8882c8318', '8'),
(147, 'f8e8d81896fa0a92accdad12d94459', '8'),
(148, 'c1238b6aed207d49005016b1fa7be0', '8'),
(149, 'c06afa7de1bf20c508d2940b4798c1', '8'),
(150, '26d1d59bc2aac3e0e9d53ad0235083', '7'),
(151, '0511d6c150f229e54667f4bb6d801d', '7'),
(152, '5050abbc1b80804e58772441caeb7f', '30'),
(153, 'ce3d96ccf4bb448020e8ec143b45ce', '20'),
(154, '21ce93f5ae989c03ca9c3dccf7f5d7', '4'),
(155, '44430cecde0dbfbec59a4a13fc43c2', '5'),
(156, '71fdea8ddb225f804b522cfa8d70e2', '5'),
(157, 'd21c1ed320c0fde9a9086d0c4a6fcd', '5'),
(158, '0c983cbe7401c0bc8fe91b2423dd36', '3'),
(159, 'ae31b459464538a887d72be0d1e8fc', '3'),
(160, 'bb77bc83d0b8ab9f516fcc05cd340c', '6'),
(161, 'c888172d04bd811e5ade137488fe55', '5'),
(162, '3a5f7ae088c718d895047130af4d21', '19'),
(163, '845bb43c6721dabab3b51d9a8784ad', '3'),
(164, '732e827bd236eed305a747da50714f', '5'),
(165, 'f3c49f6b822043dce703bd01321446', '6'),
(166, '6023c15c6d4f4922811b862f2f371a', '20'),
(167, '6ad5d0bf07a77b39eb34b40c67fa78', '9'),
(168, 'bd65673e22340815621a1931296bb8', '22'),
(169, '82045416e2bd8d749cfbb642740eaa', '6'),
(170, 'aecef1ac477090732d75d63907f49a', '5'),
(171, '28215a5fb6e06eb58bc8b712099eea', '20'),
(172, '8d9744dfc2cbe5fe545ab432082461', '5'),
(173, '5bd45cc9ca5054585d86a043093e6b', '20'),
(174, 'db0dcf12cae2ebb9eb1105852447a8', '20'),
(175, '54a51cbaf9834ba11b611d47430ba9', '7'),
(176, 'f36376cffa810e9c1f3ee37074ea07', '24'),
(177, '37eb82c6aadcdd0f7779307815ee53', '5'),
(178, '3a65926f3d86f6573c66044fcf3b0e', '1'),
(179, '462566a1a13501b6302902b1adb1ba', '8'),
(180, '25d316636b6c2beb82587493f85fc7', '8'),
(181, '8c1862471c1931ab0786d9510af78e', '27'),
(182, 'e5ce6287e19d16975e375bcbea1aee', '7'),
(183, 'd68b15a68763204acb4b5aad9378cd', '1'),
(184, '9a45f2ef0775851dcbcc4857f1382f', '7'),
(185, '1e666a92adb3a460bd15e1efee8b6a', '17'),
(186, '51f810d506b055fc85f76fd9202110', '2'),
(187, '58028a776ffe7b6c154b18a5d09ddb', '1'),
(188, '3e648ae758999617afb05b93aabf11', '5'),
(189, '4b0ad847dbc556f8da9ab085ed2e0f', '26'),
(190, 'e6dcf43566a03a0d6e7a5dbaf4b7d9', '3'),
(191, '01af20374abb6873f807d1e4394498', '9'),
(192, '11d30ea8eb70b3baf00c810fc7312e', '8'),
(193, 'c8e7d5bdfee1cc4f164a36195e6e98', '20'),
(194, 'ad1eb087618e459130db7253360481', '3'),
(195, '59d3c3693bc06c8c3a867d8b586393', '18'),
(196, 'd070828d2053e69eba09f5d0a4e9dd', '18'),
(197, 'd51cdc631afe261fe7eb9a89b2c02d', '18'),
(198, 'ce598e82ca3b5a8221ac0262411a47', '18'),
(199, '42d738bf0cfed30c2489ebe79136eb', '20'),
(200, '5a2a806cf5341d3f1c2656dc570888', '22'),
(201, '6ba81187d29fc33030ef2ca9c29b3b', '20'),
(202, 'baa5e77607a200ea2edce74e04415c', '3'),
(203, 'dcc6eb46d8f891f8951e70b7a1eb54', '16'),
(204, '675516337c64ff1d6072d9bfc298dc', '20'),
(205, '0cbecfd9d62019ddf5e71bba009c51', '1'),
(206, '12cd252a3abbac361852daa118431a', '21'),
(207, '2f40d18f60b21a9e368b2ad2349e93', '18'),
(208, '6765efac431a1c4e171b935f4a1a56', '7'),
(209, '54821f8a6f7c57365b0150513ae0b4', '19'),
(210, 'f808ec1eba3df99de099f9445d423c', '9'),
(211, '19eeb11e145e7494345b431a13df9b', '6'),
(212, '94e29cdd2eb29f82827e2fcaf3c690', '7'),
(213, '974629429d113581c19c2f5fa59a97', '3'),
(214, 'c2b5c02dc17e3402db964ca695aceb', '9'),
(215, '5db0ff46a74943a9e32bce3399a687', '6'),
(216, 'a6a663d3cc1ae701ab4931f1e83830', '2'),
(217, 'f25fbf42a9caa6f2581448f69c01eb', '31'),
(218, 'afb111a024e9a79209ed4e6d056a27', '9'),
(219, '32bdb632ab19e4f42e44a93375c3eb', '20'),
(220, '1fa1afdd56f4811e309cae7a671e2f', '19'),
(221, 'de7a888980a3356da4295c8e5e8add', '1'),
(222, '33011a82edd07e269be7ff3fd9590d', '1'),
(223, '6ecb03bfd45d0645d1fde231d89a62', '1'),
(224, '7c0bd55cbebe2859a1d88e3d2a38e0', '12'),
(225, 'ec560614c5e8dc5bebf9689278e3a2', '14'),
(226, '9a19e442b8b031dcf3a23f9282c2da', '16'),
(227, 'eb15ede4232f00c71df3482130ad8c', '28'),
(228, 'd1aaa592bdf1a743a1bd9a576f29ec', '1'),
(229, '1de429e92551f7c0dd3b546068b822', '28'),
(230, '13cfebe2e017b57f55801e09cfe45d', '27'),
(231, '59c6fd70af0206b2277c54384f01ec', '26'),
(232, 'b6a404643dd57172d9e4253cb8bfae', '28'),
(233, '18fdda46ab7c0465eec66ba45cde7e', '28'),
(234, 'e5f2825edda7a28407a55bc337e090', '1'),
(235, 'e6d990559e6a8ec84ccfaf49682c5c', '28'),
(236, 'cab929cf111c31df92fdad9aa3f06c', '28'),
(237, 'b91c18224e6c68b40db385c8d23710', '28'),
(238, '2dc2b1c38d9892025fea698cce8f7e', '28'),
(239, 'a3198369f96f4917031823192d89f7', '28'),
(240, '4a2123e54c3aac2487462824cd0ffa', '28'),
(241, '9c04a1976796a3a97bc08a3cc23d4a', '27'),
(242, 'e4016399298f520bdd466fcd7edc94', '19'),
(243, 'd7035254ed8b2d35415958e7e99823', '27'),
(244, 'a8ec5177d8513a5d752780467be19d', '6'),
(245, '59cffc379415c54e5cb3cb2b450bc7', '6'),
(246, '80d90a94195872a9631add572b2709', '9'),
(247, '8139393b656ee4062ddd0d7a9547e0', '9'),
(248, '128015c57a5dba5b9fe7a6fb4b898c', '17'),
(249, '47f72f1f67f98112ec72ff81c12bc3', '9'),
(250, '4707ebe0c84ca3d166b6b47dcbe3a3', '15'),
(251, '75a2c6bf3b9e9e53b171e0f6a47b9f', '24'),
(252, '18f7c0a03953c5e9f997f1591203cd', '16'),
(253, '2e95b24dcc881e196be3fd92fea679', '19'),
(254, 'f945764e63f9a94800dd65ee6e6085', '9'),
(255, '16c2620fb850760801a1724e181c11', '5'),
(256, '13df50b0554a87b171d4f4cda5f113', '27'),
(257, '457ebe570f4a355fc5f82858b9a444', '16'),
(258, 'a18553692d24fc3772392a6f738303', '16'),
(259, 'bafa73da174bb8e2d9e9722fc50e84', '16'),
(260, 'fcde54e0cffd9fb756016a18a50756', '8'),
(261, '00f94e5bdf79a5144c02eed1f6d077', '16'),
(262, '2d1e11cec4f2214fb9c2c8ef709c02', '17'),
(263, '2b59dc44b9133e4b4e1f1437053d6e', '16'),
(264, 'f2c8032aa7b21ca2e8b8adc2fe0e1b', '16'),
(265, '827422054134ecd571aa931a6fdca4', '2'),
(266, 'eeb945be592b97691a8d610c33308c', '2'),
(267, '41b9b35fe7254dd5caf041df49f7f3', '8'),
(268, '52b121826ed1bf85a8a192691613e1', '5'),
(269, 'ffd90a5e162662ee1b65cd7cdc8699', '20'),
(270, 'bc2b292ad45350eab61fef59b9f983', '1'),
(271, '2c899ef1fdf1bb392385566f3487cc', '2'),
(272, '87273726498345d2bd2a9adefce682', '14'),
(273, 'd7fe48c1ad5a232a1d6dda415a2390', '24'),
(274, '7dc8d289f4d9fa3ad0f9ecbb8a0060', '19'),
(275, '05a39e8fcee1226a6d590db56189f6', '19'),
(276, '0a1129ac1c39d079ec045145c50649', '2'),
(277, '4c88457f84a0d5a0d8c4d2af6a9674', '14'),
(278, '14f364abfcd8010f83b6aacdee6995', '19'),
(279, '55544d89c6a0305e0f1f405b2f6466', '19'),
(280, 'e72611e57a81d49e058f28dc9f2809', '18'),
(281, '08340aacbca9e01c2b82455b80d125', '19'),
(282, '8cdcd44411b82281eb26dc83104d6c', '18'),
(283, 'a660a91fe3dde086b39bb44a59a5ed', '27'),
(284, 'e0aaa02b57bc7c654758fd490d1b76', '1'),
(285, '27b5f68542cb8174cc19b57099bdd8', '17'),
(286, '5a757cf41c6fcf90b69a32bc3d776d', '2'),
(287, '1be1d068e0324f52c19b6b1c7f8518', '28'),
(288, '4d2a8e91dd2f2087735fcf11bd0c0b', '18'),
(289, '51f274e1808d3c5e69aead5e6f57de', '11'),
(290, '21b5b36cbb77bac74636daf8151b09', '16'),
(291, '5837c8861aa1089bcb0bc5f88e4ac9', '18'),
(292, 'a0952a9b3db0be0f9445d00f5b856e', '16'),
(293, 'c8401468ee3daaff9e73970bd891b1', '26'),
(294, '2c796236f788d23ba523e97c70e88f', '26'),
(295, '3990e8aba7233aa1af00a4ebe03608', '19'),
(296, '18dfc861940706d7c704e2fd8085fc', '16'),
(297, '123fd39bb73bb0c09db85828555b92', '5'),
(298, 'da9ce7da009f3e79ac18ef50cf48cc', '21'),
(299, '3f7225af32410dc90239941bae5848', '20'),
(300, '16723a7541611edfb3d5badc0af9e3', '16'),
(301, '1af155d58802f58ac31d60e1585cc2', '14'),
(302, 'c65c07c61169e4fc8e0d3ea93daaf5', '14'),
(303, '8438da6e541086df10a15fdcd7e159', '19'),
(304, '95ae8c478678ae968bf3a28616abb4', '2'),
(305, '92a83df89e9397c09be430212d3cd5', '2'),
(306, '33ef24cd6308a110ea9952889c2efd', '3'),
(307, '8d83a481ac82d9516ec7dab08e17b4', '3'),
(308, '2a8f68ebf7c719e736738d471e23d4', '18'),
(309, '2cb410143ed0ad1cdb05c8571403bd', '3'),
(310, 'c9938e3495a9fa3cbc25c941ca79c3', '14'),
(311, '792e4c30132b82ab2fbd5f5ba3241c', '1'),
(312, 'a4f7bb8597b08e449bb0979d6e232b', '28'),
(313, '13eb55f6a98dcd4267de8cfbe73e6e', '28'),
(314, '6e20bd405c36796b72978a875ac375', '28'),
(315, 'c8f007adf016c00ae112ffc2720c99', '19'),
(316, 'feb8e2131c4bd07095fdfdde4a0908', '19'),
(317, 'e84d479d9ddfa2a8999d0481062066', '20'),
(318, '051dee8c1026f63da627d3d3aa40bc', '20'),
(319, '60632146a4be9a28b0515478e75309', '20'),
(320, 'd137369c363383593876afb4659863', '14'),
(321, '92ff3824167d5713137205833d3552', '14'),
(322, '50d42511246ba8a45d149a8f7fb0af', '14'),
(323, 'f9d89b7654bc733ded8d9d338f811a', '14'),
(324, '2a648947b9771256cc2d4c0b3407b1', '18'),
(325, '1477b8ec7fdb7e552489a8c71345b2', '18'),
(326, '0412dabe9ca8ad642cc5d4abd69427', '18'),
(327, 'f472315f7ec04311fabffc26fca2f4', '18'),
(328, '6ad53a57192c2fef1abc53acc86af8', '18'),
(329, '15793be051891918cab66f648918f8', '2'),
(330, '0bbe044c197a6352879c54c9787548', '17'),
(331, 'bb1e5a98771ba7c2483cdb629a94fc', '17'),
(332, '559f3537f15929770f6df5cb338dc2', '2'),
(333, '9a7b60e06ae7b43402ee2971157eed', '18'),
(334, '2f5c639d44c37d33d7509b60721c9d', '17'),
(335, 'ab6ccd17455d5347c49606d641e0b2', '16'),
(336, '7ec59cc838ebb4ed1037eb76a643b7', '16'),
(337, '8df36f8e628c6f25d2a15d2b993f48', '27'),
(338, 'fcfd8eb78fe690d058e1fcdc430ff8', '2'),
(339, 'dde3f81dffa7010d2364baf8c1deaf', '2'),
(340, '935d8d9a9954ea44285f1dab65e94c', '17'),
(341, '187f30e25a78d1876846cb1f2091bc', '19'),
(342, '45a0815c5d10b4e3fa496921af7f04', '1'),
(343, '0913ecd367a778577bbbaf7caf29c6', '19'),
(344, '18fb07665522c080100ae0e5c9e3d2', '16'),
(345, '1c50e87b1f4fae4eb3caf1ff287b9a', '1'),
(346, '39bf785e6da5601e8b3470b04c749f', '1'),
(347, 'd2a9ffa40c76e78e0075cd1caccc6b', '19'),
(348, 'b0c03ba4e6e6cc1ed0d4ef88ce4511', '6'),
(349, '84425bf89c0cf00a68975c818be250', '2'),
(350, '8dc8751d4f8df598b08e887437b42f', '19'),
(351, 'ca422f1a8324da60ea54a741d63228', '1'),
(352, '5fa1aeb06210c26d16f9e80be3568b', '2'),
(353, '1be95e460c09d1e9c1046ef45594a7', '17'),
(354, '1430f9803e679f2e0fb0fa3625375a', '19'),
(355, 'a0e3d934e7f24751c2712c073ea8d5', '32'),
(356, '496aa6ee58e8968bee5eace4d54ae0', '23'),
(357, 'a7f3cc3668d2154e480c2ade8030de', '10'),
(358, '2a29e2d176a3baef5dcda80e9c7af2', '33'),
(359, '41f4267d823bf5a80ddaa7a5288180', '17'),
(360, '0cc28f9dc8bc4eebbc22bf75d58e6d', '28'),
(361, '659738d80a65c0d31c0f9dd374f5c7', '6'),
(362, 'af413606d4f246003dced03f34d5cd', '1'),
(363, 'f71e127aebc93161629d794cdfacf1', '1'),
(364, '875087264b3d4b3d71bb5c1e46f8f5', '27'),
(365, 'c499ce94e4d7bbe9f65a178e764a73', '14'),
(366, 'c499ce94e4d7bbe9f65a178e764a73', '24'),
(367, 'b707d3b07d8df33c4bd99bd62e8fb1', '19'),
(368, 'bf27a745fe197c54f741c616bb9c7c', '16'),
(369, '2d6ea62247b380600e2aa039ff506d', '18'),
(370, '6bf06c046bc3a3821d5686cc0dca51', '16'),
(371, '496198828a1fbaf9b719e013dd1c9a', '1'),
(372, '9f2531b59a851b812c99e15a931c7f', '6'),
(373, 'd43738f497239efb2546d68734fbf0', '6'),
(374, '2029de72572ab09cf4caa96f333498', '6'),
(375, '7ffb2f3c3c895282153587ebd819c0', '22'),
(376, '51a8599027048497a5eaade55a3bf6', '19'),
(377, 'd882121c42997da4823d795cca45a2', '16'),
(378, 'e4bfae8dc182e22b6eed700d35b98f', '2'),
(379, 'd3c71e41116c290896cfd83061e5a1', '16'),
(380, '8d5548eba938b6a24bd923f86fa6c2', '1'),
(381, '690eb06bc4336113f3b430e72f7e4e', '3'),
(382, 'c8e5e4b723bcb5d4010a799f9a5ce4', '16'),
(383, 'c176b822650fbe0e2f632f8e3c11ca', '14'),
(384, 'e1919f1f8fe4072d5f31c04901764e', '14'),
(385, 'fd64e0bcce2bf4a7ed671da4fe185e', '22'),
(386, '9b1cd5fb85aca27b29494627bfc18a', '8'),
(387, '4e8b3f7ce1cba7cfd73052b9417248', '17'),
(388, '0343ccd1c08b7020d44a948d1d0aaa', '1'),
(389, '80567ebccd219ecee3878aacb15eaa', '7'),
(390, '0e11fe4470d395acb0a6a68a92f487', '11'),
(391, '82299a3819932416922ce775caa51a', '22'),
(392, 'b8b8695010d962a5c88c79ad9609ae', '22'),
(393, '1aeaeea4ba0f715e0d77a9b34934c9', '20'),
(394, '5727cf9b973149db4551850a8ad163', '13'),
(395, 'b9142b7911b925b57213fec007dc04', '20'),
(396, 'b3133022282dfbb4f0356fb07d2493', '14'),
(397, 'a42dff34cdfaa3c583b5579be52422', '16'),
(398, '58ed417049238bd662848501b8834a', '16'),
(399, 'a1b366d39371fea2b8ca0c704fdf2a', '20'),
(400, '0c819c257a00bba460c39f87eecdab', '8'),
(401, 'cec93f6d53720987c6be4df60bed60', '22'),
(402, '8b6d248aada460ca48ea52c0701ce3', '8'),
(403, '8e0a6f5d78b253153d77826b4b10a5', '16'),
(404, 'c337dc228ee2745e479087e3e87fb8', '28'),
(405, '36352643062a3a51c8a914d1f7eb75', '35'),
(406, 'e8231066bd2579c1d60f73473201cb', '20'),
(407, '48a6a4f29a74160bd18dda0f223306', '14'),
(408, '20fde529b852415c382a23989bb213', '6'),
(409, '85294e9378ea135bab3e4a418700c9', '1'),
(410, 'af4bd25c0358dd60fec0fee6c86edd', '18'),
(411, 'bdee913b6deab4736cf058c658286c', '1'),
(412, '5e6a6ff521674c6f2836862bab73b9', '6'),
(413, 'a45521250d11dd02cbc990942870f4', '6'),
(414, '640f6ebe151a63509d89500c31bf22', '16'),
(415, 'b8e95e320a17fa1cf12a5fca056f52', '4'),
(416, '4819e6f92805d22a9b13da8f751fc1', '22'),
(417, 'dd97382d62a0527b996b39b5d06647', '2'),
(418, 'e3ea3ffa3c8b0a365d3838366bdb91', '20'),
(419, '4e0bf8e1ee54e2dfede61944b7d80d', '20'),
(420, '15e382acd287cb73fd7ba8355f1c56', '22'),
(421, 'e7743c9c2f5a0b28f3f2a9243e8b3f', '7'),
(422, '1b9ba3e56188893021a8b1af40024a', '13'),
(423, '81152ae1a96845f55fa74d37f6f43a', '14'),
(424, '7c9b754373fe48c5e0ee3cc73ea220', '26'),
(425, 'abc9797c6d8095e59e4f582e9dfffc', '18'),
(426, '87e6497bc7b972f01cfc91914a0c72', '20'),
(427, '6c67893286a017153f9f8ff78b5f2a', '10'),
(428, 'be2e68af80d336fae9561f922bfb7a', '16'),
(429, '92e0189ef7caff2c181b884f1474fc', '2'),
(430, 'a2773f1d488eefdb39e8d99767f9ba', '1'),
(431, 'a4e82e2cc20cdbfaeceba29a19c95d', '30'),
(432, 'a3a0ca5b37b680ddb28b45ba03614e', '1'),
(433, '8cdb796e435742b1c4971c1c6cb0c5', '18'),
(434, '9549cebf5e396c17ad435cce9df011', '15'),
(435, 'a02c31a16fc1e9c9159f1a5ee5c9eb', '20'),
(436, '8b726d0d097d5d7322543c5b5c1cf2', '5'),
(437, '2e49b7e8839806dc0a2f68d82680d4', '20'),
(438, 'b61324d0f492a93469f6f74a2b7355', '18'),
(439, '634fe4bdfad463d321c5c79cc7b431', '7'),
(440, '09ea0266ec02a3f9e27f63ff7107dc', '18'),
(441, 'e3d6ac5a00608c9685262ddfcbd217', '17'),
(442, '711d39150eacf1881ae12757346eb6', '7'),
(443, '09202e53658cffbb0ab018abc912f0', '8'),
(444, 'e7bdef8861d339e57e1f4a55ab38e9', '6'),
(445, '93b77c7a0f9384104cc08319439a80', '8'),
(446, '11bfca21e57b80ef6f9232345eb9ee', '18'),
(447, '01be5ff368c102653bb6a94b37cf8c', '14'),
(448, '3e4da1f282ce355218ea78d3ddd1f8', '5'),
(449, 'abd83c8eed35512c810ad6ef91c2f2', '25'),
(450, 'd84ff1cc74862049c1f3a293f6aae9', '5'),
(451, 'e04271cc523852cef38b7034310a10', '26'),
(452, '3680cfec3a9a944926ad43671b383c', '26'),
(453, 'e8622788c55b2989681380d2bda203', '5'),
(454, '21f65b76c678f56080a412ad291cb5', '5'),
(455, '183f70f034c1b9dba9ba7cc824cc6b', '5'),
(456, '5225116e65acdd96173061bb8075c2', '5'),
(457, '0591336511df95eb2ba9f0e01e847d', '24'),
(458, '5a3bb4b06bbcec4e8284f9028873b3', '5'),
(459, '1ccc2d9fab7272d554302d065b4b00', '24'),
(460, 'eb37c729d01f6542dc2852c88fbd6d', '24'),
(461, '32c09aba5540b779f05920a6196b97', '24'),
(462, '811868ad1ef167262f701a3e360d21', '24'),
(463, '088efbb41d103b1550c489bf64a733', '14'),
(464, '07b91482ddef9df51ead0ad29740e4', '14'),
(465, 'b42f3912cebf2f88a693c579ed8c78', '14'),
(466, '9db41ad694309eadfbe38dc3cd79e2', '14'),
(467, '5c87825f073f594f0459938f19992f', '14'),
(468, 'e30edae068cb3113039ac6ae4eb707', '14'),
(469, '6d437a30cee625a7564f426fa1fa54', '3'),
(470, '14cb35d81788c2093a5019880f4f12', '14'),
(471, '914963d16cfe9f6645f62c8be9d7e4', '14'),
(472, '94d569521f14c5dc46f64682c3d1e5', '19'),
(473, '5225116e65acdd96173061bb8075c2', '18'),
(474, 'ee20ac26b82cceb6b295ac824bda2f', '20'),
(475, '2aacdcb40712b114ceb6d32f01c777', '20'),
(476, '31ef63f84d04afd04ccd84c0ae2a62', '20'),
(477, 'ed83a81a2c2e8700b55b4946348e4e', '20'),
(478, '4aa80313a6a7695e3e77a5f187985a', '20'),
(479, 'e98f424b495e9223893be2053b30f2', '20'),
(480, 'aad299b8771c37fa2d6d5378a862d1', '20'),
(481, 'fc0571fab6da12f58186d112f15d3c', '22'),
(482, '309cf2bcb6c1022aed02b58f86108a', '8'),
(483, 'dabc360a95084422517d2ce46019e3', '8'),
(484, '2adb5180f6c0e8a5175c6dcc3fd4ed', '11'),
(485, 'd2a480a39e771b2c8f72aa1581a83b', '10'),
(486, '5f878356732ea7d365bacbd8d564a3', '7'),
(487, '5c79d009ee17bee6783e024db7194c', '7'),
(488, '2bfbbe091b30360536ba01ba4352c8', '7'),
(489, '0f342ca0dcfa467916ca7bfc0f982d', '7'),
(490, '137f643ca93bfc012cc012038ba0c2', '7'),
(491, '9c67c3fc2b059efd73b98d73af62ad', '7'),
(492, '8753bd57398d5621100513cd44ccf6', '18'),
(493, '3661aa3c96b529ef110c8a82e6f639', '6'),
(494, '83445470a97f18d2f71ff59df48599', '16'),
(495, '32277e667b29872b588c5fcbf9a823', '9'),
(496, '068124cd55e5f281d0a637d2803470', '9'),
(497, 'd86e74197e816f5798cfa0638d9f18', '5'),
(498, '7902d385ca96400af8033ef55fd5a2', '9'),
(499, '645cacd54e9dadb0aeb9a329e97b96', '5'),
(500, '7db736b43afd4974068864d1c6f4b2', '7'),
(501, '7455e5e4777c470eefe9007e9f2fa6', '5'),
(502, '0da87c161a6f8abdefcc2b1b1620e9', '24'),
(503, '2e4e4a85edc3dd5085028d6d09ba68', '5'),
(504, '1aaa942bb0c5f5f8bdfe370e17edff', '26'),
(505, 'f1bbcd5ffdfcb47f2da78ee9d0c01d', '6'),
(506, '17a653a0e622370eb97b99224d8737', '23'),
(507, 'a3c814c5ba8789ead96568d3aaab86', '3'),
(508, '6529ff82543daacb6edd2eed786200', '7'),
(509, '81216741e14a27c8590f37df76dba9', '7'),
(510, '006f041a64de29e281107c37017bc6', '7'),
(511, '7e3fafabb44e6af0bde979d84e14bc', '7'),
(512, '13b8f64cc38113458bc1f33b8d7b73', '7'),
(513, '819a8bb3be2f87ddace7ea6b5ba156', '7'),
(514, '33396363e184bc3b46dc983163bf13', '9'),
(515, '3f1251a9853224320a1877ffaca679', '9'),
(516, 'e5c09f9e9923a4e94e09d44fc30a20', '9'),
(517, '9300d24b851ae3419652354560d986', '9'),
(518, 'b6d99783528d4bfcd3fb6e276028dc', '8'),
(519, 'dd20770cde650065332379cb8e1354', '31'),
(520, '6ee506643e573c6a349b7a45697d39', '27'),
(521, '607a1c1450174273ec37a94d7d840b', '27'),
(522, '799f5cb57b7b1938f944c5fbe34d7e', '30'),
(523, 'b4a055246596463519701c4ca141cc', '26'),
(524, '6b6212183c5f8ac42e9b83c6bb707f', '31'),
(525, 'b0c4399db74dc5a526550aa70fecb2', '1'),
(526, 'e3a203a5e339281a8149338e22dab0', '20'),
(527, 'fd8ffb0dd44d826d4410c202971eee', '20'),
(528, '375fe2cd1bf493bb1b588ab4b8ea8a', '20'),
(529, 'cff2e0f9879bb5c2a0f5f942d41e19', '20'),
(530, '77626acc3c7b0a0efde2b1db4d7eca', '20'),
(531, 'd36993c67c51974113c64e4ba18bf9', '20'),
(532, '1dfa821c3129075099d9a0c9b182d2', '18'),
(533, '6b0f316d5f5e894d8748a3b8197f83', '20'),
(534, '1c2c921a2e02325d7e7f410d73b98b', '20'),
(535, 'c5d95055dc5ed6bfd4039f3dc7c5cc', '7'),
(536, 'e54f36f3b0066be6b2ca69284770b6', '18'),
(537, 'b63e339f2d863c1661586e471655d3', '1'),
(538, 'e403f2a5f11068c3bb99410ac993e5', '18'),
(539, '32d2d17dd5c242d342be703405df96', '1'),
(540, '414621ca73900519158f0fe647c06e', '19'),
(541, 'b11e8a40bfd6c98caf03b5b137dc79', '1'),
(542, '881925a0af96274fd9315ed0343734', '20'),
(543, '5a8de2e6034d8be7cb76c9127e1c86', '31'),
(544, 'aa1f45c3dad4f77e52e0451f10ec76', '7'),
(545, 'd109b42bd46971557816ae1de87972', '30'),
(546, '8ac34319c97726892705b6526adaf1', '30'),
(547, '199970a4bdff19990d0061689b3423', '29'),
(548, '0f08fe80e032dad7b76ff21236ea4f', '1'),
(549, 'bc537f07182977dd0a41667710b419', '17'),
(550, 'd732c8f35d1d77c206f9d0163255b0', '16'),
(551, 'd732c8f35d1d77c206f9d0163255b0', '17'),
(552, 'cfde06d1f460dcdeea0f2bab99bd62', '16'),
(553, '66edf8e82258e9b25d1bc7f1ec8209', '17'),
(554, '7671cca5235757190f4515d75cc09b', '16'),
(555, '2782451c0806b005a043e42c768724', '16'),
(556, '9dcc769bec447c1bce35bc48422f32', '16'),
(557, 'ddcc11fb50e36bca5869f0882a53cc', '1'),
(558, '69b8d49d319cb7c3b2be742b616cd2', '16'),
(559, 'a8b6b1828caef620187aff6da81e62', '5'),
(560, '9fccf15e10f0b3956f29caab1f2a11', '2'),
(561, '09a7ed5ad4a9efdf779524927025ce', '27'),
(562, 'eb9eac5cf38b42a3958f93f5467c84', '14'),
(563, '12cd252a3abbac361852daa118431a', '18'),
(564, '625fff77fe189c9495a557a3349d36', '30'),
(565, '5196f6c248638cc2b619ca9488e463', '22'),
(566, '7455f5c8ff00975998c79e65faab0c', '20'),
(567, '33076a6876c53f221c853f28a21314', '20'),
(568, '68feff3f8040adb3da2624d82c9eec', '9'),
(569, '80885567c59b19ba3dd14be9eabaa8', '6'),
(570, 'a070578e67a3189b14054c3ba353f6', '6'),
(571, '40d6976e2210ab9ec2902976ce5776', '8'),
(572, 'f21c97857c56a937644842aa728ed7', '15'),
(573, 'b9e36cc2c54346dce7749f932f05fc', '8'),
(574, '25b51a19bc036fca1cda5917a744c1', '26'),
(575, '7b485091290d2ada5f6ab818cd1ca4', '9'),
(576, 'e0f2fd894c22b5836aa3bd8643f268', '16'),
(577, '6b6212183c5f8ac42e9b83c6bb707f', '16'),
(578, 'a92213024ab97dbd869aaf9d560408', '16'),
(579, '544cd69267252dddf93a7d2230c1e9', '1'),
(580, 'f69e24a47b6638bbe9fecf3cc95bf9', '2'),
(581, '135984bc2a07a83a9663f5dba66a16', '26'),
(582, '6422dea36a99f5d1ab1a795c6f4c32', '1'),
(583, 'e02bd01ffdf27c2cadb31100e15214', '16'),
(584, '511afe4543bc3a9fedbdf7f5552d99', '5'),
(585, 'f66fcdf41b13d66bc1209be8310706', '28'),
(586, 'd7a8e3cfc2aaba9a94411d26a02cdb', '1'),
(587, 'a4ae05988da76d71ae40e5f14a85c6', '1'),
(588, 'f00e66a91bcb49334470067badd110', '6'),
(589, '3765f1cc017105cb72528daded7b4e', '13'),
(590, '0d893d681ced4b3281e46ece3bbe40', '13'),
(591, '26f23ea3ae95416e0e7b8679a573eb', '27'),
(592, '45d3d04188e1431295cbb03cb8fd33', '27'),
(593, '652283beff6087f4e8ffb4723946d9', '9'),
(594, '6ad5d0bf07a77b39eb34b40c67fa78', '27'),
(595, 'd0bdbd0dac9f77ab8df4a1a2789304', '6'),
(596, 'bede8d4723f2da0c758871a76988c9', '6'),
(597, 'ac653db8e8fd60cc04d43ff5eb5046', '16'),
(598, 'b0c03ba4e6e6cc1ed0d4ef88ce4511', '2'),
(599, 'c8401468ee3daaff9e73970bd891b1', '29'),
(600, 'ce3d96ccf4bb448020e8ec143b45ce', '14'),
(601, '4a2123e54c3aac2487462824cd0ffa', '29'),
(602, '862401330ea1ad32b9990ae90c0ad4', '3'),
(603, 'e9a271f545063872aa085acb612ab3', '18'),
(604, '331dbe7d0e7bc40deaa318278ef3b9', '16'),
(605, 'd33a8b79443da408ce9287ee3319d2', '9'),
(606, '28cac6b130c9381259cbb02eb6904e', '27'),
(607, 'df222df990480116042fea163d3a6c', '9'),
(608, 'd6efb8b20180b49e7f516cf2ef5528', '18'),
(609, '3a65926f3d86f6573c66044fcf3b0e', '18'),
(610, '1be1d068e0324f52c19b6b1c7f8518', '5'),
(611, '8a4a8d1382e7b663be7781df3a8716', '24'),
(612, 'e7743c9c2f5a0b28f3f2a9243e8b3f', '5'),
(613, '030ddce36e58ce491dec27db973fd6', '30'),
(614, 'b804e5a3bf744776af1ee10c94bfbf', '27'),
(615, '426caf0548db645e44d9084205e744', '27'),
(616, 'b4a055246596463519701c4ca141cc', '28'),
(617, 'c65c07c61169e4fc8e0d3ea93daaf5', '27'),
(618, 'ced5551224c524fc66169debacf4e4', '2'),
(619, 'ec560614c5e8dc5bebf9689278e3a2', '20'),
(620, '4cd6a4a5fd54696a125ea552c5a092', '5'),
(621, '827422054134ecd571aa931a6fdca4', '5'),
(622, 'eac5cb348500ae21b3b4aa5cc56bd7', '30'),
(623, '975dcc3a6e065eb8b2774aaf16e05a', '30'),
(624, '87b8edea5cd560ccf0a86b8dcdf6de', '30'),
(625, '512cd8eedf2a905ddef8e287176c9e', '26'),
(626, '3ed8310a99d191ef68fa981f226b9c', '30'),
(627, '3748ff0958d4c8b2bfb179edc4db56', '30'),
(628, 'e02bd01ffdf27c2cadb31100e15214', '27'),
(629, '051dee8c1026f63da627d3d3aa40bc', '18'),
(630, 'f53a0988c7e63a15045631456caef2', '2'),
(631, 'a8266d827f070ce46356f061458dc7', '6'),
(632, '8dc8751d4f8df598b08e887437b42f', '6'),
(633, '622ae7aa4f8ea0e272a219c0d9b609', '8'),
(634, '5e30f29f74e4c06249ecf8a1e43915', '22'),
(635, '2b69fff8dde9cdb0d0fe310142c67f', '9'),
(636, '50f903c2b3678dc8dca3fd9b78cabe', '6'),
(637, '1aaf9830d8554687f8a3fa46ea66b7', '10'),
(638, '6db74e1e7c4b403d0c2ec37d97dff4', '30'),
(639, '7d65131afd5b26167a6222ac241350', '30'),
(640, '36af1f6365a711deaddb42d2a833d7', '30'),
(641, 'cf7f129293a8980341d87c12e64285', '32'),
(642, '3b70a7c44a23507de15e9b89d62d8d', '32'),
(643, 'f4f24f0201fd2604874768477a51e3', '32'),
(644, '31200f5c2141a2fd0f0dad241e7453', '8'),
(645, '7402d2b3fa79f909b4dac81df2de6a', '32'),
(646, '069a7194a8311bed6aeb235f51e3d5', '32'),
(647, '18c81c9f49b7ec32de1da5b1edfa3b', '32'),
(648, '180049297e646a5a69b6c0724fcecc', '10'),
(649, '340257d718991aae30e1ae51188db7', '26'),
(650, '1a5039af3e47da30b4f152bf84f6b3', '10'),
(651, 'b8a17e8439000d1794cd35a7793e08', '10'),
(652, 'acdb94434520ec65b3662a143d851e', '33'),
(653, '72332cc0c750788b480c86eea0c3fc', '32'),
(654, '5d68e284f776755e9968009f031bb8', '13'),
(655, '1fe53990470e0c9f332af51110fc9b', '11'),
(656, '21ced20f028dd51ef693c1d006fe7e', '11'),
(657, 'ddbb2bffc7de63c5c03b6056c25be6', '12'),
(658, 'ef3bfe76097378c11605f77466d6bc', '33'),
(659, '4e897e2a9abb2ef2d9745096314bc4', '13'),
(660, 'd3783596bb5c13c0622beb91129817', '11'),
(661, '6ed79dbbbbef0632c9dfc5cc4435d6', '34'),
(662, '19a810ba8493552cac4dc52189fb66', '33'),
(663, '267853f3e1acb954942f30436f2b4e', '11'),
(664, '8e406fdb5994f97687ab97ed0e439d', '11'),
(665, '896c568621b931808dbbb6d6093578', '5'),
(666, '22e86a0f6025492bd014e88b1814bf', '32'),
(667, '55f99927638008dc30f935797686fb', '10'),
(668, '44c812426b3d7245c944246e8d8fb0', '32'),
(669, 'fd5f20b96784fdde58ba22d7212cd6', '32'),
(670, '1420c21268040aaa64e54d5536e98d', '33'),
(671, 'f2a57359f047b3eff94fc85c2d4199', '33'),
(672, '5eabc4a20ab3d099f4ce945bed2659', '33'),
(673, 'c65f0fe76f51ce045d78ee49cb0899', '33'),
(674, '08fa7db7202b5fe97bbf3bbce70afd', '10'),
(675, '3d2525903a0fd2af66f154c7ec8f8a', '32'),
(676, '0bba8cca023d047b880db7557e1286', '32'),
(677, 'b179fbbc7a5378fecfccf64816122b', '4'),
(678, '91b8725a48b169710f7163b7d36e55', '10'),
(679, 'f676371414930bdddb50b6f2b83a5e', '4'),
(680, '48ea73238ce5d48e827dc18dab70f2', '15'),
(681, 'b47cff1e43b979d7541051f1105a81', '32'),
(682, 'e163f48e057b26f884e3fbbdb1287c', '32'),
(683, '2a837b787aa516744dd14730894862', '32'),
(684, '3bb5b0499184e3581b1df95dbb5ada', '32'),
(685, '2bfbbe091b30360536ba01ba4352c8', '5'),
(686, '199970a4bdff19990d0061689b3423', '6'),
(687, '2029de72572ab09cf4caa96f333498', '8'),
(688, '69cbf74c8af83ab69165593aae3159', '28'),
(689, 'ed5e02047a34dde915d6afe9784d48', '7'),
(690, '389394382b6f05c6c0a0e3a7c155d1', '16'),
(691, '3fba8c14b2aeecf6975e4ae73bcad4', '5'),
(692, '7dc8d289f4d9fa3ad0f9ecbb8a0060', '14'),
(693, 'd35d7dea273653d0419d09a361f0e3', '5'),
(694, '1cc69e72df680f4899d52f0a258c9a', '24'),
(695, '2f5c639d44c37d33d7509b60721c9d', '1'),
(696, 'a7c44d33cd577388da11c439f7e922', '28'),
(697, '0b48722427a41606fede8bdbf7adc8', '27'),
(698, '2314ecb77b15740c937c37dc7d168b', '1'),
(699, '6a8d20dd78e1d0feb29256ec9c77b1', '14'),
(700, '8fdb0b63eec29f539dc32ffd1a1509', '16'),
(701, '6ea1c48d4e569fce954701149196cb', '19'),
(702, '9e09ee0a24fb595ea9f239ab29df23', '27'),
(703, '1f4a73147e101a38cbc11a192e836e', '6'),
(704, '1dc5429d04c600c3c48b69b6dac448', '20'),
(705, 'eb9eac5cf38b42a3958f93f5467c84', '27'),
(706, 'fff7ed6ea687b7e80169b743d5f2a1', '5'),
(707, '3e491b8b22d7665a4ce43b58cc1f39', '30'),
(708, '79137926a1d923c885589f6bf69c77', '30'),
(709, '4392c038f7dbb526d92fedb3e2e88e', '30'),
(710, '667a6a6e4d0c93523cc48f70cb8f40', '30'),
(711, 'd41d8cd98f00b204e9800998ecf842', '21'),
(712, 'd41d8cd98f00b204e9800998ecf842', '19'),
(713, 'd41d8cd98f00b204e9800998ecf842', '18'),
(714, 'b9abd79d0a0aed8ae42b607a9c7938', '24'),
(715, 'f472315f7ec04311fabffc26fca2f4', '21'),
(716, '496aa6ee58e8968bee5eace4d54ae0', '19'),
(717, 'ce3d96ccf4bb448020e8ec143b45ce', '8'),
(718, 'de072f7118483d8b3ac7bc6848364f', '17'),
(719, '8bc46e116096c00ef83e4ddef4ff12', '20'),
(720, '690eb06bc4336113f3b430e72f7e4e', '15'),
(721, '3d73b6c9541435f3fda260bbfa651a', '18'),
(722, '09202e53658cffbb0ab018abc912f0', '24'),
(723, '26f23ea3ae95416e0e7b8679a573eb', '26'),
(724, '32c09aba5540b779f05920a6196b97', '5'),
(725, '7e5e925e9da324a51a156a70784d88', '5'),
(726, 'abc9797c6d8095e59e4f582e9dfffc', '19'),
(727, 'ab6ccd17455d5347c49606d641e0b2', '2'),
(728, 'c15afca453791950cb6f63daea14bd', '11'),
(729, 'bf93397f5cf5e1a64c057e00e3ba16', '11'),
(730, '28d86f4ef6139bbfd5f05a8abad061', '1'),
(731, '654e0ddb63ceb68767d7822fd09700', '3');

-- --------------------------------------------------------

--
-- Table structure for table `state`
--

CREATE TABLE IF NOT EXISTS `state` (
  `sno` int(11) NOT NULL auto_increment,
  `statename` varchar(30) NOT NULL,
  PRIMARY KEY  (`sno`),
  UNIQUE KEY `sno` (`sno`)
) ENGINE=MyISAM  DEFAULT CHARSET=latin1 AUTO_INCREMENT=36 ;

--
-- Dumping data for table `state`
--

INSERT INTO `state` (`sno`, `statename`) VALUES
(1, '185a5eb309e9ba14f65e6486f08b30'),
(2, 'b7a5ff0ecefaba54702f2798b2757f'),
(3, '948c2afec505f3c617b183f859fd05'),
(4, '8914eb8ef60eae03b098a58782926f'),
(5, '38a727644c1d99c0f1bd02d23d74e7'),
(6, '090c4ca1fcf728daefc0dfe8efb5c5'),
(7, 'e7039c740a5f5bce7f71f05734c9b4'),
(8, '42a4d7336e735a16192d710ff4f1f3'),
(9, 'bf1549bc86ecd68ca4c827c05a1d42'),
(10, '904eb755edd09cbb0b7d500629c6bf'),
(11, 'f7c62d6afe95adb6c6d36c5ea17bda'),
(12, 'e957f74f5d2dedb1d657cf513817be'),
(13, '8303bef7e7f24812435ff15c09e1a7'),
(14, 'a2c2545f22c31ab414ba4b2c508397'),
(15, 'ccd209f669f9b53788c20a9040abb7'),
(16, '24b94a191000b7bdc911b3739f87fe'),
(17, 'a93be50287d5fe8d374ac5e729faf4'),
(18, 'a09fc162715dfc7101a2a8eacc7d5a'),
(19, '1a0042af6400183d97e51e8fcf8076'),
(20, '4caa5d111a2e02fa6f13e01557ccbf'),
(21, '3ad9f7eca0986b668d82cca13827df'),
(22, '69c474f4144fa7b6a7170f7c49a35a'),
(23, '6d4b60d81620763ff1ba653dbf1b2d'),
(24, 'e2d80bfc288c47300fe7ab77e0c1c5'),
(25, '393cbbf2891dfba3b1c833cd94c62f'),
(26, 'adf8eb30955c715c0e17b5b4a163c7'),
(27, '0b2a515d92a2792852ca49f335dad3'),
(28, '8477eaa81cbc6b799d7cee44537fb0'),
(29, '0c46650e889f860169b9eb6d01641c'),
(30, '9e110d7045306c966ac1c0fc017b14'),
(31, '82fbbefda81da16678ee97abf3e98e'),
(32, '286bf4f3ea5d2037254675df0cd970'),
(33, '07c3e4456700ff01f6dfe75c13e3be'),
(34, 'c2f797bd3b7c05d165af83696f42db'),
(35, 'bd24c60067d8e72d30eea8a642d757');

/*!40101 SET CHARACTER_SET_CLIENT=@OLD_CHARACTER_SET_CLIENT */;
/*!40101 SET CHARACTER_SET_RESULTS=@OLD_CHARACTER_SET_RESULTS */;
/*!40101 SET COLLATION_CONNECTION=@OLD_COLLATION_CONNECTION */;
